{"id":769391,"date":"2025-08-28T13:52:28","date_gmt":"2025-08-28T10:52:28","guid":{"rendered":"https:\/\/roveyayinevi.com.tr\/index.php\/urun\/iktisat-ve-toplum-dergisi-172-sayi-ekonomide-ayrisan-turkiye\/"},"modified":"2026-04-15T03:35:41","modified_gmt":"2026-04-15T00:35:41","slug":"iktisat-ve-toplum-dergisi-172-sayi-ekonomide-ayrisan-turkiye","status":"publish","type":"product","link":"https:\/\/roveyayinevi.com.tr\/index.php\/urun\/iktisat-ve-toplum-dergisi-172-sayi-ekonomide-ayrisan-turkiye\/","title":{"rendered":"\u0130ktisat ve Toplum Dergisi 172. Say\u0131  Ekonomide Ayr\u0131\u015fan T\u00fcrkiye"},"content":{"rendered":"<p>Bu say\u0131da: 2025: Ayr\u0131\u015fmalar\u0131n Belirginle\u015fmesi A. Erin\u00e7 Yeldan T\u00fcrkiye\u2019de Derin Yoksulluk: Tan\u0131m\u0131, b\u00fcy\u00fckl\u00fc\u011f\u00fc ve \u00f6zellikleri Ay\u015fenur Acar-Erdo\u011fan, B\u00fclent An\u0131l, Seyfettin G\u00fcrsel Sek\u00fcler, Demokratik Hukuk Devleti Y\u00f6netiminde Dindar bir Ba\u015fkan\u2019\u0131n Ard\u0131ndan Ersin Kalayc\u0131o\u011flu Marx, Engels ve Darwin H\u00fcseyin \u00d6zel, Murat \u00d6ner \u00c7evresel S\u00fcrd\u00fcr\u00fclebilirlik ve Kapsay\u0131c\u0131 Dijital Gelecek: K\u00fcresel Dinamikler Funda Barbaros T\u00fcrkiye\u2019de \u0130ktisat E\u011fitiminin Evrimi: Tespitler ve \u00d6neriler Oytun Me\u00e7ik, Hasan Umutlu T\u00fcrkiye\u2019de \u0130lk \u0130ktisat Program\u0131 &#8211; Fak\u00fcltesi A\u00e7\u0131lma S\u00fcreci ve \u0130ktisat E\u011fitiminin Niteli\u011fi (1908-1933) Ercan Eren, Alaaddin Tok, Altug\u0306 Yal\u00e7\u0131ntas\u0327 Artan Korumac\u0131l\u0131k E\u011filimleri I\u015f\u0131\u011f\u0131nda ABD\u2019nin Uluslararas\u0131 Ticaret Politikalar\u0131 Tarihi Arda Tunca Belediyeler, Sanat ve Tiyatro (V) Sacit Hadi Akdede Ruut Veenhoven (1942-2024): Mutlulu\u011fun \u0130zini S\u00fcren Bir \u00d6nc\u00fcye Veda Song\u00fcl G\u00fcl Tekdal Merkantilizm \u00c7a\u011f\u0131nda Shakespeare ve \u201cHomo Sacer\u201d: Venedik Taciri\u2019nde Shylock\u2019un \u0130n\u015f\u00e2s\u0131 G\u00fcl\u00e7in Elif Y\u00fccel <\/p>\n","protected":false},"excerpt":{"rendered":"<p>Bu say\u0131da: 2025: Ayr\u0131\u015fmalar\u0131n Belirginle\u015fmesi A. Erin\u00e7 Yeldan T\u00fcrkiye\u2019de Derin Yoksulluk: Tan\u0131m\u0131, b\u00fcy\u00fckl\u00fc\u011f\u00fc ve \u00f6zellikleri Ay\u015fenur Acar-Erdo\u011fan, B\u00fclent An\u0131l, Seyfettin G\u00fcrsel Sek\u00fcler, Demokratik Hukuk Devleti Y\u00f6netiminde<span class=\"excerpt-hellip\"> [\u2026]<\/span><\/p>\n","protected":false},"featured_media":0,"template":"","meta":{"_monsterinsights_skip_tracking":false,"_monsterinsights_sitenote_active":false,"_monsterinsights_sitenote_note":"","_monsterinsights_sitenote_category":0},"product_brand":[],"product_cat":[13527],"product_tag":[],"class_list":{"0":"post-769391","1":"product","2":"type-product","3":"status-publish","5":"product_cat-sureli-yayinlar","6":"pa_cilt-ciltsiz","7":"pa_tur-dergi","8":"pa_yayinevi-efil-yayinevi-dergi","9":"pa_yazar-kolektif","11":"first","12":"instock","13":"sale","14":"shipping-taxable","15":"purchasable","16":"product-type-simple"},"_links":{"self":[{"href":"https:\/\/roveyayinevi.com.tr\/index.php\/wp-json\/wp\/v2\/product\/769391","targetHints":{"allow":["GET"]}}],"collection":[{"href":"https:\/\/roveyayinevi.com.tr\/index.php\/wp-json\/wp\/v2\/product"}],"about":[{"href":"https:\/\/roveyayinevi.com.tr\/index.php\/wp-json\/wp\/v2\/types\/product"}],"wp:attachment":[{"href":"https:\/\/roveyayinevi.com.tr\/index.php\/wp-json\/wp\/v2\/media?parent=769391"}],"wp:term":[{"taxonomy":"product_brand","embeddable":true,"href":"https:\/\/roveyayinevi.com.tr\/index.php\/wp-json\/wp\/v2\/product_brand?post=769391"},{"taxonomy":"product_cat","embeddable":true,"href":"https:\/\/roveyayinevi.com.tr\/index.php\/wp-json\/wp\/v2\/product_cat?post=769391"},{"taxonomy":"product_tag","embeddable":true,"href":"https:\/\/roveyayinevi.com.tr\/index.php\/wp-json\/wp\/v2\/product_tag?post=769391"}],"curies":[{"name":"wp","href":"https:\/\/api.w.org\/{rel}","templated":true}]}}