{"id":769385,"date":"2025-08-28T13:52:16","date_gmt":"2025-08-28T10:52:16","guid":{"rendered":"https:\/\/roveyayinevi.com.tr\/index.php\/urun\/beyinden-bagirsaga\/"},"modified":"2026-04-15T03:35:40","modified_gmt":"2026-04-15T00:35:40","slug":"beyinden-bagirsaga","status":"publish","type":"product","link":"https:\/\/roveyayinevi.com.tr\/index.php\/urun\/beyinden-bagirsaga\/","title":{"rendered":"Beyinden Ba\u011f\u0131rsa\u011fa"},"content":{"rendered":"<p>Sindirmek veya sindirememek\u2026 \u0130\u015fte b\u00fct\u00fcn mesele bu!Ba\u011f\u0131rsak sa\u011fl\u0131\u011f\u0131, beslenme ve sindirim temelinde ba\u015flayan, ins\u00fclin direnci ve diyabete giden yolculu\u011fun beyin sa\u011fl\u0131\u011f\u0131na olan etkileri nelerdir ve bu do\u011frultuda takviyeler neden ve nas\u0131l kullan\u0131l\u0131r?Dr. Mustafa Kalkan, Ak\u0131lc\u0131 ve Bilimsel Takviye Rehberi\u2019nden sonra kaleme ald\u0131\u011f\u0131 bu ikinci kitab\u0131nda, sa\u011fl\u0131\u011f\u0131m\u0131z\u0131 etkileyen fakt\u00f6rlerin k\u00f6k nedenlerini i\u015faret ederek iyile\u015fme s\u00fcrecinde kullanabilece\u011fimiz takviyeleri ele al\u0131yor.Sa\u011fl\u0131k, yaln\u0131zca v\u00fccudun bir b\u00f6lgesine de\u011fil, bir b\u00fct\u00fcn olarak bedeninize odaklanmay\u0131 gerektirir. Uzman bir rehber e\u015fli\u011finde, v\u00fccudunuzun i\u015fleyi\u015fini derinlemesine ke\u015ffederken hem bilimsel bilgiye dayanan hem de g\u00fcnl\u00fck hayatta uygulanabilir \u00f6nerilerle sa\u011fl\u0131kl\u0131 bir ya\u015fam\u0131n kap\u0131lar\u0131n\u0131 aralaman\u0131z m\u00fcmk\u00fcn.Beyin, Ba\u011f\u0131rsak, Beslenme \u00fc\u00e7geninde, \u201cAk\u0131lc\u0131 ve Bilimsel Takviye\u201d kullan\u0131m\u0131yla kendinizi yeniden ke\u015ffedin!<\/p>\n","protected":false},"excerpt":{"rendered":"<p>Sindirmek veya sindirememek\u2026 \u0130\u015fte b\u00fct\u00fcn mesele bu!Ba\u011f\u0131rsak sa\u011fl\u0131\u011f\u0131, beslenme ve sindirim temelinde ba\u015flayan, ins\u00fclin direnci ve diyabete giden yolculu\u011fun beyin sa\u011fl\u0131\u011f\u0131na olan etkileri nelerdir ve bu<span class=\"excerpt-hellip\"> [\u2026]<\/span><\/p>\n","protected":false},"featured_media":0,"template":"","meta":{"_monsterinsights_skip_tracking":false,"_monsterinsights_sitenote_active":false,"_monsterinsights_sitenote_note":"","_monsterinsights_sitenote_category":0},"product_brand":[],"product_cat":[20313,13365],"product_tag":[],"class_list":{"0":"post-769385","1":"product","2":"type-product","3":"status-publish","5":"product_cat-basvuru-kitaplari-saglik","6":"product_cat-saglik","7":"pa_cilt-ciltsiz","8":"pa_tur-kitap","9":"pa_yayinevi-nemesis-kitap","10":"pa_yazar-mustafa-kalkan","12":"first","13":"instock","14":"sale","15":"shipping-taxable","16":"purchasable","17":"product-type-simple"},"_links":{"self":[{"href":"https:\/\/roveyayinevi.com.tr\/index.php\/wp-json\/wp\/v2\/product\/769385","targetHints":{"allow":["GET"]}}],"collection":[{"href":"https:\/\/roveyayinevi.com.tr\/index.php\/wp-json\/wp\/v2\/product"}],"about":[{"href":"https:\/\/roveyayinevi.com.tr\/index.php\/wp-json\/wp\/v2\/types\/product"}],"wp:attachment":[{"href":"https:\/\/roveyayinevi.com.tr\/index.php\/wp-json\/wp\/v2\/media?parent=769385"}],"wp:term":[{"taxonomy":"product_brand","embeddable":true,"href":"https:\/\/roveyayinevi.com.tr\/index.php\/wp-json\/wp\/v2\/product_brand?post=769385"},{"taxonomy":"product_cat","embeddable":true,"href":"https:\/\/roveyayinevi.com.tr\/index.php\/wp-json\/wp\/v2\/product_cat?post=769385"},{"taxonomy":"product_tag","embeddable":true,"href":"https:\/\/roveyayinevi.com.tr\/index.php\/wp-json\/wp\/v2\/product_tag?post=769385"}],"curies":[{"name":"wp","href":"https:\/\/api.w.org\/{rel}","templated":true}]}}