{"id":769384,"date":"2025-08-28T13:52:14","date_gmt":"2025-08-28T10:52:14","guid":{"rendered":"https:\/\/roveyayinevi.com.tr\/index.php\/urun\/bizim-sokakta-senlik-var-2\/"},"modified":"2026-04-03T03:26:28","modified_gmt":"2026-04-03T00:26:28","slug":"bizim-sokakta-senlik-var-2","status":"publish","type":"product","link":"https:\/\/roveyayinevi.com.tr\/index.php\/urun\/bizim-sokakta-senlik-var-2\/","title":{"rendered":"Bizim Sokakta \u015eenlik Var"},"content":{"rendered":"<p>Sabah\u0131n erken saatlerinde ba\u015flayan g\u00fcr\u00fclt\u00fcyle uykusundan uyanan merakl\u0131 kahraman\u0131m\u0131z, solu\u011fu balkonda al\u0131r. Sokaktaki al\u0131\u015f\u0131lmad\u0131k hareketlilik gece yar\u0131s\u0131na kadar devam ederken, sorular\u0131n\u0131n ard\u0131 arkas\u0131 kesilmez. \u201cYol neden kapat\u0131lm\u0131\u015f? O \u00e7ad\u0131r da neyin nesi? \u015eu tuhaf \u015fark\u0131lar\u0131 s\u00f6yleyen amca kim peki?\u201dUsta yazar Bilgin Adal\u0131, bu e\u011flenceli \u00f6yk\u00fcs\u00fcyle \u00e7ocuklar\u0131 d\u00fc\u015f\u00fcnd\u00fcr\u00fcrken \u00e7evreye ve g\u00fcr\u00fclt\u00fc kirlili\u011fine de dikkat \u00e7ekiyor.Kazan\u0131mlar:\u00b7    \u0130leti\u015fim\u00b7    Hayal G\u00fcc\u00fc\u00b7    Macera ve Ke\u015fif\u00b7    Birlikte Ya\u015fam<\/p>\n","protected":false},"excerpt":{"rendered":"<p>Sabah\u0131n erken saatlerinde ba\u015flayan g\u00fcr\u00fclt\u00fcyle uykusundan uyanan merakl\u0131 kahraman\u0131m\u0131z, solu\u011fu balkonda al\u0131r. Sokaktaki al\u0131\u015f\u0131lmad\u0131k hareketlilik gece yar\u0131s\u0131na kadar devam ederken, sorular\u0131n\u0131n ard\u0131 arkas\u0131 kesilmez. \u201cYol neden<span class=\"excerpt-hellip\"> [\u2026]<\/span><\/p>\n","protected":false},"featured_media":0,"template":"","meta":{"_monsterinsights_skip_tracking":false,"_monsterinsights_sitenote_active":false,"_monsterinsights_sitenote_note":"","_monsterinsights_sitenote_category":0},"product_brand":[],"product_cat":[12274,12284],"product_tag":[],"class_list":{"0":"post-769384","1":"product","2":"type-product","3":"status-publish","5":"product_cat-cocuk-ve-genclik-kitaplari","6":"product_cat-hikayeler","7":"pa_cilt-ciltsiz","8":"pa_tur-kitap","9":"pa_yayinevi-masalperest","10":"pa_yazar-bilgin-adali","12":"first","13":"instock","14":"sale","15":"shipping-taxable","16":"purchasable","17":"product-type-simple"},"_links":{"self":[{"href":"https:\/\/roveyayinevi.com.tr\/index.php\/wp-json\/wp\/v2\/product\/769384","targetHints":{"allow":["GET"]}}],"collection":[{"href":"https:\/\/roveyayinevi.com.tr\/index.php\/wp-json\/wp\/v2\/product"}],"about":[{"href":"https:\/\/roveyayinevi.com.tr\/index.php\/wp-json\/wp\/v2\/types\/product"}],"wp:attachment":[{"href":"https:\/\/roveyayinevi.com.tr\/index.php\/wp-json\/wp\/v2\/media?parent=769384"}],"wp:term":[{"taxonomy":"product_brand","embeddable":true,"href":"https:\/\/roveyayinevi.com.tr\/index.php\/wp-json\/wp\/v2\/product_brand?post=769384"},{"taxonomy":"product_cat","embeddable":true,"href":"https:\/\/roveyayinevi.com.tr\/index.php\/wp-json\/wp\/v2\/product_cat?post=769384"},{"taxonomy":"product_tag","embeddable":true,"href":"https:\/\/roveyayinevi.com.tr\/index.php\/wp-json\/wp\/v2\/product_tag?post=769384"}],"curies":[{"name":"wp","href":"https:\/\/api.w.org\/{rel}","templated":true}]}}