{"id":769360,"date":"2025-08-28T13:51:17","date_gmt":"2025-08-28T10:51:17","guid":{"rendered":"https:\/\/roveyayinevi.com.tr\/index.php\/urun\/duaniz-olmasa\/"},"modified":"2026-04-15T03:35:40","modified_gmt":"2026-04-15T00:35:40","slug":"duaniz-olmasa","status":"publish","type":"product","link":"https:\/\/roveyayinevi.com.tr\/index.php\/urun\/duaniz-olmasa\/","title":{"rendered":"Duan\u0131z Olmasa\u2026"},"content":{"rendered":"<p>Dua\u2026 \u0130nsan ruhunun s\u0131\u011f\u0131na\u011f\u0131\u2026 \u0130nsan, varolu\u015funun derinliklerine indik\u00e7e ne kadar aciz ne kadar muhta\u00e7 oldu\u011funu fark eder. \u0130\u00e7ti\u011fi sudan ald\u0131\u011f\u0131 nefese kadar her an, onu sonsuz bir kudrete y\u00f6nelten bir ba\u011fl\u0131l\u0131k i\u00e7indedir. \u0130\u015fte bu ba\u011fl\u0131l\u0131\u011f\u0131n en samimi ifadesi duad\u0131r. Dua, yaln\u0131zca bir ibadet de\u011fil, ayn\u0131 zamanda insan ruhunun huzura kavu\u015ftu\u011fu bir s\u0131\u011f\u0131nakt\u0131r. Modern \u00e7a\u011f\u0131n stres ve kayg\u0131lar\u0131 aras\u0131nda dua, insan\u0131n psikolojik dengesini sa\u011flayan g\u00fc\u00e7l\u00fc bir dayanak haline gelmi\u015ftir. Kuran-\u0131 Kerim\u2019de bu ba\u011f\u0131n \u00f6nemine \u201cDuan\u0131z olmasa, Rabbim size ne diye de\u011fer versin!\u201d (Furkan Suresi, 77) denilerek i\u015faret edilir. Bu eser, duan\u0131n sadece bir dini rit\u00fcel olmad\u0131\u011f\u0131n\u0131, insan psikolojisi \u00fczerindeki derin etkilerini de g\u00f6zler \u00f6n\u00fcne seriyor. Ruhun en mahrem s\u0131rlar\u0131n\u0131, korkular\u0131n\u0131 ve umutlar\u0131n\u0131 Rabbine a\u00e7an insan, dua ile yaln\u0131z olmad\u0131\u011f\u0131n\u0131 hisseder. \u00c7\u00fcnk\u00fc dua, insan\u0131n kendini buldu\u011fu, Rabbi\u2019yle olan ba\u011f\u0131n\u0131 g\u00fc\u00e7lendirdi\u011fi, ruhunun en derin yaralar\u0131n\u0131 sard\u0131\u011f\u0131 bir yolculuktur. Bu yolculu\u011fa \u00e7\u0131kmaya haz\u0131r m\u0131s\u0131n\u0131z?<\/p>\n","protected":false},"excerpt":{"rendered":"<p>Dua\u2026 \u0130nsan ruhunun s\u0131\u011f\u0131na\u011f\u0131\u2026 \u0130nsan, varolu\u015funun derinliklerine indik\u00e7e ne kadar aciz ne kadar muhta\u00e7 oldu\u011funu fark eder. \u0130\u00e7ti\u011fi sudan ald\u0131\u011f\u0131 nefese kadar her an, onu sonsuz<span class=\"excerpt-hellip\"> [\u2026]<\/span><\/p>\n","protected":false},"featured_media":0,"template":"","meta":{"_monsterinsights_skip_tracking":false,"_monsterinsights_sitenote_active":false,"_monsterinsights_sitenote_note":"","_monsterinsights_sitenote_category":0},"product_brand":[],"product_cat":[12718,12719],"product_tag":[],"class_list":{"0":"post-769360","1":"product","2":"type-product","3":"status-publish","5":"product_cat-din","6":"product_cat-islam","7":"pa_cilt-ciltsiz","8":"pa_tur-kitap","9":"pa_yayinevi-foliant-yayinlari","10":"pa_yazar-abdullah-yuyucu","12":"first","13":"instock","14":"sale","15":"shipping-taxable","16":"purchasable","17":"product-type-simple"},"_links":{"self":[{"href":"https:\/\/roveyayinevi.com.tr\/index.php\/wp-json\/wp\/v2\/product\/769360","targetHints":{"allow":["GET"]}}],"collection":[{"href":"https:\/\/roveyayinevi.com.tr\/index.php\/wp-json\/wp\/v2\/product"}],"about":[{"href":"https:\/\/roveyayinevi.com.tr\/index.php\/wp-json\/wp\/v2\/types\/product"}],"wp:attachment":[{"href":"https:\/\/roveyayinevi.com.tr\/index.php\/wp-json\/wp\/v2\/media?parent=769360"}],"wp:term":[{"taxonomy":"product_brand","embeddable":true,"href":"https:\/\/roveyayinevi.com.tr\/index.php\/wp-json\/wp\/v2\/product_brand?post=769360"},{"taxonomy":"product_cat","embeddable":true,"href":"https:\/\/roveyayinevi.com.tr\/index.php\/wp-json\/wp\/v2\/product_cat?post=769360"},{"taxonomy":"product_tag","embeddable":true,"href":"https:\/\/roveyayinevi.com.tr\/index.php\/wp-json\/wp\/v2\/product_tag?post=769360"}],"curies":[{"name":"wp","href":"https:\/\/api.w.org\/{rel}","templated":true}]}}