{"id":769353,"date":"2025-08-28T13:50:59","date_gmt":"2025-08-28T10:50:59","guid":{"rendered":"https:\/\/roveyayinevi.com.tr\/index.php\/urun\/ada-odasini-topluyor\/"},"modified":"2026-04-15T03:35:40","modified_gmt":"2026-04-15T00:35:40","slug":"ada-odasini-topluyor","status":"publish","type":"product","link":"https:\/\/roveyayinevi.com.tr\/index.php\/urun\/ada-odasini-topluyor\/","title":{"rendered":"Ada Odas\u0131n\u0131 Topluyor"},"content":{"rendered":"<p>Ada, Tav\u015fan\u2019\u0131 kaybetti, hi\u00e7bir yerde bulam\u0131yor. K\u00fcplerin ya da bebeklerin aras\u0131nda yok. Bu ne da\u011f\u0131n\u0131kl\u0131k b\u00f6yle! Tav\u015fan nereye gitmi\u015f olabilir? \u201cBelki de oyuncaklar\u0131n\u0131 toplama vaktin gelmi\u015ftir,\u201d diyor babas\u0131, \u201cO zaman Tav\u015fan\u2019\u0131 da hemen bulabilirsin.\u201d Ada odas\u0131n\u0131 toplamay\u0131 hi\u00e7 istemiyor! Ama ya babas\u0131 hakl\u0131ysa?   Erken \u00e7ocukluk d\u00f6nemindeki \u00e7ocuklar i\u00e7in g\u00fcnl\u00fck hayat becerilerine odaklanan, etraf\u0131 da\u011f\u0131tmak ve yeniden toplamak hakk\u0131nda e\u011flenceli bir \u00f6yk\u00fc<\/p>\n","protected":false},"excerpt":{"rendered":"<p>Ada, Tav\u015fan\u2019\u0131 kaybetti, hi\u00e7bir yerde bulam\u0131yor. K\u00fcplerin ya da bebeklerin aras\u0131nda yok. Bu ne da\u011f\u0131n\u0131kl\u0131k b\u00f6yle! Tav\u015fan nereye gitmi\u015f olabilir? \u201cBelki de oyuncaklar\u0131n\u0131 toplama vaktin gelmi\u015ftir,\u201d<span class=\"excerpt-hellip\"> [\u2026]<\/span><\/p>\n","protected":false},"featured_media":0,"template":"","meta":{"_monsterinsights_skip_tracking":false,"_monsterinsights_sitenote_active":false,"_monsterinsights_sitenote_note":"","_monsterinsights_sitenote_category":0},"product_brand":[],"product_cat":[12274,12284],"product_tag":[],"class_list":{"0":"post-769353","1":"product","2":"type-product","3":"status-publish","5":"product_cat-cocuk-ve-genclik-kitaplari","6":"product_cat-hikayeler","7":"pa_cilt-ciltsiz","8":"pa_tur-kitap","9":"pa_yayinevi-dogan-cocuk","10":"pa_yazar-kathleen-amant","12":"first","13":"instock","14":"sale","15":"shipping-taxable","16":"purchasable","17":"product-type-simple"},"_links":{"self":[{"href":"https:\/\/roveyayinevi.com.tr\/index.php\/wp-json\/wp\/v2\/product\/769353","targetHints":{"allow":["GET"]}}],"collection":[{"href":"https:\/\/roveyayinevi.com.tr\/index.php\/wp-json\/wp\/v2\/product"}],"about":[{"href":"https:\/\/roveyayinevi.com.tr\/index.php\/wp-json\/wp\/v2\/types\/product"}],"wp:attachment":[{"href":"https:\/\/roveyayinevi.com.tr\/index.php\/wp-json\/wp\/v2\/media?parent=769353"}],"wp:term":[{"taxonomy":"product_brand","embeddable":true,"href":"https:\/\/roveyayinevi.com.tr\/index.php\/wp-json\/wp\/v2\/product_brand?post=769353"},{"taxonomy":"product_cat","embeddable":true,"href":"https:\/\/roveyayinevi.com.tr\/index.php\/wp-json\/wp\/v2\/product_cat?post=769353"},{"taxonomy":"product_tag","embeddable":true,"href":"https:\/\/roveyayinevi.com.tr\/index.php\/wp-json\/wp\/v2\/product_tag?post=769353"}],"curies":[{"name":"wp","href":"https:\/\/api.w.org\/{rel}","templated":true}]}}