{"id":769348,"date":"2025-08-28T13:50:49","date_gmt":"2025-08-28T10:50:49","guid":{"rendered":"https:\/\/roveyayinevi.com.tr\/index.php\/urun\/ada-dislerini-fircaliyor\/"},"modified":"2026-04-15T03:35:40","modified_gmt":"2026-04-15T00:35:40","slug":"ada-dislerini-fircaliyor","status":"publish","type":"product","link":"https:\/\/roveyayinevi.com.tr\/index.php\/urun\/ada-dislerini-fircaliyor\/","title":{"rendered":"Ada Di\u015flerini F\u0131r\u00e7al\u0131yor"},"content":{"rendered":"<p>Ada yoruldu. Birazdan yat\u0131p uyuyacak. Ama \u00f6nce di\u015flerini f\u0131r\u00e7alamas\u0131 gerekiyor. Ada di\u015f f\u0131r\u00e7as\u0131n\u0131 al\u0131yor. Annesi de f\u0131r\u00e7as\u0131n\u0131n \u00fczerine \u00e7ocuklara \u00f6zel di\u015f macunundan s\u00fcr\u00fcyor. Ada \u015fimdi di\u015flerini f\u0131r\u00e7alamaya ba\u015flayabilir.    Erken \u00e7ocukluk d\u00f6nemindeki \u00e7ocuklar i\u00e7in di\u015f f\u0131r\u00e7alamay\u0131 e\u011flenceye d\u00f6n\u00fc\u015ft\u00fcren ne\u015fe dolu bir \u00f6yk\u00fc. <\/p>\n","protected":false},"excerpt":{"rendered":"<p>Ada yoruldu. Birazdan yat\u0131p uyuyacak. Ama \u00f6nce di\u015flerini f\u0131r\u00e7alamas\u0131 gerekiyor. Ada di\u015f f\u0131r\u00e7as\u0131n\u0131 al\u0131yor. Annesi de f\u0131r\u00e7as\u0131n\u0131n \u00fczerine \u00e7ocuklara \u00f6zel di\u015f macunundan s\u00fcr\u00fcyor. Ada \u015fimdi di\u015flerini<span class=\"excerpt-hellip\"> [\u2026]<\/span><\/p>\n","protected":false},"featured_media":0,"template":"","meta":{"_monsterinsights_skip_tracking":false,"_monsterinsights_sitenote_active":false,"_monsterinsights_sitenote_note":"","_monsterinsights_sitenote_category":0},"product_brand":[],"product_cat":[12274,12284],"product_tag":[],"class_list":{"0":"post-769348","1":"product","2":"type-product","3":"status-publish","5":"product_cat-cocuk-ve-genclik-kitaplari","6":"product_cat-hikayeler","7":"pa_cilt-ciltsiz","8":"pa_tur-kitap","9":"pa_yayinevi-dogan-cocuk","10":"pa_yazar-kathleen-amant","12":"first","13":"instock","14":"sale","15":"shipping-taxable","16":"purchasable","17":"product-type-simple"},"_links":{"self":[{"href":"https:\/\/roveyayinevi.com.tr\/index.php\/wp-json\/wp\/v2\/product\/769348","targetHints":{"allow":["GET"]}}],"collection":[{"href":"https:\/\/roveyayinevi.com.tr\/index.php\/wp-json\/wp\/v2\/product"}],"about":[{"href":"https:\/\/roveyayinevi.com.tr\/index.php\/wp-json\/wp\/v2\/types\/product"}],"wp:attachment":[{"href":"https:\/\/roveyayinevi.com.tr\/index.php\/wp-json\/wp\/v2\/media?parent=769348"}],"wp:term":[{"taxonomy":"product_brand","embeddable":true,"href":"https:\/\/roveyayinevi.com.tr\/index.php\/wp-json\/wp\/v2\/product_brand?post=769348"},{"taxonomy":"product_cat","embeddable":true,"href":"https:\/\/roveyayinevi.com.tr\/index.php\/wp-json\/wp\/v2\/product_cat?post=769348"},{"taxonomy":"product_tag","embeddable":true,"href":"https:\/\/roveyayinevi.com.tr\/index.php\/wp-json\/wp\/v2\/product_tag?post=769348"}],"curies":[{"name":"wp","href":"https:\/\/api.w.org\/{rel}","templated":true}]}}