{"id":769340,"date":"2025-08-28T13:50:29","date_gmt":"2025-08-28T10:50:29","guid":{"rendered":"https:\/\/roveyayinevi.com.tr\/index.php\/urun\/canavarin-da-kalbi-varmis-kutulu-ciltli-vampir-1\/"},"modified":"2026-04-15T03:35:39","modified_gmt":"2026-04-15T00:35:39","slug":"canavarin-da-kalbi-varmis-kutulu-ciltli-vampir-1","status":"publish","type":"product","link":"https:\/\/roveyayinevi.com.tr\/index.php\/urun\/canavarin-da-kalbi-varmis-kutulu-ciltli-vampir-1\/","title":{"rendered":"Canavar\u0131n da Kalbi Varm\u0131\u015f (Kutulu &#8211; Ciltli) Vampir 1"},"content":{"rendered":"<p>Set i\u00e7eri\u011fi: \u00b7         Sert Kapak Kitap \u00b7         Yarasa Ayra\u00e7     S\u00f6yle, her s\u0131r bir g\u00fcn ayaklara dolan\u0131r S\u00f6yleme, as\u0131rlard\u0131r sakl\u0131 kalan toz olup r\u00fczg\u00e2ra kar\u0131\u015f\u0131r S\u00f6yle, bir yalan bin do\u011fruyu \u00e7\u00fcr\u00fct\u00fcr S\u00f6yleme, yalan dedi\u011fin kalbi daha h\u0131zl\u0131 att\u0131r\u0131r   Luzia vampirlerle insanlar\u0131n bir arada ya\u015fad\u0131\u011f\u0131 yeni d\u00fczende, d\u00fcnyan\u0131n \u00f6teki ucundaki \u0131ss\u0131z bir \u015fatonun m\u00fczesinde \u00e7al\u0131\u015fmaya ba\u015flar. En yak\u0131n arkada\u015f\u0131 ve onun vampir sevgilisiyle sakin bir hayat ya\u015farken \u015fatonun as\u0131l sahibi ve tarihin en eski vampirlerinden biri kasabaya d\u00f6ner.   Asla dinmeyen kalp a\u011fr\u0131lar\u0131 ve vampir kan\u0131 ba\u011f\u0131ml\u0131l\u0131\u011f\u0131 ile m\u00fccadele eden Luzia\u2019n\u0131n art\u0131k daha b\u00fcy\u00fck bir sorunu vard\u0131r. Sidra Dekalton\u2019un d\u00f6n\u00fc\u015f\u00fc eski bir sand\u0131k gibi korkun\u00e7 s\u0131rlar\u0131 ortaya \u00e7\u0131kar\u0131r. Hayat\u0131n\u0131 cehenneme \u00e7eviren gizemin kayna\u011f\u0131n\u0131 ara\u015ft\u0131r\u0131rken Luzia\u2019ya, kalp at\u0131\u015flar\u0131n\u0131n bile kime ait oldu\u011funu sorgulat\u0131r\u2026   \u201cKa\u00e7\u0131yor musun?\u201d diye sordu. \u201cEvet,\u201d diyerek kabul ettim. \u201c\u00c7\u00fcnk\u00fc kalbimi k\u0131racaks\u0131n.\u201d       Ona o kadar h\u0131zl\u0131 ve \u00e7abuk \u00e2\u015f\u0131k olmu\u015ftu ki bu sevginin hen\u00fcz rahme d\u00fc\u015fmeden ba\u015flad\u0131\u011f\u0131na \u015f\u00fcphe yoktu. Ve kader olmasa ne yazar, b\u00f6ylesi trajik a\u015fk, sakland\u0131\u011f\u0131n\u0131z a\u011fa\u00e7 kovu\u011funda ya da bir ar\u0131 kovan\u0131nda bile a\u011f\u0131n\u0131 att\u0131\u011f\u0131 kalbi yakalar. <\/p>\n","protected":false},"excerpt":{"rendered":"<p>Set i\u00e7eri\u011fi: \u00b7 Sert Kapak Kitap \u00b7 Yarasa Ayra\u00e7 S\u00f6yle, her s\u0131r bir g\u00fcn ayaklara dolan\u0131r S\u00f6yleme, as\u0131rlard\u0131r sakl\u0131 kalan toz olup r\u00fczg\u00e2ra kar\u0131\u015f\u0131r S\u00f6yle, bir<span class=\"excerpt-hellip\"> [\u2026]<\/span><\/p>\n","protected":false},"featured_media":0,"template":"","meta":{"_monsterinsights_skip_tracking":false,"_monsterinsights_sitenote_active":false,"_monsterinsights_sitenote_note":"","_monsterinsights_sitenote_category":0},"product_brand":[],"product_cat":[12291,14777],"product_tag":[],"class_list":{"0":"post-769340","1":"product","2":"type-product","3":"status-publish","5":"product_cat-edebiyat","6":"product_cat-fantastik","7":"pa_cilt-ciltli","8":"pa_tur-kitap","9":"pa_yayinevi-dex-yayinevi","10":"pa_yazar-n-g-kabal","12":"first","13":"instock","14":"sale","15":"shipping-taxable","16":"purchasable","17":"product-type-simple"},"_links":{"self":[{"href":"https:\/\/roveyayinevi.com.tr\/index.php\/wp-json\/wp\/v2\/product\/769340","targetHints":{"allow":["GET"]}}],"collection":[{"href":"https:\/\/roveyayinevi.com.tr\/index.php\/wp-json\/wp\/v2\/product"}],"about":[{"href":"https:\/\/roveyayinevi.com.tr\/index.php\/wp-json\/wp\/v2\/types\/product"}],"wp:attachment":[{"href":"https:\/\/roveyayinevi.com.tr\/index.php\/wp-json\/wp\/v2\/media?parent=769340"}],"wp:term":[{"taxonomy":"product_brand","embeddable":true,"href":"https:\/\/roveyayinevi.com.tr\/index.php\/wp-json\/wp\/v2\/product_brand?post=769340"},{"taxonomy":"product_cat","embeddable":true,"href":"https:\/\/roveyayinevi.com.tr\/index.php\/wp-json\/wp\/v2\/product_cat?post=769340"},{"taxonomy":"product_tag","embeddable":true,"href":"https:\/\/roveyayinevi.com.tr\/index.php\/wp-json\/wp\/v2\/product_tag?post=769340"}],"curies":[{"name":"wp","href":"https:\/\/api.w.org\/{rel}","templated":true}]}}