{"id":769334,"date":"2025-08-28T13:50:13","date_gmt":"2025-08-28T10:50:13","guid":{"rendered":"https:\/\/roveyayinevi.com.tr\/index.php\/urun\/batman-adalet-avcisi-1\/"},"modified":"2026-04-15T03:35:39","modified_gmt":"2026-04-15T00:35:39","slug":"batman-adalet-avcisi-1","status":"publish","type":"product","link":"https:\/\/roveyayinevi.com.tr\/index.php\/urun\/batman-adalet-avcisi-1\/","title":{"rendered":"Batman \u2013 Adalet Avc\u0131s\u0131 1"},"content":{"rendered":"<p>BRUCE WAYNE\u2019\u0130N BATMAN MASKES\u0130 ALTINDA GOTHAM\u2019I SU\u00c7LULARA KAR\u015eI KORUMAYA BA\u015eLAMASININ \u00dcST\u00dcNDEN \u00dc\u00c7 YIL GE\u00c7M\u0130\u015eT\u0130R&#8230; BATMAN, DURMAK B\u0130LMEYEN S\u00dcPER K\u00d6T\u00dcLERLE M\u00dcCADELE ETMEK \u0130\u00c7\u0130N DESTE\u011eE \u0130HT\u0130YA\u00c7 DUYAR. BU NEDENLE KEND\u0130 \u0130CAT ETT\u0130\u011e\u0130 YAPAY ZEK\u00c2 ROBIN, BATMAN\u2019\u0130N SU\u00c7LA SAVA\u015eINA ORTAK OLUR.  JOKER \u0130SE BU ORTA\u011eIN KEND\u0130S\u0130 OLMASI GEREKT\u0130\u011e\u0130NDE ISRARCIDIR&#8230;   BU SIRADA B\u0130RKA\u00c7 YIL \u00d6NCE A\u0130LES\u0130N\u0130 KAYBETM\u0130\u015e OLAN DICK GRAYSON, G\u0130ZEML\u0130 B\u0130R DEDEKT\u0130FLE TANI\u015eIR. B\u00d6YLECE GE\u00c7M\u0130\u015eTEK\u0130 TRAJED\u0130LER\u0130N ARDINDAK\u0130 SIRLAR YAVA\u015e YAVA\u015e G\u00dcN Y\u00dcZ\u00dcNE \u00c7IKMAYA BA\u015eLAR&#8230; <\/p>\n","protected":false},"excerpt":{"rendered":"<p>BRUCE WAYNE\u2019\u0130N BATMAN MASKES\u0130 ALTINDA GOTHAM\u2019I SU\u00c7LULARA KAR\u015eI KORUMAYA BA\u015eLAMASININ \u00dcST\u00dcNDEN \u00dc\u00c7 YIL GE\u00c7M\u0130\u015eT\u0130R&#8230; BATMAN, DURMAK B\u0130LMEYEN S\u00dcPER K\u00d6T\u00dcLERLE M\u00dcCADELE ETMEK \u0130\u00c7\u0130N DESTE\u011eE \u0130HT\u0130YA\u00c7 DUYAR. BU<span class=\"excerpt-hellip\"> [\u2026]<\/span><\/p>\n","protected":false},"featured_media":0,"template":"","meta":{"_monsterinsights_skip_tracking":false,"_monsterinsights_sitenote_active":false,"_monsterinsights_sitenote_note":"","_monsterinsights_sitenote_category":0},"product_brand":[],"product_cat":[12416,12291],"product_tag":[],"class_list":{"0":"post-769334","1":"product","2":"type-product","3":"status-publish","5":"product_cat-cizgi-roman","6":"product_cat-edebiyat","7":"pa_cilt-ciltsiz","8":"pa_tur-kitap","9":"pa_yayinevi-athica-yayinlari","10":"pa_yazar-eiichi-shimizu","12":"first","13":"instock","14":"sale","15":"shipping-taxable","16":"purchasable","17":"product-type-simple"},"_links":{"self":[{"href":"https:\/\/roveyayinevi.com.tr\/index.php\/wp-json\/wp\/v2\/product\/769334","targetHints":{"allow":["GET"]}}],"collection":[{"href":"https:\/\/roveyayinevi.com.tr\/index.php\/wp-json\/wp\/v2\/product"}],"about":[{"href":"https:\/\/roveyayinevi.com.tr\/index.php\/wp-json\/wp\/v2\/types\/product"}],"wp:attachment":[{"href":"https:\/\/roveyayinevi.com.tr\/index.php\/wp-json\/wp\/v2\/media?parent=769334"}],"wp:term":[{"taxonomy":"product_brand","embeddable":true,"href":"https:\/\/roveyayinevi.com.tr\/index.php\/wp-json\/wp\/v2\/product_brand?post=769334"},{"taxonomy":"product_cat","embeddable":true,"href":"https:\/\/roveyayinevi.com.tr\/index.php\/wp-json\/wp\/v2\/product_cat?post=769334"},{"taxonomy":"product_tag","embeddable":true,"href":"https:\/\/roveyayinevi.com.tr\/index.php\/wp-json\/wp\/v2\/product_tag?post=769334"}],"curies":[{"name":"wp","href":"https:\/\/api.w.org\/{rel}","templated":true}]}}