{"id":769300,"date":"2025-08-28T13:49:04","date_gmt":"2025-08-28T10:49:04","guid":{"rendered":"https:\/\/roveyayinevi.com.tr\/index.php\/urun\/hepimiz-bu-dunyaya-insan-olmaya-geldik\/"},"modified":"2026-04-15T03:35:39","modified_gmt":"2026-04-15T00:35:39","slug":"hepimiz-bu-dunyaya-insan-olmaya-geldik","status":"publish","type":"product","link":"https:\/\/roveyayinevi.com.tr\/index.php\/urun\/hepimiz-bu-dunyaya-insan-olmaya-geldik\/","title":{"rendered":"Hepimiz Bu D\u00fcnyaya \u0130nsan Olmaya Geldik"},"content":{"rendered":"<p>Niyet, plan, hedef ve eylemlerinizi belirleyici etken olarak, ba\u015fta do\u011fruluk, d\u00fcr\u00fcstl\u00fck ve g\u00fcvenle bar\u0131\u015ft\u0131rmad\u0131k\u00e7a; e\u011fitiminiz, mesle\u011finiz, inanc\u0131n\u0131z, d\u00fc\u015f\u00fcnceniz, makam\u0131n\u0131z ne olursa olsun, sahip oldu\u011funuz ve dillendirdi\u011finiz t\u00fcm sosyal ve k\u00fclt\u00fcrel de\u011ferler de bo\u015fa d\u00fc\u015fecektir, topal kalacakt\u0131r, aldat\u0131c\u0131 bir nitelik kazanacak ve k\u0131s\u0131rla\u015facakt\u0131r.  Daha farkl\u0131 pratik bir anlat\u0131mla; zincir kopunca, par\u00e7alara ayr\u0131lan halkalar da hi\u00e7bir i\u015fe yaramayacakt\u0131r. De\u011ferler zincirinin her halkas\u0131, do\u011fru bir y\u00f6ntem ve niyetle d\u00f6v\u00fclm\u00fc\u015f, d\u00fcr\u00fcst bir eylemle sa\u011flamla\u015ft\u0131r\u0131lm\u0131\u015f olmal\u0131. Ancak, bir halkay\u0131 ihmal etmek t\u00fcm zinciri kullan\u0131\u015fs\u0131z k\u0131lar. Do\u011fruluk, bir nehir gibi akar ve \u00f6n\u00fcne \u00e7\u0131kan her engeli a\u015far. Fakat bu nehrin ak\u0131\u015f\u0131 durdu\u011funda, su birikir, kirlenir ve \u00e7evresine zarar vermeye ba\u015flar. <\/p>\n","protected":false},"excerpt":{"rendered":"<p>Niyet, plan, hedef ve eylemlerinizi belirleyici etken olarak, ba\u015fta do\u011fruluk, d\u00fcr\u00fcstl\u00fck ve g\u00fcvenle bar\u0131\u015ft\u0131rmad\u0131k\u00e7a; e\u011fitiminiz, mesle\u011finiz, inanc\u0131n\u0131z, d\u00fc\u015f\u00fcnceniz, makam\u0131n\u0131z ne olursa olsun, sahip oldu\u011funuz ve dillendirdi\u011finiz<span class=\"excerpt-hellip\"> [\u2026]<\/span><\/p>\n","protected":false},"featured_media":0,"template":"","meta":{"_monsterinsights_skip_tracking":false,"_monsterinsights_sitenote_active":false,"_monsterinsights_sitenote_note":"","_monsterinsights_sitenote_category":0},"product_brand":[],"product_cat":[12388],"product_tag":[],"class_list":{"0":"post-769300","1":"product","2":"type-product","3":"status-publish","5":"product_cat-felsefe","6":"pa_cilt-ciltsiz","7":"pa_tur-kitap","8":"pa_yayinevi-gulnar-yayinlari","9":"pa_yazar-ali-riza-malkoc","11":"first","12":"instock","13":"sale","14":"shipping-taxable","15":"purchasable","16":"product-type-simple"},"_links":{"self":[{"href":"https:\/\/roveyayinevi.com.tr\/index.php\/wp-json\/wp\/v2\/product\/769300","targetHints":{"allow":["GET"]}}],"collection":[{"href":"https:\/\/roveyayinevi.com.tr\/index.php\/wp-json\/wp\/v2\/product"}],"about":[{"href":"https:\/\/roveyayinevi.com.tr\/index.php\/wp-json\/wp\/v2\/types\/product"}],"wp:attachment":[{"href":"https:\/\/roveyayinevi.com.tr\/index.php\/wp-json\/wp\/v2\/media?parent=769300"}],"wp:term":[{"taxonomy":"product_brand","embeddable":true,"href":"https:\/\/roveyayinevi.com.tr\/index.php\/wp-json\/wp\/v2\/product_brand?post=769300"},{"taxonomy":"product_cat","embeddable":true,"href":"https:\/\/roveyayinevi.com.tr\/index.php\/wp-json\/wp\/v2\/product_cat?post=769300"},{"taxonomy":"product_tag","embeddable":true,"href":"https:\/\/roveyayinevi.com.tr\/index.php\/wp-json\/wp\/v2\/product_tag?post=769300"}],"curies":[{"name":"wp","href":"https:\/\/api.w.org\/{rel}","templated":true}]}}