{"id":769269,"date":"2025-08-28T13:48:06","date_gmt":"2025-08-28T10:48:06","guid":{"rendered":"https:\/\/roveyayinevi.com.tr\/index.php\/urun\/osmanlida-avare-kadinlar\/"},"modified":"2026-04-15T03:35:38","modified_gmt":"2026-04-15T00:35:38","slug":"osmanlida-avare-kadinlar","status":"publish","type":"product","link":"https:\/\/roveyayinevi.com.tr\/index.php\/urun\/osmanlida-avare-kadinlar\/","title":{"rendered":"Osmanl\u0131\u2019da Avare Kad\u0131nlar"},"content":{"rendered":"<p>19. y\u00fczy\u0131l\u0131n \u201c\u00e7oklu kriz\u201d ortam\u0131nda, yetim veya dul kalan, e\u015fleri taraf\u0131ndan terk edilen ya da ba\u015fka bir nedenleyaln\u0131z ya\u015famak zorunda kalan kad\u0131nlar, sadece ekonomik zorluklarla de\u011fil, ayn\u0131 zamanda ahlaki ve toplumsalyarg\u0131larla da m\u00fccadele etmek zorundayd\u0131. Bu kad\u0131nlar, orta s\u0131n\u0131f ahlak anlay\u0131\u015f\u0131n\u0131n en derin korkular\u0131ndan birinitemsil ediyordu: Ya ba\u015f\u0131bo\u015f dola\u015fan, toplumsal d\u00fczeni tehdit eden &#8220;kurtlara&#8221; d\u00f6n\u00fc\u015feceklerdi ya da &#8220;kuzular&#8221; gibikorunmaya muhta\u00e7, her an yozla\u015fmaya a\u00e7\u0131k kurbanlar olarak kalacaklard\u0131.Bu kitap, Osmanl\u0131\u2019da kad\u0131nlar\u0131n yaln\u0131zl\u0131\u011f\u0131n\u0131n nas\u0131l alg\u0131land\u0131\u011f\u0131n\u0131, sosyal yard\u0131m kurumlar\u0131n\u0131n insani kayg\u0131lar kadarahlaki kontrol mekanizmas\u0131 olarak nas\u0131l i\u015fledi\u011fini ve terk edilen kad\u0131nlar\u0131n nas\u0131l damgaland\u0131\u011f\u0131n\u0131 ele al\u0131yor. Evlilikd\u0131\u015f\u0131 ili\u015fkiler, gayrime\u015fru \u00e7ocuklar ve toplumun g\u00f6z\u00fcnde \u201cd\u00fc\u015fm\u00fc\u015f kad\u0131n\u201d alg\u0131s\u0131 etraf\u0131nda \u015fekillenen bu anlat\u0131,bireysel trajedilerle toplumsal kayg\u0131lar\u0131n nas\u0131l i\u00e7 i\u00e7e ge\u00e7ti\u011fini g\u00f6zler \u00f6n\u00fcne seriyor.G\u00fclhan Balsoy, ar\u015fiv belgelerinin yan\u0131 s\u0131ra 20. y\u00fczy\u0131l ba\u015flar\u0131nda kaleme al\u0131nan Refet ve Gayya Kuyusuromanlar\u0131nda Avare Kad\u0131nlar\u0131n devlet ve toplum aras\u0131nda nas\u0131l hayatta kalma m\u00fccadelesi verdiklerini incelikliyakla\u015f\u0131m\u0131yla g\u00f6zler \u00f6n\u00fcne seriyor.<\/p>\n","protected":false},"excerpt":{"rendered":"<p>19. y\u00fczy\u0131l\u0131n \u201c\u00e7oklu kriz\u201d ortam\u0131nda, yetim veya dul kalan, e\u015fleri taraf\u0131ndan terk edilen ya da ba\u015fka bir nedenleyaln\u0131z ya\u015famak zorunda kalan kad\u0131nlar, sadece ekonomik zorluklarla de\u011fil,<span class=\"excerpt-hellip\"> [\u2026]<\/span><\/p>\n","protected":false},"featured_media":0,"template":"","meta":{"_monsterinsights_skip_tracking":false,"_monsterinsights_sitenote_active":false,"_monsterinsights_sitenote_note":"","_monsterinsights_sitenote_category":0},"product_brand":[],"product_cat":[13517,12304],"product_tag":[],"class_list":{"0":"post-769269","1":"product","2":"type-product","3":"status-publish","5":"product_cat-osmanli-tarihi","6":"product_cat-tarih","7":"pa_cilt-ciltsiz","8":"pa_tur-kitap","9":"pa_yayinevi-fol-kitap","10":"pa_yazar-gulhan-balsoy","12":"first","13":"instock","14":"sale","15":"shipping-taxable","16":"purchasable","17":"product-type-simple"},"_links":{"self":[{"href":"https:\/\/roveyayinevi.com.tr\/index.php\/wp-json\/wp\/v2\/product\/769269","targetHints":{"allow":["GET"]}}],"collection":[{"href":"https:\/\/roveyayinevi.com.tr\/index.php\/wp-json\/wp\/v2\/product"}],"about":[{"href":"https:\/\/roveyayinevi.com.tr\/index.php\/wp-json\/wp\/v2\/types\/product"}],"wp:attachment":[{"href":"https:\/\/roveyayinevi.com.tr\/index.php\/wp-json\/wp\/v2\/media?parent=769269"}],"wp:term":[{"taxonomy":"product_brand","embeddable":true,"href":"https:\/\/roveyayinevi.com.tr\/index.php\/wp-json\/wp\/v2\/product_brand?post=769269"},{"taxonomy":"product_cat","embeddable":true,"href":"https:\/\/roveyayinevi.com.tr\/index.php\/wp-json\/wp\/v2\/product_cat?post=769269"},{"taxonomy":"product_tag","embeddable":true,"href":"https:\/\/roveyayinevi.com.tr\/index.php\/wp-json\/wp\/v2\/product_tag?post=769269"}],"curies":[{"name":"wp","href":"https:\/\/api.w.org\/{rel}","templated":true}]}}