{"id":769260,"date":"2025-08-28T13:47:52","date_gmt":"2025-08-28T10:47:52","guid":{"rendered":"https:\/\/roveyayinevi.com.tr\/index.php\/urun\/porsuk-babasini-cok-seviyor\/"},"modified":"2026-04-15T03:35:37","modified_gmt":"2026-04-15T00:35:37","slug":"porsuk-babasini-cok-seviyor","status":"publish","type":"product","link":"https:\/\/roveyayinevi.com.tr\/index.php\/urun\/porsuk-babasini-cok-seviyor\/","title":{"rendered":"Porsuk Babas\u0131n\u0131 \u00c7ok Seviyor"},"content":{"rendered":"<p>K\u00fc\u00e7\u00fck Porsuk bah\u00e7eyle ilgilenmeyi \u00e7ok seviyordu. Bah\u00e7ede k\u00fcre\u011fini mutlulukla savurdu, marullar\u0131 g\u00fcle oynaya sulad\u0131 ve sonunda yanl\u0131\u015fl\u0131kla birka\u00e7 \u00e7ilek fidesini k\u00f6k\u00fcnden kopard\u0131. Baba Porsuk biraz \u00f6fkelenince, K\u00fc\u00e7\u00fck Porsuk, \u201cBabam beni sevmiyor,\u201d diye d\u00fc\u015f\u00fcnd\u00fc \u00fcz\u00fcnt\u00fcyle. G\u00fcven ve sevgi hakk\u0131nda duygu dolu ve e\u011flenceli bir hik\u00e2ye\u2026 <\/p>\n","protected":false},"excerpt":{"rendered":"<p>K\u00fc\u00e7\u00fck Porsuk bah\u00e7eyle ilgilenmeyi \u00e7ok seviyordu. Bah\u00e7ede k\u00fcre\u011fini mutlulukla savurdu, marullar\u0131 g\u00fcle oynaya sulad\u0131 ve sonunda yanl\u0131\u015fl\u0131kla birka\u00e7 \u00e7ilek fidesini k\u00f6k\u00fcnden kopard\u0131. Baba Porsuk biraz \u00f6fkelenince,<span class=\"excerpt-hellip\"> [\u2026]<\/span><\/p>\n","protected":false},"featured_media":0,"template":"","meta":{"_monsterinsights_skip_tracking":false,"_monsterinsights_sitenote_active":false,"_monsterinsights_sitenote_note":"","_monsterinsights_sitenote_category":0},"product_brand":[],"product_cat":[12274,12518],"product_tag":[],"class_list":{"0":"post-769260","1":"product","2":"type-product","3":"status-publish","5":"product_cat-cocuk-ve-genclik-kitaplari","6":"product_cat-okul-oncesi-kitaplar","7":"pa_cilt-ciltsiz","8":"pa_tur-kitap","9":"pa_yayinevi-is-bankasi-kultur-yayinlari","10":"pa_yazar-constanze-von-kitzing","12":"first","13":"instock","14":"sale","15":"shipping-taxable","16":"purchasable","17":"product-type-simple"},"_links":{"self":[{"href":"https:\/\/roveyayinevi.com.tr\/index.php\/wp-json\/wp\/v2\/product\/769260","targetHints":{"allow":["GET"]}}],"collection":[{"href":"https:\/\/roveyayinevi.com.tr\/index.php\/wp-json\/wp\/v2\/product"}],"about":[{"href":"https:\/\/roveyayinevi.com.tr\/index.php\/wp-json\/wp\/v2\/types\/product"}],"wp:attachment":[{"href":"https:\/\/roveyayinevi.com.tr\/index.php\/wp-json\/wp\/v2\/media?parent=769260"}],"wp:term":[{"taxonomy":"product_brand","embeddable":true,"href":"https:\/\/roveyayinevi.com.tr\/index.php\/wp-json\/wp\/v2\/product_brand?post=769260"},{"taxonomy":"product_cat","embeddable":true,"href":"https:\/\/roveyayinevi.com.tr\/index.php\/wp-json\/wp\/v2\/product_cat?post=769260"},{"taxonomy":"product_tag","embeddable":true,"href":"https:\/\/roveyayinevi.com.tr\/index.php\/wp-json\/wp\/v2\/product_tag?post=769260"}],"curies":[{"name":"wp","href":"https:\/\/api.w.org\/{rel}","templated":true}]}}