{"id":769259,"date":"2025-08-28T13:47:49","date_gmt":"2025-08-28T10:47:49","guid":{"rendered":"https:\/\/roveyayinevi.com.tr\/index.php\/urun\/ankara-hatirasi\/"},"modified":"2026-04-15T03:35:37","modified_gmt":"2026-04-15T00:35:37","slug":"ankara-hatirasi","status":"publish","type":"product","link":"https:\/\/roveyayinevi.com.tr\/index.php\/urun\/ankara-hatirasi\/","title":{"rendered":"Ankara Hat\u0131ras\u0131"},"content":{"rendered":"<p>Ankara\u2019y\u0131 sevenler, genellikle \u201cg\u00fczel\u201d olarak bilinen d\u00fcnya \u015fehirleriyle ortak bir y\u00f6n bulamad\u0131klar\u0131 bu \u201ckahverengi\u201d \u015fehre olan sevgilerini tam olarak a\u00e7\u0131klayamasalar da, bu ba\u011fl\u0131l\u0131\u011f\u0131n baz\u0131 nedenleri hissedilir. Bu neden, kimi zaman bir t\u00fcr \u201cCumhuriyet romantizmi\u201d, kimi zaman Ankara sokaklar\u0131nda ge\u00e7en hevesli, hayalperest bir \u00fcniversite \u00f6\u011frencili\u011fi hayat\u0131, bazen de, bu \u201ciyi kalpli \u00fcvey ana\u201dn\u0131n sundu\u011fu g\u00fcven ve a\u015final\u0131k hissidir. Kimileri i\u00e7inse, bunlar\u0131n hepsiyle birlikte, ama belki de onlar\u0131n \u00fczerinde, sadece Ankara\u2019da ya\u015fanmas\u0131 m\u00fcmk\u00fcn olan asude g\u00fcz mevsimleridir. Bu kitap, Ankara\u2019y\u0131 anlamaya \u00e7al\u0131\u015fanlar\u0131 zengin ve bakir bir g\u00f6rsel hik\u00e2yeye davet ediyor.<\/p>\n","protected":false},"excerpt":{"rendered":"<p>Ankara\u2019y\u0131 sevenler, genellikle \u201cg\u00fczel\u201d olarak bilinen d\u00fcnya \u015fehirleriyle ortak bir y\u00f6n bulamad\u0131klar\u0131 bu \u201ckahverengi\u201d \u015fehre olan sevgilerini tam olarak a\u00e7\u0131klayamasalar da, bu ba\u011fl\u0131l\u0131\u011f\u0131n baz\u0131 nedenleri hissedilir.<span class=\"excerpt-hellip\"> [\u2026]<\/span><\/p>\n","protected":false},"featured_media":0,"template":"","meta":{"_monsterinsights_skip_tracking":false,"_monsterinsights_sitenote_active":false,"_monsterinsights_sitenote_note":"","_monsterinsights_sitenote_category":0},"product_brand":[],"product_cat":[13701,12291],"product_tag":[],"class_list":{"0":"post-769259","1":"product","2":"type-product","3":"status-publish","5":"product_cat-ani-mektup-gunluk","6":"product_cat-edebiyat","7":"pa_cilt-ciltsiz","8":"pa_tur-kitap","9":"pa_yayinevi-idealkent-yayincilik","10":"pa_yazar-haluk-imga","12":"first","13":"instock","14":"sale","15":"shipping-taxable","16":"purchasable","17":"product-type-simple"},"_links":{"self":[{"href":"https:\/\/roveyayinevi.com.tr\/index.php\/wp-json\/wp\/v2\/product\/769259","targetHints":{"allow":["GET"]}}],"collection":[{"href":"https:\/\/roveyayinevi.com.tr\/index.php\/wp-json\/wp\/v2\/product"}],"about":[{"href":"https:\/\/roveyayinevi.com.tr\/index.php\/wp-json\/wp\/v2\/types\/product"}],"wp:attachment":[{"href":"https:\/\/roveyayinevi.com.tr\/index.php\/wp-json\/wp\/v2\/media?parent=769259"}],"wp:term":[{"taxonomy":"product_brand","embeddable":true,"href":"https:\/\/roveyayinevi.com.tr\/index.php\/wp-json\/wp\/v2\/product_brand?post=769259"},{"taxonomy":"product_cat","embeddable":true,"href":"https:\/\/roveyayinevi.com.tr\/index.php\/wp-json\/wp\/v2\/product_cat?post=769259"},{"taxonomy":"product_tag","embeddable":true,"href":"https:\/\/roveyayinevi.com.tr\/index.php\/wp-json\/wp\/v2\/product_tag?post=769259"}],"curies":[{"name":"wp","href":"https:\/\/api.w.org\/{rel}","templated":true}]}}