{"id":769258,"date":"2025-08-28T13:47:48","date_gmt":"2025-08-28T10:47:48","guid":{"rendered":"https:\/\/roveyayinevi.com.tr\/index.php\/urun\/erken-modern-avrupada-matbaa-devrimi\/"},"modified":"2026-04-15T03:35:37","modified_gmt":"2026-04-15T00:35:37","slug":"erken-modern-avrupada-matbaa-devrimi","status":"publish","type":"product","link":"https:\/\/roveyayinevi.com.tr\/index.php\/urun\/erken-modern-avrupada-matbaa-devrimi\/","title":{"rendered":"Erken Modern Avrupa\u2019da Matbaa Devrimi"},"content":{"rendered":"<p>Elizabeth L. Eisenstein 1979\u2019da 2 ciltlik an\u0131tsal eserini yay\u0131nlad\u0131: The Printing Press as an Agent of Change (Bir De\u011fi\u015fim Akt\u00f6r\u00fc Olarak Matbaa). Bat\u0131\u2019da 15. y\u00fczy\u0131lda ya\u015fanan matbaa devrimini b\u00fct\u00fcn y\u00f6nleriyle ele alan ilk ve \u00e7\u0131\u011f\u0131r a\u00e7\u0131c\u0131 bir \u00e7al\u0131\u015fma s\u00f6z konusuydu. Yazar daha sonra bu dev eserin k\u0131salt\u0131lm\u0131\u015f bir versiyonunu haz\u0131rlad\u0131: Erken Modern Avrupa\u2019da Matbaa Devrimi. Bu k\u0131salt\u0131lm\u0131\u015f bask\u0131, matbaalar\u0131n kurulmas\u0131n\u0131n getirdi\u011fi ilk temel ve teknik de\u011fi\u015fimleri \u00f6zetledikten sonra, as\u0131l tart\u0131\u015fmak istedi\u011fi noktalara odaklan\u0131yordu: Matbaa geleneksel kurumlar\u0131 nas\u0131l sarsm\u0131\u015f ve de\u011fi\u015ftirmi\u015fti? Matbaa, Bat\u0131 a\u00e7\u0131s\u0131ndan temel \u00f6neme sahip \u00fc\u00e7 k\u00fclt\u00fcrel hareketi, R\u00f6nesans, Reform ve modern bilimin do\u011fu\u015funu ne \u015fekilde etkilemi\u015fti? Elinizdeki kitap bu k\u0131salt\u0131lm\u0131\u015f versiyonun ikinci bask\u0131s\u0131 ve Eisenstein\u2019\u0131n 2005\u2019te kaleme ald\u0131\u011f\u0131 g\u00fcncelleyici bir Sons\u00f6z i\u00e7eriyor. Yazar bu Sons\u00f6z b\u00f6l\u00fcm\u00fcnde, ya\u015fad\u0131\u011f\u0131m\u0131z son d\u00f6neme damgas\u0131n\u0131 vuran yeni ileti\u015fim teknolojilerini matbaa devriminin tetikledi\u011fi s\u00fcre\u00e7ler perspektifinden ele al\u0131yor. Elizabeth L. Eisenstein\u2019\u0131n elyazmas\u0131 eserlerden matbu eserlere ge\u00e7i\u015fin etkiledi\u011fi de\u011fi\u015fimleri irdeleyen \u00e7al\u0131\u015fmas\u0131, g\u00fcn\u00fcm\u00fczde matbu eserden \u00e7e\u015fitli dijital formatlara ge\u00e7i\u015fin olas\u0131 etkileri hakk\u0131nda da ilham verici fikirler bar\u0131nd\u0131r\u0131yor. \u0130leti\u015fim ara\u00e7lar\u0131ndaki radikal de\u011fi\u015fimlerin, ileti\u015fim devrimlerinin toplumsal, k\u00fclt\u00fcrel ve insani anlamda ne kadar derin de\u011fi\u015fimlere yol a\u00e7abildi\u011fini anlamak isteyenler i\u00e7in vazge\u00e7ilmez bir kaynak. <\/p>\n","protected":false},"excerpt":{"rendered":"<p>Elizabeth L. Eisenstein 1979\u2019da 2 ciltlik an\u0131tsal eserini yay\u0131nlad\u0131: The Printing Press as an Agent of Change (Bir De\u011fi\u015fim Akt\u00f6r\u00fc Olarak Matbaa). Bat\u0131\u2019da 15. y\u00fczy\u0131lda ya\u015fanan<span class=\"excerpt-hellip\"> [\u2026]<\/span><\/p>\n","protected":false},"featured_media":0,"template":"","meta":{"_monsterinsights_skip_tracking":false,"_monsterinsights_sitenote_active":false,"_monsterinsights_sitenote_note":"","_monsterinsights_sitenote_category":0},"product_brand":[],"product_cat":[12304],"product_tag":[],"class_list":{"0":"post-769258","1":"product","2":"type-product","3":"status-publish","5":"product_cat-tarih","6":"pa_cilt-ciltsiz","7":"pa_tur-kitap","8":"pa_yayinevi-is-bankasi-kultur-yayinlari","9":"pa_yazar-elizabeth-l-eisenstein","11":"first","12":"instock","13":"sale","14":"shipping-taxable","15":"purchasable","16":"product-type-simple"},"_links":{"self":[{"href":"https:\/\/roveyayinevi.com.tr\/index.php\/wp-json\/wp\/v2\/product\/769258","targetHints":{"allow":["GET"]}}],"collection":[{"href":"https:\/\/roveyayinevi.com.tr\/index.php\/wp-json\/wp\/v2\/product"}],"about":[{"href":"https:\/\/roveyayinevi.com.tr\/index.php\/wp-json\/wp\/v2\/types\/product"}],"wp:attachment":[{"href":"https:\/\/roveyayinevi.com.tr\/index.php\/wp-json\/wp\/v2\/media?parent=769258"}],"wp:term":[{"taxonomy":"product_brand","embeddable":true,"href":"https:\/\/roveyayinevi.com.tr\/index.php\/wp-json\/wp\/v2\/product_brand?post=769258"},{"taxonomy":"product_cat","embeddable":true,"href":"https:\/\/roveyayinevi.com.tr\/index.php\/wp-json\/wp\/v2\/product_cat?post=769258"},{"taxonomy":"product_tag","embeddable":true,"href":"https:\/\/roveyayinevi.com.tr\/index.php\/wp-json\/wp\/v2\/product_tag?post=769258"}],"curies":[{"name":"wp","href":"https:\/\/api.w.org\/{rel}","templated":true}]}}