{"id":769238,"date":"2025-08-28T13:47:06","date_gmt":"2025-08-28T10:47:06","guid":{"rendered":"https:\/\/roveyayinevi.com.tr\/index.php\/urun\/yerlinin-bakisi\/"},"modified":"2026-04-15T03:35:37","modified_gmt":"2026-04-15T00:35:37","slug":"yerlinin-bakisi","status":"publish","type":"product","link":"https:\/\/roveyayinevi.com.tr\/index.php\/urun\/yerlinin-bakisi\/","title":{"rendered":"&#8216;Yerli\u2019nin Bak\u0131\u015f\u0131"},"content":{"rendered":"<p>Bu kitap, &#8220;\u00f6teki&#8221;ni kavraman\u0131n ancak &#8220;i\u00e7eriden bak\u0131\u015f&#8221;la m\u00fcmk\u00fcn olabilece\u011fini savlayan etnografik paradigmalar\u0131 bilgi kuramsal ve y\u00f6ntem bilimsel temelleri ile birlikte ortaya koymaktad\u0131r. Bu \u00e7er\u00e7evede Franz Boas, Bronislaw Malinowski, Ward Goodenough, Clifford Geertz gibi \u00f6nc\u00fc antropologlar\u0131n antropolojik etnografyaya ili\u015fkin yakla\u015f\u0131mlar\u0131 g\u00f6zler \u00f6n\u00fcne serilmektedir. Etnografyan\u0131n &#8220;orada olmak&#8221;, &#8220;deneyim&#8221;, &#8220;g\u00f6zlem&#8221;, &#8220;\u00f6tekini anlamak&#8221; olarak form\u00fcle edilebilecek y\u00f6ntem bilimsel ara\u00e7lar\u0131 ve bu ara\u00e7lar\u0131n bilgi kuramsal temelleri bu kitab\u0131n sayfalar\u0131 aras\u0131nda bulunabilir. <\/p>\n","protected":false},"excerpt":{"rendered":"<p>Bu kitap, &#8220;\u00f6teki&#8221;ni kavraman\u0131n ancak &#8220;i\u00e7eriden bak\u0131\u015f&#8221;la m\u00fcmk\u00fcn olabilece\u011fini savlayan etnografik paradigmalar\u0131 bilgi kuramsal ve y\u00f6ntem bilimsel temelleri ile birlikte ortaya koymaktad\u0131r. Bu \u00e7er\u00e7evede Franz Boas,<span class=\"excerpt-hellip\"> [\u2026]<\/span><\/p>\n","protected":false},"featured_media":0,"template":"","meta":{"_monsterinsights_skip_tracking":false,"_monsterinsights_sitenote_active":false,"_monsterinsights_sitenote_note":"","_monsterinsights_sitenote_category":0},"product_brand":[],"product_cat":[15499,13488],"product_tag":[],"class_list":{"0":"post-769238","1":"product","2":"type-product","3":"status-publish","5":"product_cat-antropoloji","6":"product_cat-toplum-ve-insan","7":"pa_cilt-ciltsiz","8":"pa_tur-kitap","9":"pa_yayinevi-koyusiyah-kitap","10":"pa_yazar-n-serpil-altuntek","12":"first","13":"instock","14":"sale","15":"shipping-taxable","16":"purchasable","17":"product-type-simple"},"_links":{"self":[{"href":"https:\/\/roveyayinevi.com.tr\/index.php\/wp-json\/wp\/v2\/product\/769238","targetHints":{"allow":["GET"]}}],"collection":[{"href":"https:\/\/roveyayinevi.com.tr\/index.php\/wp-json\/wp\/v2\/product"}],"about":[{"href":"https:\/\/roveyayinevi.com.tr\/index.php\/wp-json\/wp\/v2\/types\/product"}],"wp:attachment":[{"href":"https:\/\/roveyayinevi.com.tr\/index.php\/wp-json\/wp\/v2\/media?parent=769238"}],"wp:term":[{"taxonomy":"product_brand","embeddable":true,"href":"https:\/\/roveyayinevi.com.tr\/index.php\/wp-json\/wp\/v2\/product_brand?post=769238"},{"taxonomy":"product_cat","embeddable":true,"href":"https:\/\/roveyayinevi.com.tr\/index.php\/wp-json\/wp\/v2\/product_cat?post=769238"},{"taxonomy":"product_tag","embeddable":true,"href":"https:\/\/roveyayinevi.com.tr\/index.php\/wp-json\/wp\/v2\/product_tag?post=769238"}],"curies":[{"name":"wp","href":"https:\/\/api.w.org\/{rel}","templated":true}]}}