{"id":769236,"date":"2025-08-28T13:47:02","date_gmt":"2025-08-28T10:47:02","guid":{"rendered":"https:\/\/roveyayinevi.com.tr\/index.php\/urun\/sporsal-derlemeler\/"},"modified":"2026-04-15T03:35:37","modified_gmt":"2026-04-15T00:35:37","slug":"sporsal-derlemeler","status":"publish","type":"product","link":"https:\/\/roveyayinevi.com.tr\/index.php\/urun\/sporsal-derlemeler\/","title":{"rendered":"Sporsal Derlemeler"},"content":{"rendered":"<p>\u0130\u00e7indekiler :     \u00b7         SPOR B\u0130L\u0130MLER\u0130NDE \u0130MGELEME ANTRENMANI VE SPORT\u0130F PERFORMANS   \u00b7         SPOR PAZARLAMASINDA YE\u015e\u0130L 4P   \u00b7         FUTBOLDA GOL ANAL\u0130Z\u0130   \u00b7         SPORCULARDA AKC\u0130\u011eER SOLUNUMU VE D\u0130YAFRAM SOLUNUMU ARASINDAK\u0130 FARKLAR   \u00b7         REKREASYON VE Y\u00dcZME \u0130L\u0130\u015eK\u0130S\u0130   \u00b7         D\u00dcNYACA \u00dcNL\u00dc \u015e\u0130RKETLER\u0130N REKREASYON ALANLARI   \u00b7         SPOR VE ATOM\u0130K ALI\u015eKANLIKLAR   \u00b7         EVVEL ZAMAN REKREASYON     \u00b7         TEN\u0130S VE \u00c7OCUK   \u00b7         SPORDA OTOJEN\u0130K ANTRENMAN   \u00b7         SPORDA STRES Y\u00d6NET\u0130M\u0130   \u00b7         PL\u0130OMETR\u0130K ANTRENMANLAR   \u00b7         T\u00dcM V\u00dcCUT D\u0130REN\u00c7 ANTRENMANININ ETK\u0130LER\u0130 <\/p>\n","protected":false},"excerpt":{"rendered":"<p>\u0130\u00e7indekiler : \u00b7 SPOR B\u0130L\u0130MLER\u0130NDE \u0130MGELEME ANTRENMANI VE SPORT\u0130F PERFORMANS \u00b7 SPOR PAZARLAMASINDA YE\u015e\u0130L 4P \u00b7 FUTBOLDA GOL ANAL\u0130Z\u0130 \u00b7 SPORCULARDA AKC\u0130\u011eER SOLUNUMU VE D\u0130YAFRAM SOLUNUMU<span class=\"excerpt-hellip\"> [\u2026]<\/span><\/p>\n","protected":false},"featured_media":0,"template":"","meta":{"_monsterinsights_skip_tracking":false,"_monsterinsights_sitenote_active":false,"_monsterinsights_sitenote_note":"","_monsterinsights_sitenote_category":0},"product_brand":[],"product_cat":[15563,15564],"product_tag":[],"class_list":{"0":"post-769236","1":"product","2":"type-product","3":"status-publish","5":"product_cat-hobi","6":"product_cat-spor","7":"pa_cilt-ciltsiz","8":"pa_tur-kitap","9":"pa_yayinevi-gazi-kitabevi","10":"pa_yazar-kolektif","12":"first","13":"instock","14":"sale","15":"shipping-taxable","16":"purchasable","17":"product-type-simple"},"_links":{"self":[{"href":"https:\/\/roveyayinevi.com.tr\/index.php\/wp-json\/wp\/v2\/product\/769236","targetHints":{"allow":["GET"]}}],"collection":[{"href":"https:\/\/roveyayinevi.com.tr\/index.php\/wp-json\/wp\/v2\/product"}],"about":[{"href":"https:\/\/roveyayinevi.com.tr\/index.php\/wp-json\/wp\/v2\/types\/product"}],"wp:attachment":[{"href":"https:\/\/roveyayinevi.com.tr\/index.php\/wp-json\/wp\/v2\/media?parent=769236"}],"wp:term":[{"taxonomy":"product_brand","embeddable":true,"href":"https:\/\/roveyayinevi.com.tr\/index.php\/wp-json\/wp\/v2\/product_brand?post=769236"},{"taxonomy":"product_cat","embeddable":true,"href":"https:\/\/roveyayinevi.com.tr\/index.php\/wp-json\/wp\/v2\/product_cat?post=769236"},{"taxonomy":"product_tag","embeddable":true,"href":"https:\/\/roveyayinevi.com.tr\/index.php\/wp-json\/wp\/v2\/product_tag?post=769236"}],"curies":[{"name":"wp","href":"https:\/\/api.w.org\/{rel}","templated":true}]}}