{"id":769220,"date":"2025-08-28T13:46:07","date_gmt":"2025-08-28T10:46:07","guid":{"rendered":"https:\/\/roveyayinevi.com.tr\/index.php\/urun\/karanligin-rengi-2\/"},"modified":"2026-04-15T03:35:36","modified_gmt":"2026-04-15T00:35:36","slug":"karanligin-rengi-2","status":"publish","type":"product","link":"https:\/\/roveyayinevi.com.tr\/index.php\/urun\/karanligin-rengi-2\/","title":{"rendered":"Karanl\u0131\u011f\u0131n Rengi"},"content":{"rendered":"<p>Ona g\u00f6re d\u00fcnyaya ilk geli\u015fim de\u011fildi bu, daha \u00f6nceki geli\u015flerimde hayat\u0131ma kar\u0131\u015fan insanlar\u0131 g\u00f6r\u00fcyordum. Hemen k\u00fc\u00e7\u00fck bir test yapm\u0131\u015ft\u0131: R\u00fcyamda u\u00e7tu\u011fumu g\u00f6r\u00fcyor muydum? G\u00f6r\u00fcyor ama kollar\u0131m\u0131 kanat gibi \u00e7\u0131rpm\u0131yordum, ku\u015flar\u0131nkine benzer bir u\u00e7ma de\u011fildi bu. \u00d6nce ko\u015fup h\u0131z kazan\u0131yor, sonra s\u0131\u00e7ray\u0131p dizlerimi b\u00fck\u00fcyor ve havadayken her iki aya\u011f\u0131m\u0131 bileklerimden tutarak, bir bi\u00e7imde bo\u015flukta diz\u00fcst\u00fc durarak, yerden \u00e7ok da y\u00fckselmeden u\u00e7uyordum. Tamam i\u015fte, demi\u015fti, sen daha \u00f6nce birka\u00e7 kez d\u00fcnyaya gelmi\u015fsin, ama bu son, bir daha gelmeyeceksin. G\u00fclm\u00fc\u015ft\u00fcm tabii. \u0130nanmad\u0131\u011f\u0131m\u0131 anlay\u0131nca o da g\u00fclm\u00fc\u015ft\u00fc. Uyumadan \u00f6nce kitap okuma al\u0131\u015fkanl\u0131\u011f\u0131n\u0131 b\u0131raksam iyi olacak.Karanl\u0131\u011f\u0131n Rengi, hayata bamba\u015fka bir perspektiften bakanlar\u0131n, yorulanlar\u0131n, usananlar\u0131n, d\u00fc\u015fle ger\u00e7e\u011fi kar\u0131\u015ft\u0131ranlar\u0131n \u00f6yk\u00fclerini g\u00fcn y\u00fcz\u00fcne \u00e7\u0131kar\u0131yor. \u00d6yk\u00fcn\u00fcn \u00e7ok da uzakta olmad\u0131\u011f\u0131n\u0131, her \u015feyin hemen yan\u0131 ba\u015f\u0131m\u0131zda olup bitti\u011fini g\u00f6zler \u00f6n\u00fcne seren Cemil Kavuk\u00e7u, okuru yine bir anda o tan\u0131d\u0131k, yal\u0131n ve heyecanl\u0131 d\u00fcnyaya ortak ediyor.<\/p>\n","protected":false},"excerpt":{"rendered":"<p>Ona g\u00f6re d\u00fcnyaya ilk geli\u015fim de\u011fildi bu, daha \u00f6nceki geli\u015flerimde hayat\u0131ma kar\u0131\u015fan insanlar\u0131 g\u00f6r\u00fcyordum. Hemen k\u00fc\u00e7\u00fck bir test yapm\u0131\u015ft\u0131: R\u00fcyamda u\u00e7tu\u011fumu g\u00f6r\u00fcyor muydum? G\u00f6r\u00fcyor ama kollar\u0131m\u0131<span class=\"excerpt-hellip\"> [\u2026]<\/span><\/p>\n","protected":false},"featured_media":0,"template":"","meta":{"_monsterinsights_skip_tracking":false,"_monsterinsights_sitenote_active":false,"_monsterinsights_sitenote_note":"","_monsterinsights_sitenote_category":0},"product_brand":[],"product_cat":[12291,12711],"product_tag":[],"class_list":{"0":"post-769220","1":"product","2":"type-product","3":"status-publish","5":"product_cat-edebiyat","6":"product_cat-roman-oyku","7":"pa_cilt-ciltsiz","8":"pa_tur-kitap","9":"pa_yayinevi-can-yayinlari","10":"pa_yazar-cemil-kavukcu","12":"first","13":"instock","14":"sale","15":"shipping-taxable","16":"purchasable","17":"product-type-simple"},"_links":{"self":[{"href":"https:\/\/roveyayinevi.com.tr\/index.php\/wp-json\/wp\/v2\/product\/769220","targetHints":{"allow":["GET"]}}],"collection":[{"href":"https:\/\/roveyayinevi.com.tr\/index.php\/wp-json\/wp\/v2\/product"}],"about":[{"href":"https:\/\/roveyayinevi.com.tr\/index.php\/wp-json\/wp\/v2\/types\/product"}],"wp:attachment":[{"href":"https:\/\/roveyayinevi.com.tr\/index.php\/wp-json\/wp\/v2\/media?parent=769220"}],"wp:term":[{"taxonomy":"product_brand","embeddable":true,"href":"https:\/\/roveyayinevi.com.tr\/index.php\/wp-json\/wp\/v2\/product_brand?post=769220"},{"taxonomy":"product_cat","embeddable":true,"href":"https:\/\/roveyayinevi.com.tr\/index.php\/wp-json\/wp\/v2\/product_cat?post=769220"},{"taxonomy":"product_tag","embeddable":true,"href":"https:\/\/roveyayinevi.com.tr\/index.php\/wp-json\/wp\/v2\/product_tag?post=769220"}],"curies":[{"name":"wp","href":"https:\/\/api.w.org\/{rel}","templated":true}]}}