{"id":769215,"date":"2025-08-28T13:45:56","date_gmt":"2025-08-28T10:45:56","guid":{"rendered":"https:\/\/roveyayinevi.com.tr\/index.php\/urun\/yol-seni-yormasin\/"},"modified":"2026-04-15T03:35:36","modified_gmt":"2026-04-15T00:35:36","slug":"yol-seni-yormasin","status":"publish","type":"product","link":"https:\/\/roveyayinevi.com.tr\/index.php\/urun\/yol-seni-yormasin\/","title":{"rendered":"Yol Seni Yormas\u0131n"},"content":{"rendered":"<p>\u0130nsan, nereye gitti\u011fini ve yolun ne zaman son bulaca\u011f\u0131n\u0131 bilmeyen bir yolcu. Varl\u0131k gayesi yolda olmak olan insana d\u00fc\u015fen de y\u00fcr\u00fcmek. Y\u00fcr\u00fcmekse gayeyi bilmenin ve ona ula\u015fmak istemenin ispat\u0131. Yol zorlu, yol me\u015fakkatli. Yol \u00e7etin, yol engellerle dolu. Yol \u00e7eldiricilerle dolu. \u201cDaha kestirme bir yol var.\u201d diyenlerin, \u201cDaha kolay\u0131 var.\u201d diyenlerin sufleleri\u2026 \u015e\u00fcphelerin, \u201cacaba\u201dlar\u0131n, korkular\u0131n ve k\u00f6t\u00fclerin\/k\u00f6t\u00fcl\u00fcklerin musallatl\u0131\u011f\u0131\u2026 Ve daha yolun ba\u015f\u0131nda yorgun d\u00fc\u015f\u00fcp vazge\u00e7enler\u2026 Arkas\u0131n\u0131 kollamaktan \u00f6n\u00fcne bakmaya f\u0131rsat bulamayanlar\u2026 Yan\u0131nda y\u00fcr\u00fcmesi gerekenlerin arkadan \u00e7eki\u015ftirmesiyle y\u00fcr\u00fcmeye derman\u0131 kalmayanlar\u2026 \u201cBakmakla yetinme. Y\u00fczeysel bak\u0131\u015f her zaman yan\u0131lt\u0131r. G\u00f6rmeyi de \u00f6\u011fren.\u201d diyen bu kitap, yoruldu\u011funuz zamanlarda size g\u00fc\u00e7 veren bir nefes olacak. <\/p>\n","protected":false},"excerpt":{"rendered":"<p>\u0130nsan, nereye gitti\u011fini ve yolun ne zaman son bulaca\u011f\u0131n\u0131 bilmeyen bir yolcu. Varl\u0131k gayesi yolda olmak olan insana d\u00fc\u015fen de y\u00fcr\u00fcmek. Y\u00fcr\u00fcmekse gayeyi bilmenin ve ona<span class=\"excerpt-hellip\"> [\u2026]<\/span><\/p>\n","protected":false},"featured_media":0,"template":"","meta":{"_monsterinsights_skip_tracking":false,"_monsterinsights_sitenote_active":false,"_monsterinsights_sitenote_note":"","_monsterinsights_sitenote_category":0},"product_brand":[],"product_cat":[12364,12376],"product_tag":[],"class_list":{"0":"post-769215","1":"product","2":"type-product","3":"status-publish","5":"product_cat-genel-konular","6":"product_cat-kisisel-gelisim","7":"pa_cilt-ciltsiz","8":"pa_tur-kitap","9":"pa_yayinevi-cinaralti-yayinlari","10":"pa_yazar-idris-koc","12":"first","13":"instock","14":"sale","15":"shipping-taxable","16":"purchasable","17":"product-type-simple"},"_links":{"self":[{"href":"https:\/\/roveyayinevi.com.tr\/index.php\/wp-json\/wp\/v2\/product\/769215","targetHints":{"allow":["GET"]}}],"collection":[{"href":"https:\/\/roveyayinevi.com.tr\/index.php\/wp-json\/wp\/v2\/product"}],"about":[{"href":"https:\/\/roveyayinevi.com.tr\/index.php\/wp-json\/wp\/v2\/types\/product"}],"wp:attachment":[{"href":"https:\/\/roveyayinevi.com.tr\/index.php\/wp-json\/wp\/v2\/media?parent=769215"}],"wp:term":[{"taxonomy":"product_brand","embeddable":true,"href":"https:\/\/roveyayinevi.com.tr\/index.php\/wp-json\/wp\/v2\/product_brand?post=769215"},{"taxonomy":"product_cat","embeddable":true,"href":"https:\/\/roveyayinevi.com.tr\/index.php\/wp-json\/wp\/v2\/product_cat?post=769215"},{"taxonomy":"product_tag","embeddable":true,"href":"https:\/\/roveyayinevi.com.tr\/index.php\/wp-json\/wp\/v2\/product_tag?post=769215"}],"curies":[{"name":"wp","href":"https:\/\/api.w.org\/{rel}","templated":true}]}}