{"id":769201,"date":"2025-08-28T13:45:29","date_gmt":"2025-08-28T10:45:29","guid":{"rendered":"https:\/\/roveyayinevi.com.tr\/index.php\/urun\/nefes-4\/"},"modified":"2026-04-15T03:35:36","modified_gmt":"2026-04-15T00:35:36","slug":"nefes-4","status":"publish","type":"product","link":"https:\/\/roveyayinevi.com.tr\/index.php\/urun\/nefes-4\/","title":{"rendered":"Nefes"},"content":{"rendered":"<p>A\u015eK SEN\u0130 BULDU\u011eUNDA, KADER\u0130N SIRRI DA PE\u015e\u0130NE D\u00dc\u015eER. KA\u00c7AB\u0130L\u0130R M\u0130S\u0130N?   Birbirine ait olan iki \u015fey birle\u015fti\u011finde, t\u0131pk\u0131 evrendeki di\u011fer her \u015fey gibi, denge sa\u011flan\u0131r. \u0130nsan, ruh e\u015fini buldu\u011funda ise kader yaz\u0131lmaya ba\u015flar.   Nefes, bu d\u00fcnyaya \u00f6zel bir g\u00f6revle g\u00f6nderilmi\u015fti. Ama hayat\u0131n\u0131n a\u015fk\u0131 Kenan\u2019la g\u00f6z g\u00f6ze geldi\u011fi an, hi\u00e7 beklenmedik bir \u015fekilde kaderi harekete ge\u00e7ti. Onun i\u00e7in her \u015fey art\u0131k geri d\u00f6n\u00fclemez bir noktadayd\u0131. B\u00fcy\u00fck bir s\u0131rr\u0131n i\u00e7inde, a\u015fk ve g\u00f6rev i\u00e7 i\u00e7e ge\u00e7mi\u015fti.   Soydan ge\u00e7en, yaln\u0131zca baz\u0131 kad\u0131nlara bah\u015fedilen bir yetenek: Empatl\u0131k. D\u00fcnyan\u0131n y\u00fck\u00fcn\u00fc hafifletmek i\u00e7in se\u00e7ilmi\u015f olanlardan biri olan Nefes, Kenan\u2019la kar\u015f\u0131la\u015ft\u0131\u011f\u0131nda, kaderinin en b\u00fcy\u00fck s\u0131nav\u0131yla y\u00fczle\u015fti: A\u015fk\u0131n insan\u0131n ayaklar\u0131n\u0131 yerden kesen sarho\u015f edici etkisi ile a\u011f\u0131r bir sorumlulu\u011fun y\u00fck\u00fc aras\u0131nda s\u0131k\u0131\u015f\u0131p kalmak&#8230; Bununla ba\u015fa \u00e7\u0131kmak m\u00fcmk\u00fcn m\u00fcyd\u00fc?   Psikoloji ara\u015ft\u0131rmac\u0131s\u0131 ve yazar \u015eehval G\u00f6rmez, Nefes\u2019te romantizmin en derin tonlar\u0131n\u0131 ruhun en karanl\u0131k s\u0131rlar\u0131yla birle\u015ftiriyor. A\u015fk\u0131n, hayat\u0131n ve \u00f6l\u00fcm\u00fcn s\u0131n\u0131rlar\u0131n\u0131 ke\u015ffedece\u011finiz bu roman, sizi sat\u0131rlar\u0131n aras\u0131nda unutulmaz bir yolculu\u011fa \u00e7\u0131karacak.b\u0131rakma zaman\u0131! <\/p>\n","protected":false},"excerpt":{"rendered":"<p>A\u015eK SEN\u0130 BULDU\u011eUNDA, KADER\u0130N SIRRI DA PE\u015e\u0130NE D\u00dc\u015eER. KA\u00c7AB\u0130L\u0130R M\u0130S\u0130N? Birbirine ait olan iki \u015fey birle\u015fti\u011finde, t\u0131pk\u0131 evrendeki di\u011fer her \u015fey gibi, denge sa\u011flan\u0131r. \u0130nsan, ruh<span class=\"excerpt-hellip\"> [\u2026]<\/span><\/p>\n","protected":false},"featured_media":0,"template":"","meta":{"_monsterinsights_skip_tracking":false,"_monsterinsights_sitenote_active":false,"_monsterinsights_sitenote_note":"","_monsterinsights_sitenote_category":0},"product_brand":[],"product_cat":[12291,12711],"product_tag":[],"class_list":{"0":"post-769201","1":"product","2":"type-product","3":"status-publish","5":"product_cat-edebiyat","6":"product_cat-roman-oyku","7":"pa_cilt-ciltsiz","8":"pa_tur-kitap","9":"pa_yayinevi-destek-yayinlari","10":"pa_yazar-sehval-gormez","12":"first","13":"instock","14":"sale","15":"shipping-taxable","16":"purchasable","17":"product-type-simple"},"_links":{"self":[{"href":"https:\/\/roveyayinevi.com.tr\/index.php\/wp-json\/wp\/v2\/product\/769201","targetHints":{"allow":["GET"]}}],"collection":[{"href":"https:\/\/roveyayinevi.com.tr\/index.php\/wp-json\/wp\/v2\/product"}],"about":[{"href":"https:\/\/roveyayinevi.com.tr\/index.php\/wp-json\/wp\/v2\/types\/product"}],"wp:attachment":[{"href":"https:\/\/roveyayinevi.com.tr\/index.php\/wp-json\/wp\/v2\/media?parent=769201"}],"wp:term":[{"taxonomy":"product_brand","embeddable":true,"href":"https:\/\/roveyayinevi.com.tr\/index.php\/wp-json\/wp\/v2\/product_brand?post=769201"},{"taxonomy":"product_cat","embeddable":true,"href":"https:\/\/roveyayinevi.com.tr\/index.php\/wp-json\/wp\/v2\/product_cat?post=769201"},{"taxonomy":"product_tag","embeddable":true,"href":"https:\/\/roveyayinevi.com.tr\/index.php\/wp-json\/wp\/v2\/product_tag?post=769201"}],"curies":[{"name":"wp","href":"https:\/\/api.w.org\/{rel}","templated":true}]}}