{"id":769188,"date":"2025-08-28T13:44:59","date_gmt":"2025-08-28T10:44:59","guid":{"rendered":"https:\/\/roveyayinevi.com.tr\/index.php\/urun\/esma-i-husna-gezegeni\/"},"modified":"2025-12-30T11:37:36","modified_gmt":"2025-12-30T08:37:36","slug":"esma-i-husna-gezegeni","status":"publish","type":"product","link":"https:\/\/roveyayinevi.com.tr\/index.php\/urun\/esma-i-husna-gezegeni\/","title":{"rendered":"Esma-i H\u00fcsna Gezegeni"},"content":{"rendered":"<p>Ba\u015f\u0131n\u0131 kald\u0131r\u0131p bak uzaya, Ay\u2019a, G\u00fcne\u015f\u2019e, Sat\u00fcrn\u2019e ve Mars\u2019a\u2026 \u015eimdi de bakmak ister misin do\u011faya? A\u011fa\u00e7lara, nehirlere, denizlere ve ovalara\u2026 B\u00fcy\u00fck k\u00fc\u00e7\u00fck, zay\u0131f \u015fi\u015fman, gizli sakl\u0131 ya da ortada\u2026 Her \u015feyin \u00fczerinde g\u00f6rebilece\u011fin tek bir imza! Bana inanm\u0131yorsan \u015fimdi ko\u015f bak aynaya! Allah\u2019\u0131n e\u015fsiz yaratt\u0131\u011f\u0131 birini g\u00f6receksin orada! Hatice K\u00fcbra Tongar, K\u00e2inata bir Esm\u00e2-i H\u00fcsn\u00e2 penceresi a\u00e7\u0131yor. Bu pencereden bakan b\u00fct\u00fcn \u00e7ocuklar, g\u00f6zlerine tefekk\u00fcr g\u00f6zl\u00fc\u011f\u00fc tak\u0131yor. <\/p>\n","protected":false},"excerpt":{"rendered":"<p>Ba\u015f\u0131n\u0131 kald\u0131r\u0131p bak uzaya, Ay\u2019a, G\u00fcne\u015f\u2019e, Sat\u00fcrn\u2019e ve Mars\u2019a\u2026 \u015eimdi de bakmak ister misin do\u011faya? A\u011fa\u00e7lara, nehirlere, denizlere ve ovalara\u2026 B\u00fcy\u00fck k\u00fc\u00e7\u00fck, zay\u0131f \u015fi\u015fman, gizli sakl\u0131<span class=\"excerpt-hellip\"> [\u2026]<\/span><\/p>\n","protected":false},"featured_media":0,"template":"","meta":{"_monsterinsights_skip_tracking":false,"_monsterinsights_sitenote_active":false,"_monsterinsights_sitenote_note":"","_monsterinsights_sitenote_category":0},"product_brand":[],"product_cat":[12274,18802],"product_tag":[],"class_list":{"0":"post-769188","1":"product","2":"type-product","3":"status-publish","5":"product_cat-cocuk-ve-genclik-kitaplari","6":"product_cat-din-egitimi","7":"pa_cilt-ciltsiz","8":"pa_tur-kitap","9":"pa_yayinevi-aile-yayinlari","10":"pa_yazar-hatice-kubra-tongar","12":"first","13":"instock","14":"sale","15":"shipping-taxable","16":"purchasable","17":"product-type-simple"},"_links":{"self":[{"href":"https:\/\/roveyayinevi.com.tr\/index.php\/wp-json\/wp\/v2\/product\/769188","targetHints":{"allow":["GET"]}}],"collection":[{"href":"https:\/\/roveyayinevi.com.tr\/index.php\/wp-json\/wp\/v2\/product"}],"about":[{"href":"https:\/\/roveyayinevi.com.tr\/index.php\/wp-json\/wp\/v2\/types\/product"}],"wp:attachment":[{"href":"https:\/\/roveyayinevi.com.tr\/index.php\/wp-json\/wp\/v2\/media?parent=769188"}],"wp:term":[{"taxonomy":"product_brand","embeddable":true,"href":"https:\/\/roveyayinevi.com.tr\/index.php\/wp-json\/wp\/v2\/product_brand?post=769188"},{"taxonomy":"product_cat","embeddable":true,"href":"https:\/\/roveyayinevi.com.tr\/index.php\/wp-json\/wp\/v2\/product_cat?post=769188"},{"taxonomy":"product_tag","embeddable":true,"href":"https:\/\/roveyayinevi.com.tr\/index.php\/wp-json\/wp\/v2\/product_tag?post=769188"}],"curies":[{"name":"wp","href":"https:\/\/api.w.org\/{rel}","templated":true}]}}