{"id":769156,"date":"2025-08-28T13:44:03","date_gmt":"2025-08-28T10:44:03","guid":{"rendered":"https:\/\/roveyayinevi.com.tr\/index.php\/urun\/islamin-duru-gercegi\/"},"modified":"2026-04-15T03:35:00","modified_gmt":"2026-04-15T00:35:00","slug":"islamin-duru-gercegi","status":"publish","type":"product","link":"https:\/\/roveyayinevi.com.tr\/index.php\/urun\/islamin-duru-gercegi\/","title":{"rendered":"\u0130slam\u2019\u0131n Duru Ger\u00e7e\u011fi"},"content":{"rendered":"<p>\u0130slam\u2019\u0131n Duru Ger\u00e7e\u011fi, insan\u0131n d\u00e2hili huzura ve ger\u00e7ek anlam aray\u0131\u015f\u0131na ula\u015fabilece\u011fi tek yoldur. Dinsizli\u011fin yaratt\u0131\u011f\u0131 bo\u015fluk ve ama\u00e7s\u0131zl\u0131k ile \u0130slam\u2019\u0131n sundu\u011fu ruhsal bar\u0131\u015f aras\u0131ndaki farklar\u0131 ke\u015ffedeceksiniz. Kolayl\u0131k dini \u0130slam, sadece bir inan\u00e7 de\u011fil, ya\u015fam\u0131 y\u00f6nlendiren bir rehberdir. \u0130man, kalbinizi ar\u0131nd\u0131ran ve hayat\u0131n\u0131za anlam katan en g\u00fc\u00e7l\u00fc kaynakt\u0131r. Bu kitap, size ger\u00e7ek huzuru ve manevi d\u00f6n\u00fc\u015f\u00fcm\u00fc vaat ediyor. Ger\u00e7ek anlam\u0131 bulmak i\u00e7in do\u011fru yolda oldu\u011funuzu fark edeceksiniz. Bir insan\u0131n i\u00e7indeki bo\u015flu\u011fu doldurabilmesi, yaln\u0131zca ger\u00e7ek imanla m\u00fcmk\u00fcnd\u00fcr. Bu eser, size o iman\u0131 bulma yolunda rehberlik edecek.<\/p>\n","protected":false},"excerpt":{"rendered":"<p>\u0130slam\u2019\u0131n Duru Ger\u00e7e\u011fi, insan\u0131n d\u00e2hili huzura ve ger\u00e7ek anlam aray\u0131\u015f\u0131na ula\u015fabilece\u011fi tek yoldur. Dinsizli\u011fin yaratt\u0131\u011f\u0131 bo\u015fluk ve ama\u00e7s\u0131zl\u0131k ile \u0130slam\u2019\u0131n sundu\u011fu ruhsal bar\u0131\u015f aras\u0131ndaki farklar\u0131 ke\u015ffedeceksiniz.<span class=\"excerpt-hellip\"> [\u2026]<\/span><\/p>\n","protected":false},"featured_media":0,"template":"","meta":{"_monsterinsights_skip_tracking":false,"_monsterinsights_sitenote_active":false,"_monsterinsights_sitenote_note":"","_monsterinsights_sitenote_category":0},"product_brand":[],"product_cat":[12718,12719],"product_tag":[],"class_list":{"0":"post-769156","1":"product","2":"type-product","3":"status-publish","5":"product_cat-din","6":"product_cat-islam","7":"pa_cilt-ciltsiz","8":"pa_tur-kitap","9":"pa_yayinevi-kalem-lugat-yayincilik","10":"pa_yazar-zubeyt-bozkurt","12":"first","13":"instock","14":"sale","15":"shipping-taxable","16":"purchasable","17":"product-type-simple"},"_links":{"self":[{"href":"https:\/\/roveyayinevi.com.tr\/index.php\/wp-json\/wp\/v2\/product\/769156","targetHints":{"allow":["GET"]}}],"collection":[{"href":"https:\/\/roveyayinevi.com.tr\/index.php\/wp-json\/wp\/v2\/product"}],"about":[{"href":"https:\/\/roveyayinevi.com.tr\/index.php\/wp-json\/wp\/v2\/types\/product"}],"wp:attachment":[{"href":"https:\/\/roveyayinevi.com.tr\/index.php\/wp-json\/wp\/v2\/media?parent=769156"}],"wp:term":[{"taxonomy":"product_brand","embeddable":true,"href":"https:\/\/roveyayinevi.com.tr\/index.php\/wp-json\/wp\/v2\/product_brand?post=769156"},{"taxonomy":"product_cat","embeddable":true,"href":"https:\/\/roveyayinevi.com.tr\/index.php\/wp-json\/wp\/v2\/product_cat?post=769156"},{"taxonomy":"product_tag","embeddable":true,"href":"https:\/\/roveyayinevi.com.tr\/index.php\/wp-json\/wp\/v2\/product_tag?post=769156"}],"curies":[{"name":"wp","href":"https:\/\/api.w.org\/{rel}","templated":true}]}}