{"id":769155,"date":"2025-08-28T13:44:02","date_gmt":"2025-08-28T10:44:02","guid":{"rendered":"https:\/\/roveyayinevi.com.tr\/index.php\/urun\/insanligin-onemi\/"},"modified":"2026-04-15T03:35:00","modified_gmt":"2026-04-15T00:35:00","slug":"insanligin-onemi","status":"publish","type":"product","link":"https:\/\/roveyayinevi.com.tr\/index.php\/urun\/insanligin-onemi\/","title":{"rendered":"\u0130nsanl\u0131\u011f\u0131n \u00d6nemi"},"content":{"rendered":"<p>\u0130nsanl\u0131\u011f\u0131n \u00d6nemi Bir Y\u00fczy\u0131l\u0131n Hik\u00e2yesi Bu kitap, insanl\u0131\u011f\u0131n varolu\u015f amac\u0131n\u0131, bireylerin toplum i\u00e7indeki yerini ve evrimsel s\u00fcre\u00e7teki etkilerini derinlemesine sorgulayan bir yolculu\u011fa \u00e7\u0131kar\u0131yor. Modern d\u00fcnyan\u0131n h\u0131zla de\u011fi\u015fen y\u00fcz\u00fcyle, insanl\u0131k tarihi ve k\u00fclt\u00fcrleri aras\u0131ndaki ba\u011flar\u0131 yeniden ke\u015ffetmeye davet eden yazar, her birimizin sahip oldu\u011fu de\u011ferleri sorgularken, toplumsal ve bireysel sorumluluklar\u0131m\u0131z\u0131 yeniden hat\u0131rlat\u0131yor. &#8220;\u0130nsanl\u0131\u011f\u0131n \u00d6nemi&#8221;, d\u00e2hili bir ke\u015fif, toplumla bar\u0131\u015f i\u00e7inde var olma ve insan olman\u0131n derin anlam\u0131na dair \u00e7a\u011fda\u015f bir bak\u0131\u015f sunuyor. \u0130nsanl\u0131k tarihinin kesi\u015fim noktas\u0131nda, bizi \u015fekillendiren de\u011ferler \u00fczerine d\u00fc\u015f\u00fcnd\u00fcren bu eser, okuyucusuna sadece bilgi sunmakla kalmay\u0131p, ayn\u0131 zamanda anlaml\u0131 bir d\u00f6n\u00fc\u015f\u00fcm i\u00e7in ilham veriyor. Birlikte in\u015fa etti\u011fimiz d\u00fcnyaya, ya\u015fam\u0131n ger\u00e7ek anlam\u0131na dair \u00e7ok y\u00f6nl\u00fc bir bak\u0131\u015f a\u00e7\u0131s\u0131 kazand\u0131ran bu kitap, herkes i\u00e7in bir okuma \u00f6nerisi. <\/p>\n","protected":false},"excerpt":{"rendered":"<p>\u0130nsanl\u0131\u011f\u0131n \u00d6nemi Bir Y\u00fczy\u0131l\u0131n Hik\u00e2yesi Bu kitap, insanl\u0131\u011f\u0131n varolu\u015f amac\u0131n\u0131, bireylerin toplum i\u00e7indeki yerini ve evrimsel s\u00fcre\u00e7teki etkilerini derinlemesine sorgulayan bir yolculu\u011fa \u00e7\u0131kar\u0131yor. Modern d\u00fcnyan\u0131n h\u0131zla<span class=\"excerpt-hellip\"> [\u2026]<\/span><\/p>\n","protected":false},"featured_media":0,"template":"","meta":{"_monsterinsights_skip_tracking":false,"_monsterinsights_sitenote_active":false,"_monsterinsights_sitenote_note":"","_monsterinsights_sitenote_category":0},"product_brand":[],"product_cat":[13488],"product_tag":[],"class_list":{"0":"post-769155","1":"product","2":"type-product","3":"status-publish","5":"product_cat-toplum-ve-insan","6":"pa_cilt-ciltsiz","7":"pa_tur-kitap","8":"pa_yayinevi-kalem-lugat-yayincilik","9":"pa_yazar-nurullah-opcin","11":"first","12":"instock","13":"sale","14":"shipping-taxable","15":"purchasable","16":"product-type-simple"},"_links":{"self":[{"href":"https:\/\/roveyayinevi.com.tr\/index.php\/wp-json\/wp\/v2\/product\/769155","targetHints":{"allow":["GET"]}}],"collection":[{"href":"https:\/\/roveyayinevi.com.tr\/index.php\/wp-json\/wp\/v2\/product"}],"about":[{"href":"https:\/\/roveyayinevi.com.tr\/index.php\/wp-json\/wp\/v2\/types\/product"}],"wp:attachment":[{"href":"https:\/\/roveyayinevi.com.tr\/index.php\/wp-json\/wp\/v2\/media?parent=769155"}],"wp:term":[{"taxonomy":"product_brand","embeddable":true,"href":"https:\/\/roveyayinevi.com.tr\/index.php\/wp-json\/wp\/v2\/product_brand?post=769155"},{"taxonomy":"product_cat","embeddable":true,"href":"https:\/\/roveyayinevi.com.tr\/index.php\/wp-json\/wp\/v2\/product_cat?post=769155"},{"taxonomy":"product_tag","embeddable":true,"href":"https:\/\/roveyayinevi.com.tr\/index.php\/wp-json\/wp\/v2\/product_tag?post=769155"}],"curies":[{"name":"wp","href":"https:\/\/api.w.org\/{rel}","templated":true}]}}