{"id":769151,"date":"2025-08-28T13:43:55","date_gmt":"2025-08-28T10:43:55","guid":{"rendered":"https:\/\/roveyayinevi.com.tr\/index.php\/urun\/temel-finans-ve-yatirim-okuryazarligi\/"},"modified":"2026-04-15T03:35:00","modified_gmt":"2026-04-15T00:35:00","slug":"temel-finans-ve-yatirim-okuryazarligi","status":"publish","type":"product","link":"https:\/\/roveyayinevi.com.tr\/index.php\/urun\/temel-finans-ve-yatirim-okuryazarligi\/","title":{"rendered":"Temel Finans Ve Yat\u0131r\u0131m Okuryazarl\u0131\u011f\u0131"},"content":{"rendered":"<p>\u0130\u00e7indekiler :     \u00b7         PARA: TAR\u0130H, \u0130\u015eLEV VE G\u00dcN\u00dcM\u00dcZDEK\u0130 ROL\u00dc   \u00b7         PARANIN PATRONU: MERKEZ BANKALARI   \u00b7         PARANIN ZAMAN DE\u011eER\u0130   \u00b7         MENKUL KIYMETLER   \u00b7         R\u0130SK VE GET\u0130R\u0130   \u00b7         F\u0130NANSAL P\u0130YASALAR <\/p>\n","protected":false},"excerpt":{"rendered":"<p>\u0130\u00e7indekiler : \u00b7 PARA: TAR\u0130H, \u0130\u015eLEV VE G\u00dcN\u00dcM\u00dcZDEK\u0130 ROL\u00dc \u00b7 PARANIN PATRONU: MERKEZ BANKALARI \u00b7 PARANIN ZAMAN DE\u011eER\u0130 \u00b7 MENKUL KIYMETLER \u00b7 R\u0130SK VE GET\u0130R\u0130 \u00b7<span class=\"excerpt-hellip\"> [\u2026]<\/span><\/p>\n","protected":false},"featured_media":0,"template":"","meta":{"_monsterinsights_skip_tracking":false,"_monsterinsights_sitenote_active":false,"_monsterinsights_sitenote_note":"","_monsterinsights_sitenote_category":0},"product_brand":[],"product_cat":[13043],"product_tag":[],"class_list":{"0":"post-769151","1":"product","2":"type-product","3":"status-publish","5":"product_cat-ekonomi","6":"pa_cilt-ciltsiz","7":"pa_tur-kitap","8":"pa_yayinevi-gazi-kitabevi","9":"pa_yazar-berkan-atas","11":"first","12":"instock","13":"sale","14":"shipping-taxable","15":"purchasable","16":"product-type-simple"},"_links":{"self":[{"href":"https:\/\/roveyayinevi.com.tr\/index.php\/wp-json\/wp\/v2\/product\/769151","targetHints":{"allow":["GET"]}}],"collection":[{"href":"https:\/\/roveyayinevi.com.tr\/index.php\/wp-json\/wp\/v2\/product"}],"about":[{"href":"https:\/\/roveyayinevi.com.tr\/index.php\/wp-json\/wp\/v2\/types\/product"}],"wp:attachment":[{"href":"https:\/\/roveyayinevi.com.tr\/index.php\/wp-json\/wp\/v2\/media?parent=769151"}],"wp:term":[{"taxonomy":"product_brand","embeddable":true,"href":"https:\/\/roveyayinevi.com.tr\/index.php\/wp-json\/wp\/v2\/product_brand?post=769151"},{"taxonomy":"product_cat","embeddable":true,"href":"https:\/\/roveyayinevi.com.tr\/index.php\/wp-json\/wp\/v2\/product_cat?post=769151"},{"taxonomy":"product_tag","embeddable":true,"href":"https:\/\/roveyayinevi.com.tr\/index.php\/wp-json\/wp\/v2\/product_tag?post=769151"}],"curies":[{"name":"wp","href":"https:\/\/api.w.org\/{rel}","templated":true}]}}