{"id":769149,"date":"2025-08-28T13:43:51","date_gmt":"2025-08-28T10:43:51","guid":{"rendered":"https:\/\/roveyayinevi.com.tr\/index.php\/urun\/defterler-1919-1973\/"},"modified":"2026-04-15T03:35:00","modified_gmt":"2026-04-15T00:35:00","slug":"defterler-1919-1973","status":"publish","type":"product","link":"https:\/\/roveyayinevi.com.tr\/index.php\/urun\/defterler-1919-1973\/","title":{"rendered":"Defterler (1919-1973)"},"content":{"rendered":"<p>Cumhuriyet tarihinin ilk elli y\u0131l\u0131n\u0131n ba\u015f akt\u00f6rlerinden biriydi \u0130smet \u0130n\u00f6n\u00fc.   Defterler, T\u00fcrkiye\u2019nin yeti\u015ftirdi\u011fi en b\u00fcy\u00fck devlet adamlar\u0131ndan birinin en \u201cmahrem\u201d say\u0131labilecek yaz\u0131lar\u0131n\u0131, yani kendi tuttu\u011fu not defterlerini g\u00fcn \u0131\u015f\u0131\u011f\u0131na \u00e7\u0131kar\u0131yor. Siyasal tarihimizin kilometre ta\u015flar\u0131n\u0131n birinci elden anlat\u0131m\u0131n\u0131n yan\u0131 s\u0131ra, siyaset\u00e7i \u0130smet \u0130n\u00f6n\u00fc\u2019n\u00fcn insani yanlar\u0131n\u0131 da ortaya koyuyor.   Ahmet Demirel\u2019in yay\u0131na haz\u0131rlad\u0131\u011f\u0131 ve tarihsel notlarla zenginle\u015ftirdi\u011fi Defterler, yak\u0131n tarih ara\u015ft\u0131rmac\u0131lar\u0131n\u0131n ve T\u00fcrk siyasal hayat\u0131na merak duyan herkesin ilgiyle okuyaca\u011f\u0131 bir belge. <\/p>\n","protected":false},"excerpt":{"rendered":"<p>Cumhuriyet tarihinin ilk elli y\u0131l\u0131n\u0131n ba\u015f akt\u00f6rlerinden biriydi \u0130smet \u0130n\u00f6n\u00fc. Defterler, T\u00fcrkiye\u2019nin yeti\u015ftirdi\u011fi en b\u00fcy\u00fck devlet adamlar\u0131ndan birinin en \u201cmahrem\u201d say\u0131labilecek yaz\u0131lar\u0131n\u0131, yani kendi tuttu\u011fu not<span class=\"excerpt-hellip\"> [\u2026]<\/span><\/p>\n","protected":false},"featured_media":0,"template":"","meta":{"_monsterinsights_skip_tracking":false,"_monsterinsights_sitenote_active":false,"_monsterinsights_sitenote_note":"","_monsterinsights_sitenote_category":0},"product_brand":[],"product_cat":[12304],"product_tag":[],"class_list":{"0":"post-769149","1":"product","2":"type-product","3":"status-publish","5":"product_cat-tarih","6":"pa_cilt-ciltsiz","7":"pa_tur-kitap","8":"pa_yayinevi-yapi-kredi-yayinlari","9":"pa_yazar-ismet-inonu","11":"first","12":"instock","13":"sale","14":"shipping-taxable","15":"purchasable","16":"product-type-simple"},"_links":{"self":[{"href":"https:\/\/roveyayinevi.com.tr\/index.php\/wp-json\/wp\/v2\/product\/769149","targetHints":{"allow":["GET"]}}],"collection":[{"href":"https:\/\/roveyayinevi.com.tr\/index.php\/wp-json\/wp\/v2\/product"}],"about":[{"href":"https:\/\/roveyayinevi.com.tr\/index.php\/wp-json\/wp\/v2\/types\/product"}],"wp:attachment":[{"href":"https:\/\/roveyayinevi.com.tr\/index.php\/wp-json\/wp\/v2\/media?parent=769149"}],"wp:term":[{"taxonomy":"product_brand","embeddable":true,"href":"https:\/\/roveyayinevi.com.tr\/index.php\/wp-json\/wp\/v2\/product_brand?post=769149"},{"taxonomy":"product_cat","embeddable":true,"href":"https:\/\/roveyayinevi.com.tr\/index.php\/wp-json\/wp\/v2\/product_cat?post=769149"},{"taxonomy":"product_tag","embeddable":true,"href":"https:\/\/roveyayinevi.com.tr\/index.php\/wp-json\/wp\/v2\/product_tag?post=769149"}],"curies":[{"name":"wp","href":"https:\/\/api.w.org\/{rel}","templated":true}]}}