{"id":769148,"date":"2025-08-28T13:43:49","date_gmt":"2025-08-28T10:43:49","guid":{"rendered":"https:\/\/roveyayinevi.com.tr\/index.php\/urun\/alti-adimda-basarili-literatur-tarama\/"},"modified":"2026-04-15T03:35:00","modified_gmt":"2026-04-15T00:35:00","slug":"alti-adimda-basarili-literatur-tarama","status":"publish","type":"product","link":"https:\/\/roveyayinevi.com.tr\/index.php\/urun\/alti-adimda-basarili-literatur-tarama\/","title":{"rendered":"Alt\u0131 Ad\u0131mda Ba\u015far\u0131l\u0131 Literat\u00fcr Tarama"},"content":{"rendered":"<p>Alt\u0131 Ad\u0131mda Ba\u015far\u0131l\u0131 Literat\u00fcr Tarama esas olarak iki ara\u015ft\u0131rmac\u0131 grubuna y\u00f6neliktir: Y\u00fcksek lisans tezlerini tamamlayanlar ve doktora tezleri \u00fczerinde \u00e7al\u0131\u015fanlar. Ara\u015ft\u0131rma \u00f6devi yapan veya \u00e7o\u011fu y\u00fcksek lisans projesini tamamlayanlar da belirli bir konu \u00fczerindeki mevcut bilgileri \u00f6zetleyen ve de\u011ferlendiren literat\u00fcr taramalar\u0131 hakk\u0131nda rehberlik sunmaktad\u0131r. Baz\u0131 y\u00fcksek lisans tezleri ve t\u00fcm doktora tezleri ise daha kapsaml\u0131 bir literat\u00fcr taramas\u0131 gerektirmektedir. Bu kitap, \u00f6zg\u00fcn ara\u015ft\u0131rma gerektiren bir problemi tan\u0131mlay\u0131p tart\u0131\u015fmak zorunda olan \u00f6\u011frenciler i\u00e7in karma\u015f\u0131k bir literat\u00fcr taramas\u0131n\u0131 tamamlaman\u0131n ilk a\u015famas\u0131nda da olduk\u00e7a yararl\u0131d\u0131r. Kitab\u0131n b\u00fcy\u00fck bir k\u0131sm\u0131 e\u011fitim alan\u0131n\u0131 ba\u011flam olarak kullansa da sunulan model, strateji ve ara\u00e7lar sosyal bilimler i\u00e7inde \u00e7ok daha geni\u015f bir kitleye hitap etmektedir. E\u011fitim, uygulamal\u0131 bir bilim dal\u0131d\u0131r. Bu nedenle kitapta yer alan bir\u00e7ok \u00f6rnek ve strateji, sosyal ve \u00f6rg\u00fctsel psikoloji, sosyoloji ve grup psikolojisi gibi farkl\u0131 bak\u0131\u015f a\u00e7\u0131lar\u0131ndan literat\u00fcr\u00fc ele almaktad\u0131r. B\u00f6ylece bu disiplinlerde \u00f6\u011frenim g\u00f6ren \u00f6\u011frenciler de bu kitaptan yararlanabileceklerdir.<\/p>\n","protected":false},"excerpt":{"rendered":"<p>Alt\u0131 Ad\u0131mda Ba\u015far\u0131l\u0131 Literat\u00fcr Tarama esas olarak iki ara\u015ft\u0131rmac\u0131 grubuna y\u00f6neliktir: Y\u00fcksek lisans tezlerini tamamlayanlar ve doktora tezleri \u00fczerinde \u00e7al\u0131\u015fanlar. Ara\u015ft\u0131rma \u00f6devi yapan veya \u00e7o\u011fu y\u00fcksek<span class=\"excerpt-hellip\"> [\u2026]<\/span><\/p>\n","protected":false},"featured_media":0,"template":"","meta":{"_monsterinsights_skip_tracking":false,"_monsterinsights_sitenote_active":false,"_monsterinsights_sitenote_note":"","_monsterinsights_sitenote_category":0},"product_brand":[],"product_cat":[12573,12566],"product_tag":[],"class_list":{"0":"post-769148","1":"product","2":"type-product","3":"status-publish","5":"product_cat-akademik-kitaplar","6":"product_cat-egitim","7":"pa_cilt-ciltsiz","8":"pa_tur-kitap","9":"pa_yayinevi-ani-yayincilik","10":"pa_yazar-kolektif","12":"first","13":"instock","14":"sale","15":"shipping-taxable","16":"purchasable","17":"product-type-simple"},"_links":{"self":[{"href":"https:\/\/roveyayinevi.com.tr\/index.php\/wp-json\/wp\/v2\/product\/769148","targetHints":{"allow":["GET"]}}],"collection":[{"href":"https:\/\/roveyayinevi.com.tr\/index.php\/wp-json\/wp\/v2\/product"}],"about":[{"href":"https:\/\/roveyayinevi.com.tr\/index.php\/wp-json\/wp\/v2\/types\/product"}],"wp:attachment":[{"href":"https:\/\/roveyayinevi.com.tr\/index.php\/wp-json\/wp\/v2\/media?parent=769148"}],"wp:term":[{"taxonomy":"product_brand","embeddable":true,"href":"https:\/\/roveyayinevi.com.tr\/index.php\/wp-json\/wp\/v2\/product_brand?post=769148"},{"taxonomy":"product_cat","embeddable":true,"href":"https:\/\/roveyayinevi.com.tr\/index.php\/wp-json\/wp\/v2\/product_cat?post=769148"},{"taxonomy":"product_tag","embeddable":true,"href":"https:\/\/roveyayinevi.com.tr\/index.php\/wp-json\/wp\/v2\/product_tag?post=769148"}],"curies":[{"name":"wp","href":"https:\/\/api.w.org\/{rel}","templated":true}]}}