{"id":769139,"date":"2025-08-28T13:43:27","date_gmt":"2025-08-28T10:43:27","guid":{"rendered":"https:\/\/roveyayinevi.com.tr\/index.php\/urun\/yenilenen-dunyada-turkiye\/"},"modified":"2026-04-15T03:35:00","modified_gmt":"2026-04-15T00:35:00","slug":"yenilenen-dunyada-turkiye","status":"publish","type":"product","link":"https:\/\/roveyayinevi.com.tr\/index.php\/urun\/yenilenen-dunyada-turkiye\/","title":{"rendered":"Yenilenen D\u00fcnyada T\u00fcrkiye"},"content":{"rendered":"<p>Al\u0131\u015f\u0131lan d\u00fczen \u00e7at\u0131rd\u0131yor, yerle\u015fmi\u015f kal\u0131plar k\u0131r\u0131l\u0131yor. Eskiyi anlatan fikirler yeniyi anlamada yetersiz kal\u0131yor. D\u00fcnya, i\u00e7inden ge\u00e7ti\u011fimiz s\u00fcre\u00e7te, tarihte az rastlanan de\u011fi\u015fimlerden birine tan\u0131kl\u0131k ediyor. Elinizdeki kitap i\u015fte bu de\u011fi\u015fimin temel dinamiklerini anlat\u0131yor. Yenilenen d\u00fcnyan\u0131n \u015fifrelerini k\u0131rarken T\u00fcrkiye\u2019nin konumunu tart\u0131\u015f\u0131yor. Bu kitaba hayat veren Dr. Volkan \u00d6zdemir, \u00fcst\u00fcn analitik yakla\u015f\u0131m\u0131, ak\u0131c\u0131 \u00fcslubu ve sentezleme yetene\u011fi ile eserinde d\u00fcnya ile T\u00fcrkiye; jeopolitik ile ekonomi aras\u0131nda sadece k\u00f6pr\u00fcler kurmuyor, sebep sonu\u00e7 ili\u015fkileri \u00fczerinden yeni tezler \u00f6ne s\u00fcr\u00fcyor. Kitap 21.y\u00fczy\u0131lda her y\u00f6n\u00fc ile t\u0131kanan k\u00fcresel sistemin hastal\u0131klar\u0131na ayr\u0131 ayr\u0131 te\u015fhis koyuyor ve okuyucuyu ak\u0131l ve mant\u0131k \u00e7er\u00e7evesi i\u00e7inde objektif \u015fekilde ikna edebiliyor. Tamamen ger\u00e7ekler ve olgular \u00fczerinden y\u00fcr\u00fcyen kitap, ideolojik yakla\u015f\u0131m i\u00e7indekileri dahi ikna edebilecek somut verilerden g\u00fc\u00e7 al\u0131yor. Yazd\u0131\u011f\u0131 her kitap en az bu kitap kadar etki yaratan Dr. Volkan \u00d6zdemir en b\u00fcy\u00fck \u00f6zelli\u011fi olan tarihi ve tarihsel dersleri g\u00fcn\u00fcm\u00fcz ko\u015fullar\u0131 i\u00e7inde k\u0131yaslama ile yorumlamas\u0131n\u0131 bu kitab\u0131nda da etkinlikle kullanm\u0131\u015f&#8230; K\u0131sacas\u0131 kitap 20. y\u00fczy\u0131l\u0131n sonu\u00e7lar\u0131 ile 21.y\u00fczy\u0131l\u0131n ilk \u00e7eyre\u011finin yorumlanmas\u0131 \u00fczerinden gelece\u011fe \u0131\u015f\u0131k tutuyor. <\/p>\n","protected":false},"excerpt":{"rendered":"<p>Al\u0131\u015f\u0131lan d\u00fczen \u00e7at\u0131rd\u0131yor, yerle\u015fmi\u015f kal\u0131plar k\u0131r\u0131l\u0131yor. Eskiyi anlatan fikirler yeniyi anlamada yetersiz kal\u0131yor. D\u00fcnya, i\u00e7inden ge\u00e7ti\u011fimiz s\u00fcre\u00e7te, tarihte az rastlanan de\u011fi\u015fimlerden birine tan\u0131kl\u0131k ediyor. Elinizdeki kitap<span class=\"excerpt-hellip\"> [\u2026]<\/span><\/p>\n","protected":false},"featured_media":0,"template":"","meta":{"_monsterinsights_skip_tracking":false,"_monsterinsights_sitenote_active":false,"_monsterinsights_sitenote_note":"","_monsterinsights_sitenote_category":0},"product_brand":[],"product_cat":[12364],"product_tag":[],"class_list":{"0":"post-769139","1":"product","2":"type-product","3":"status-publish","5":"product_cat-genel-konular","6":"pa_cilt-ciltsiz","7":"pa_tur-kitap","8":"pa_yayinevi-kirmizi-kedi-yayinevi","9":"pa_yazar-volkan-ozdemir","11":"first","12":"instock","13":"sale","14":"shipping-taxable","15":"purchasable","16":"product-type-simple"},"_links":{"self":[{"href":"https:\/\/roveyayinevi.com.tr\/index.php\/wp-json\/wp\/v2\/product\/769139","targetHints":{"allow":["GET"]}}],"collection":[{"href":"https:\/\/roveyayinevi.com.tr\/index.php\/wp-json\/wp\/v2\/product"}],"about":[{"href":"https:\/\/roveyayinevi.com.tr\/index.php\/wp-json\/wp\/v2\/types\/product"}],"wp:attachment":[{"href":"https:\/\/roveyayinevi.com.tr\/index.php\/wp-json\/wp\/v2\/media?parent=769139"}],"wp:term":[{"taxonomy":"product_brand","embeddable":true,"href":"https:\/\/roveyayinevi.com.tr\/index.php\/wp-json\/wp\/v2\/product_brand?post=769139"},{"taxonomy":"product_cat","embeddable":true,"href":"https:\/\/roveyayinevi.com.tr\/index.php\/wp-json\/wp\/v2\/product_cat?post=769139"},{"taxonomy":"product_tag","embeddable":true,"href":"https:\/\/roveyayinevi.com.tr\/index.php\/wp-json\/wp\/v2\/product_tag?post=769139"}],"curies":[{"name":"wp","href":"https:\/\/api.w.org\/{rel}","templated":true}]}}