{"id":769138,"date":"2025-08-28T13:43:25","date_gmt":"2025-08-28T10:43:25","guid":{"rendered":"https:\/\/roveyayinevi.com.tr\/index.php\/urun\/kultur-medeniyet-maarif-kavramlari-ve-turklerin-bakisi\/"},"modified":"2026-04-15T03:35:00","modified_gmt":"2026-04-15T00:35:00","slug":"kultur-medeniyet-maarif-kavramlari-ve-turklerin-bakisi","status":"publish","type":"product","link":"https:\/\/roveyayinevi.com.tr\/index.php\/urun\/kultur-medeniyet-maarif-kavramlari-ve-turklerin-bakisi\/","title":{"rendered":"K\u00fclt\u00fcr, Medeniyet, Maarif Kavramlar\u0131 ve T\u00fcrklerin Bak\u0131\u015f\u0131"},"content":{"rendered":"<p>Eserde k\u00fclt\u00fcr, medeniyet ve maarif konular\u0131 kavramsal bir \u00e7er\u00e7evede ve Tarih\u00e7i bak\u0131\u015f a\u00e7\u0131s\u0131yla de\u011ferlendirilmi\u015ftir. \u00dczerinde uzla\u015f\u0131lamayan ve pek \u00e7ok d\u00fc\u015f\u00fcn\u00fcr\u00fcn, bilim insan\u0131n\u0131n farkl\u0131 anlamlar y\u00fckledikleri k\u00fclt\u00fcr ve medeniyet kavram\u0131na, ayr\u0131lmaz bir par\u00e7as\u0131 olmas\u0131 dolay\u0131s\u0131yla maarif\/e\u011fitim kavram\u0131 da eklenmi\u015ftir. T\u00fcrklerin k\u00fclt\u00fcr, medeniyet ve maarif alg\u0131s\u0131, \u00f6zellikle XIX. y\u00fczy\u0131ldan g\u00fcn\u00fcm\u00fcze de\u011fin, geleneksel yap\u0131lardan moderniteye uzanan serencam\u0131n anla\u015f\u0131lmas\u0131 \u00e7abas\u0131na giri\u015filmi\u015ftir. Zor olan bu \u00e7abada Prof. Dr. Tuncer Baykara\u2019n\u0131n eserleri yol g\u00f6sterici olmu\u015f, \u00fcnl\u00fc T\u00fcrk tarih\u00e7isi Baykara\u2019n\u0131n T\u00fcrk k\u00fclt\u00fcr\u00fc ve medeniyetine dair 60 y\u0131l\u0131 bulan say\u0131s\u0131z eserleri \u00f6\u011frencisine ilham vermi\u015f ve eseri Hocas\u0131 Prof. Dr. Tuncer Baykara\u2019ya ithaf etmi\u015ftir. <\/p>\n","protected":false},"excerpt":{"rendered":"<p>Eserde k\u00fclt\u00fcr, medeniyet ve maarif konular\u0131 kavramsal bir \u00e7er\u00e7evede ve Tarih\u00e7i bak\u0131\u015f a\u00e7\u0131s\u0131yla de\u011ferlendirilmi\u015ftir. \u00dczerinde uzla\u015f\u0131lamayan ve pek \u00e7ok d\u00fc\u015f\u00fcn\u00fcr\u00fcn, bilim insan\u0131n\u0131n farkl\u0131 anlamlar y\u00fckledikleri k\u00fclt\u00fcr<span class=\"excerpt-hellip\"> [\u2026]<\/span><\/p>\n","protected":false},"featured_media":0,"template":"","meta":{"_monsterinsights_skip_tracking":false,"_monsterinsights_sitenote_active":false,"_monsterinsights_sitenote_note":"","_monsterinsights_sitenote_category":0},"product_brand":[],"product_cat":[12370,12304],"product_tag":[],"class_list":{"0":"post-769138","1":"product","2":"type-product","3":"status-publish","5":"product_cat-arastirma-inceleme","6":"product_cat-tarih","7":"pa_cilt-ciltsiz","8":"pa_tur-kitap","9":"pa_yayinevi-ideal-kultur-akademik","10":"pa_yazar-nurgun-koc","12":"first","13":"instock","14":"sale","15":"shipping-taxable","16":"purchasable","17":"product-type-simple"},"_links":{"self":[{"href":"https:\/\/roveyayinevi.com.tr\/index.php\/wp-json\/wp\/v2\/product\/769138","targetHints":{"allow":["GET"]}}],"collection":[{"href":"https:\/\/roveyayinevi.com.tr\/index.php\/wp-json\/wp\/v2\/product"}],"about":[{"href":"https:\/\/roveyayinevi.com.tr\/index.php\/wp-json\/wp\/v2\/types\/product"}],"wp:attachment":[{"href":"https:\/\/roveyayinevi.com.tr\/index.php\/wp-json\/wp\/v2\/media?parent=769138"}],"wp:term":[{"taxonomy":"product_brand","embeddable":true,"href":"https:\/\/roveyayinevi.com.tr\/index.php\/wp-json\/wp\/v2\/product_brand?post=769138"},{"taxonomy":"product_cat","embeddable":true,"href":"https:\/\/roveyayinevi.com.tr\/index.php\/wp-json\/wp\/v2\/product_cat?post=769138"},{"taxonomy":"product_tag","embeddable":true,"href":"https:\/\/roveyayinevi.com.tr\/index.php\/wp-json\/wp\/v2\/product_tag?post=769138"}],"curies":[{"name":"wp","href":"https:\/\/api.w.org\/{rel}","templated":true}]}}