{"id":769127,"date":"2025-08-28T13:43:01","date_gmt":"2025-08-28T10:43:01","guid":{"rendered":"https:\/\/roveyayinevi.com.tr\/index.php\/urun\/merakli-kulup-ile-rotamiz-arda-guler\/"},"modified":"2026-04-15T03:34:59","modified_gmt":"2026-04-15T00:34:59","slug":"merakli-kulup-ile-rotamiz-arda-guler","status":"publish","type":"product","link":"https:\/\/roveyayinevi.com.tr\/index.php\/urun\/merakli-kulup-ile-rotamiz-arda-guler\/","title":{"rendered":"Merakl\u0131 Kul\u00fcp ile Rotam\u0131z Arda G\u00fcler"},"content":{"rendered":"<p>\u015eubat ay\u0131n\u0131n karl\u0131 bir gecesinde bir bebek d\u00fcnyaya geldi. K\u0131sa s\u00fcrede t\u00fcm T\u00fcrkiye\u2019nin, hatta t\u00fcm d\u00fcnyan\u0131n ismini \u00f6\u011frenece\u011fi \u00f6zel bir bebektir. Ba\u015far\u0131 merdivenlerini k\u0131sa s\u00fcrede \u00e7\u0131karak d\u00fcnyan\u0131n en iyi kul\u00fcb\u00fcnde futbol oynayacakt\u0131. Evet, Arda G\u00fcler\u2019den bahsediyorum gen\u00e7 arkada\u015f\u0131m! Bu kitaptaki konu\u011fumuz, hep hayalini kurdu\u011fu ve \u015fimdilerde Real Madrid\u2019de forma giyerek bu hayalini ya\u015fayan Arda G\u00fcler. Beden e\u011fitimi hocas\u0131 \u0130smail Hoca ve bizim Merakl\u0131 Kul\u00fcp \u00fcyeleri \u0130\u00e7 Ses Kuzey, At\u0131\u015ft\u0131rmac\u0131 Sabri, Sessiz Osman, Profes\u00f6r G\u00f6rkem ve D\u0131\u015f Mimar Defne; Arda G\u00fcler\u2019e mikrofon uzatt\u0131. Bakal\u0131m bizim kul\u00fcp \u00fcyelerinin sorular\u0131na ne cevaplar verdi Arda G\u00fcler? Bu m\u00fcthi\u015f kitab\u0131 okumak i\u00e7in kitab\u0131n \u00f6n y\u00fcz\u00fcn\u00fc \u00e7evir ve okumaya ba\u015fla\u2026 <\/p>\n","protected":false},"excerpt":{"rendered":"<p>\u015eubat ay\u0131n\u0131n karl\u0131 bir gecesinde bir bebek d\u00fcnyaya geldi. K\u0131sa s\u00fcrede t\u00fcm T\u00fcrkiye\u2019nin, hatta t\u00fcm d\u00fcnyan\u0131n ismini \u00f6\u011frenece\u011fi \u00f6zel bir bebektir. Ba\u015far\u0131 merdivenlerini k\u0131sa s\u00fcrede \u00e7\u0131karak<span class=\"excerpt-hellip\"> [\u2026]<\/span><\/p>\n","protected":false},"featured_media":0,"template":"","meta":{"_monsterinsights_skip_tracking":false,"_monsterinsights_sitenote_active":false,"_monsterinsights_sitenote_note":"","_monsterinsights_sitenote_category":0},"product_brand":[],"product_cat":[12291,14825],"product_tag":[],"class_list":{"0":"post-769127","1":"product","2":"type-product","3":"status-publish","5":"product_cat-edebiyat","6":"product_cat-mizah","7":"pa_cilt-ciltsiz","8":"pa_tur-kitap","9":"pa_yayinevi-genc-hayat","10":"pa_yazar-huseyin-toy","12":"first","13":"instock","14":"sale","15":"shipping-taxable","16":"purchasable","17":"product-type-simple"},"_links":{"self":[{"href":"https:\/\/roveyayinevi.com.tr\/index.php\/wp-json\/wp\/v2\/product\/769127","targetHints":{"allow":["GET"]}}],"collection":[{"href":"https:\/\/roveyayinevi.com.tr\/index.php\/wp-json\/wp\/v2\/product"}],"about":[{"href":"https:\/\/roveyayinevi.com.tr\/index.php\/wp-json\/wp\/v2\/types\/product"}],"wp:attachment":[{"href":"https:\/\/roveyayinevi.com.tr\/index.php\/wp-json\/wp\/v2\/media?parent=769127"}],"wp:term":[{"taxonomy":"product_brand","embeddable":true,"href":"https:\/\/roveyayinevi.com.tr\/index.php\/wp-json\/wp\/v2\/product_brand?post=769127"},{"taxonomy":"product_cat","embeddable":true,"href":"https:\/\/roveyayinevi.com.tr\/index.php\/wp-json\/wp\/v2\/product_cat?post=769127"},{"taxonomy":"product_tag","embeddable":true,"href":"https:\/\/roveyayinevi.com.tr\/index.php\/wp-json\/wp\/v2\/product_tag?post=769127"}],"curies":[{"name":"wp","href":"https:\/\/api.w.org\/{rel}","templated":true}]}}