{"id":769125,"date":"2025-08-28T13:42:57","date_gmt":"2025-08-28T10:42:57","guid":{"rendered":"https:\/\/roveyayinevi.com.tr\/index.php\/urun\/esik-3\/"},"modified":"2026-04-15T03:34:59","modified_gmt":"2026-04-15T00:34:59","slug":"esik-3","status":"publish","type":"product","link":"https:\/\/roveyayinevi.com.tr\/index.php\/urun\/esik-3\/","title":{"rendered":"E\u015fik"},"content":{"rendered":"<p>Farkl\u0131 bir kariyer kitab\u0131  E\u015e\u0130K Yapay Zek\u00e2 \u00c7a\u011f\u0131nda \u0130\u015f ve \u0130nsan \u2022 Yapay zek\u00e2 \u00e7a\u011f\u0131nda i\u015f d\u00fcnyas\u0131 nas\u0131l evriliyor? \u2022 \u0130nsan, bu yeni d\u00fczeninin neresinde yer al\u0131yor? \u2022Yapay zek\u00e2 ara\u00e7lar\u0131 mesleklerin sonunu mu getirecek? Bir sistem analisti olan Oz, veri analiti\u011fi, yapay zek\u00e2 projeleri ve kullan\u0131c\u0131 deneyimleriyle dolu i\u015f hayat\u0131nda sadece bir \u00e7al\u0131\u015fan de\u011fil, ayn\u0131 zamanda bir lider olarak da s\u0131nan\u0131yor. Oz\u2019un hik\u00e2yesi; modern i\u015f d\u00fcnyas\u0131nda kar\u015f\u0131la\u015f\u0131lan zorluklar\u0131, ekip y\u00f6netimi, m\u00fc\u015fteri memnuniyeti ve teknolojik d\u00f6n\u00fc\u015f\u00fcm s\u00fcre\u00e7lerini etkileyici bir anlat\u0131mla g\u00f6zler \u00f6n\u00fcne seriyor. G\u00fcn\u00fcm\u00fcz insan\u0131, yaz\u0131l\u0131mlar\u0131n ve yapay zek\u00e2n\u0131n merkezinde oldu\u011fu bir d\u00fcnyada kendine nas\u0131l bir yer bulur? \u0130\u015f d\u00fcnyas\u0131n\u0131n sat\u0131r aralar\u0131na inmek ve teknolojinin insan hayat\u0131n\u0131 nas\u0131l d\u00f6n\u00fc\u015ft\u00fcrd\u00fc\u011f\u00fcne dair yeni bir bak\u0131\u015f a\u00e7\u0131s\u0131 kazanmak elinizde. \u0130\u015f hayat\u0131na at\u0131lmadan \u00f6nce de i\u015fe ba\u015flad\u0131ktan sonra da okunmas\u0131 gereken ilk kitap: E\u015e\u0130K-Yapay Zek\u00e2 \u00c7a\u011f\u0131nda \u0130\u015f ve \u0130nsan.<\/p>\n","protected":false},"excerpt":{"rendered":"<p>Farkl\u0131 bir kariyer kitab\u0131 E\u015e\u0130K Yapay Zek\u00e2 \u00c7a\u011f\u0131nda \u0130\u015f ve \u0130nsan \u2022 Yapay zek\u00e2 \u00e7a\u011f\u0131nda i\u015f d\u00fcnyas\u0131 nas\u0131l evriliyor? \u2022 \u0130nsan, bu yeni d\u00fczeninin neresinde yer<span class=\"excerpt-hellip\"> [\u2026]<\/span><\/p>\n","protected":false},"featured_media":0,"template":"","meta":{"_monsterinsights_skip_tracking":false,"_monsterinsights_sitenote_active":false,"_monsterinsights_sitenote_note":"","_monsterinsights_sitenote_category":0},"product_brand":[],"product_cat":[13005],"product_tag":[],"class_list":{"0":"post-769125","1":"product","2":"type-product","3":"status-publish","5":"product_cat-bilim-muhendislik","6":"pa_cilt-ciltsiz","7":"pa_tur-kitap","8":"pa_yayinevi-hayat-yayinlari","9":"pa_yazar-havvana-camurlu","11":"first","12":"instock","13":"sale","14":"shipping-taxable","15":"purchasable","16":"product-type-simple"},"_links":{"self":[{"href":"https:\/\/roveyayinevi.com.tr\/index.php\/wp-json\/wp\/v2\/product\/769125","targetHints":{"allow":["GET"]}}],"collection":[{"href":"https:\/\/roveyayinevi.com.tr\/index.php\/wp-json\/wp\/v2\/product"}],"about":[{"href":"https:\/\/roveyayinevi.com.tr\/index.php\/wp-json\/wp\/v2\/types\/product"}],"wp:attachment":[{"href":"https:\/\/roveyayinevi.com.tr\/index.php\/wp-json\/wp\/v2\/media?parent=769125"}],"wp:term":[{"taxonomy":"product_brand","embeddable":true,"href":"https:\/\/roveyayinevi.com.tr\/index.php\/wp-json\/wp\/v2\/product_brand?post=769125"},{"taxonomy":"product_cat","embeddable":true,"href":"https:\/\/roveyayinevi.com.tr\/index.php\/wp-json\/wp\/v2\/product_cat?post=769125"},{"taxonomy":"product_tag","embeddable":true,"href":"https:\/\/roveyayinevi.com.tr\/index.php\/wp-json\/wp\/v2\/product_tag?post=769125"}],"curies":[{"name":"wp","href":"https:\/\/api.w.org\/{rel}","templated":true}]}}