{"id":769124,"date":"2025-08-28T13:42:53","date_gmt":"2025-08-28T10:42:53","guid":{"rendered":"https:\/\/roveyayinevi.com.tr\/index.php\/urun\/mahzendeki-sir\/"},"modified":"2026-04-15T03:34:59","modified_gmt":"2026-04-15T00:34:59","slug":"mahzendeki-sir","status":"publish","type":"product","link":"https:\/\/roveyayinevi.com.tr\/index.php\/urun\/mahzendeki-sir\/","title":{"rendered":"Mahzendeki S\u0131r"},"content":{"rendered":"<p>\u201c\u0130nsan\u0131n istedi\u011finde uzaklara gidebilmesi ne g\u00fczel bir \u015feydi.\u201d   Tarih\u00ee binan\u0131n derinliklerinde \u00f6rt\u00fcl\u00fc bir s\u0131r\u2026 Daha \u00f6nce kimsenin kar\u015f\u0131la\u015fmad\u0131\u011f\u0131 bu s\u0131r, Poyraz ve Selim ikilisini bir yolculu\u011fa \u00e7a\u011f\u0131r\u0131yor\u2026   Kim bile isteye bir arkada\u015f\u0131n\u0131 incitir ki? Poyraz ve Selim, hi\u00e7 istemeseler de bu konuda feci bir \u015fekilde \u00e7uvallad\u0131lar, ne var ki \u015fansl\u0131lard\u0131 da\u2026 Eksantrik ve m\u00fcthi\u015f biri olan Nazif \u00d6\u011fretmen\u2019in verdi\u011fi g\u00f6revler sayesinde hem kendilerini G\u00f6ktu\u011f\u2019a affettirebilme hem de okuldaki fiyakalar\u0131n\u0131 d\u00fczeltme \u015fans\u0131 ge\u00e7mi\u015fti ellerine. Ve bir g\u00fcn okulun bodrum kat\u0131nda, antika bir sand\u0131\u011f\u0131n i\u00e7inde ke\u015ffettikleri gizemli kask sayesinde kendilerini bir anda bamba\u015fka bir zamanda buldular: \u00c7ok sevecekleri Yunus Emre\u2019nin zaman\u0131nda!   Mahzendeki S\u0131r: Yunus Emre\u2019nin \u0130zinde, hata yapman\u0131n, sevgi diliyle g\u00f6n\u00fcl alman\u0131n, g\u00f6lge olup Yunus Emre ruhunu ya\u015faman\u0131n hik\u00e2yesi\u2026 <\/p>\n","protected":false},"excerpt":{"rendered":"<p>\u201c\u0130nsan\u0131n istedi\u011finde uzaklara gidebilmesi ne g\u00fczel bir \u015feydi.\u201d Tarih\u00ee binan\u0131n derinliklerinde \u00f6rt\u00fcl\u00fc bir s\u0131r\u2026 Daha \u00f6nce kimsenin kar\u015f\u0131la\u015fmad\u0131\u011f\u0131 bu s\u0131r, Poyraz ve Selim ikilisini bir yolculu\u011fa<span class=\"excerpt-hellip\"> [\u2026]<\/span><\/p>\n","protected":false},"featured_media":0,"template":"","meta":{"_monsterinsights_skip_tracking":false,"_monsterinsights_sitenote_active":false,"_monsterinsights_sitenote_note":"","_monsterinsights_sitenote_category":0},"product_brand":[],"product_cat":[12291,12711],"product_tag":[],"class_list":{"0":"post-769124","1":"product","2":"type-product","3":"status-publish","5":"product_cat-edebiyat","6":"product_cat-roman-oyku","7":"pa_cilt-ciltsiz","8":"pa_tur-kitap","9":"pa_yayinevi-ketebe-yayinlari","10":"pa_yazar-aydin-hiz","12":"first","13":"instock","14":"sale","15":"shipping-taxable","16":"purchasable","17":"product-type-simple"},"_links":{"self":[{"href":"https:\/\/roveyayinevi.com.tr\/index.php\/wp-json\/wp\/v2\/product\/769124","targetHints":{"allow":["GET"]}}],"collection":[{"href":"https:\/\/roveyayinevi.com.tr\/index.php\/wp-json\/wp\/v2\/product"}],"about":[{"href":"https:\/\/roveyayinevi.com.tr\/index.php\/wp-json\/wp\/v2\/types\/product"}],"wp:attachment":[{"href":"https:\/\/roveyayinevi.com.tr\/index.php\/wp-json\/wp\/v2\/media?parent=769124"}],"wp:term":[{"taxonomy":"product_brand","embeddable":true,"href":"https:\/\/roveyayinevi.com.tr\/index.php\/wp-json\/wp\/v2\/product_brand?post=769124"},{"taxonomy":"product_cat","embeddable":true,"href":"https:\/\/roveyayinevi.com.tr\/index.php\/wp-json\/wp\/v2\/product_cat?post=769124"},{"taxonomy":"product_tag","embeddable":true,"href":"https:\/\/roveyayinevi.com.tr\/index.php\/wp-json\/wp\/v2\/product_tag?post=769124"}],"curies":[{"name":"wp","href":"https:\/\/api.w.org\/{rel}","templated":true}]}}