{"id":769116,"date":"2025-08-28T13:42:38","date_gmt":"2025-08-28T10:42:38","guid":{"rendered":"https:\/\/roveyayinevi.com.tr\/index.php\/urun\/kurumsal-risk-yonetimi\/"},"modified":"2026-04-15T03:34:59","modified_gmt":"2026-04-15T00:34:59","slug":"kurumsal-risk-yonetimi","status":"publish","type":"product","link":"https:\/\/roveyayinevi.com.tr\/index.php\/urun\/kurumsal-risk-yonetimi\/","title":{"rendered":"Kurumsal Risk Y\u00f6netimi"},"content":{"rendered":"<p>\u0130\u00e7indekiler :   B\u0130R\u0130NC\u0130 B\u00d6L\u00dcM KAVRAMSAL \u00c7ER\u00c7EVE   \u0130K\u0130NC\u0130 B\u00d6L\u00dcM D\u00dcNYADA VE T\u00dcRK\u0130YE\u2019DEK\u0130 GEL\u0130\u015eMELER I\u015eI\u011eINDA: T\u00dcRK KAMU MAL\u0130 Y\u00d6NET\u0130M\u0130NDE KURUMSAL R\u0130SK Y\u00d6NET\u0130M\u0130   \u00dc\u00c7\u00dcNC\u00dc B\u00d6L\u00dcM T\u00dcRK KAMU MAL\u0130 Y\u00d6NET\u0130M\u0130NDE KURUMSAL R\u0130SK Y\u00d6NET\u0130M\u0130 UYGULAMA \u00c7ER\u00c7EVES\u0130 3.1. KAMU KURUMSAL R\u0130SK Y\u00d6NET\u0130M\u0130N\u0130N AKT\u00d6RLER\u0130   D\u00d6RD\u00dcNC\u00dc B\u00d6L\u00dcM ABC \u00dcN\u0130VERS\u0130TES\u0130 KURUMSAL R\u0130SK Y\u00d6NET\u0130M\u0130 UYGULAMASI <\/p>\n","protected":false},"excerpt":{"rendered":"<p>\u0130\u00e7indekiler : B\u0130R\u0130NC\u0130 B\u00d6L\u00dcM KAVRAMSAL \u00c7ER\u00c7EVE \u0130K\u0130NC\u0130 B\u00d6L\u00dcM D\u00dcNYADA VE T\u00dcRK\u0130YE\u2019DEK\u0130 GEL\u0130\u015eMELER I\u015eI\u011eINDA: T\u00dcRK KAMU MAL\u0130 Y\u00d6NET\u0130M\u0130NDE KURUMSAL R\u0130SK Y\u00d6NET\u0130M\u0130 \u00dc\u00c7\u00dcNC\u00dc B\u00d6L\u00dcM T\u00dcRK KAMU MAL\u0130 Y\u00d6NET\u0130M\u0130NDE<span class=\"excerpt-hellip\"> [\u2026]<\/span><\/p>\n","protected":false},"featured_media":0,"template":"","meta":{"_monsterinsights_skip_tracking":false,"_monsterinsights_sitenote_active":false,"_monsterinsights_sitenote_note":"","_monsterinsights_sitenote_category":0},"product_brand":[],"product_cat":[13043],"product_tag":[],"class_list":{"0":"post-769116","1":"product","2":"type-product","3":"status-publish","5":"product_cat-ekonomi","6":"pa_cilt-ciltsiz","7":"pa_tur-kitap","8":"pa_yayinevi-gazi-kitabevi","9":"pa_yazar-ali-kestane","11":"first","12":"instock","13":"sale","14":"shipping-taxable","15":"purchasable","16":"product-type-simple"},"_links":{"self":[{"href":"https:\/\/roveyayinevi.com.tr\/index.php\/wp-json\/wp\/v2\/product\/769116","targetHints":{"allow":["GET"]}}],"collection":[{"href":"https:\/\/roveyayinevi.com.tr\/index.php\/wp-json\/wp\/v2\/product"}],"about":[{"href":"https:\/\/roveyayinevi.com.tr\/index.php\/wp-json\/wp\/v2\/types\/product"}],"wp:attachment":[{"href":"https:\/\/roveyayinevi.com.tr\/index.php\/wp-json\/wp\/v2\/media?parent=769116"}],"wp:term":[{"taxonomy":"product_brand","embeddable":true,"href":"https:\/\/roveyayinevi.com.tr\/index.php\/wp-json\/wp\/v2\/product_brand?post=769116"},{"taxonomy":"product_cat","embeddable":true,"href":"https:\/\/roveyayinevi.com.tr\/index.php\/wp-json\/wp\/v2\/product_cat?post=769116"},{"taxonomy":"product_tag","embeddable":true,"href":"https:\/\/roveyayinevi.com.tr\/index.php\/wp-json\/wp\/v2\/product_tag?post=769116"}],"curies":[{"name":"wp","href":"https:\/\/api.w.org\/{rel}","templated":true}]}}