{"id":769109,"date":"2025-08-28T13:42:23","date_gmt":"2025-08-28T10:42:23","guid":{"rendered":"https:\/\/roveyayinevi.com.tr\/index.php\/urun\/aristoteles-ve-buyuk-iskender\/"},"modified":"2026-04-15T03:34:59","modified_gmt":"2026-04-15T00:34:59","slug":"aristoteles-ve-buyuk-iskender","status":"publish","type":"product","link":"https:\/\/roveyayinevi.com.tr\/index.php\/urun\/aristoteles-ve-buyuk-iskender\/","title":{"rendered":"Aristoteles ve B\u00fcy\u00fck \u0130skender"},"content":{"rendered":"<p>Aristoteles ve B\u00fcy\u00fck \u0130skender, Metis K\u00fc\u00e7\u00fck Filozoflar dizisinin 31. kitab\u0131. \u0130skender \u00e7ocukken Aristoteles\u2019in \u00f6\u011frencisiydi. \u015eimdi h\u00fck\u00fcmdar olarak seferlerine ba\u015flarken sava\u015flar\u0131n\u0131 anlatacak tarih\u00e7i ise Aristoteles\u2019in ye\u011fenidir. Mektuplar arac\u0131l\u0131\u011f\u0131yla ilerleyen kitapta hocan\u0131n g\u00f6z\u00fc eski \u00f6\u011frencilerinin \u00fczerindedir.      K\u00fc\u00e7\u00fck Filozoflar Dizisi, 9 &#8211; 14 ya\u015f aras\u0131 \u00e7ocuklar i\u00e7in filozoflar\u0131n hik\u00e2yelerini anlatan \u00e7ok g\u00fczel resimlenmi\u015f kitaplardan olu\u015fuyor. Diziyle \u00e7ocuklar\u0131n felsefeye zevkli bir giri\u015f yapmalar\u0131n\u0131, kendi sorular\u0131n\u0131n pe\u015finden gitme al\u0131\u015fkanl\u0131\u011f\u0131 kazanmalar\u0131n\u0131 ama\u00e7l\u0131yoruz. B\u0130YOGRAF\u0130LER: Yazar\u0131m\u0131z Yan Marchand, Brest liman\u0131na demirlemi\u015f bir felsefe doktoru. Aristoteles\u2019in d\u00fc\u015f\u00fcncesine kat\u0131l\u0131yor: Nas\u0131l ba\u011fland\u0131\u011f\u0131n\u0131 bilmedi\u011fin bir d\u00fc\u011f\u00fcm\u00fc \u00e7\u00f6zemezsin. \u00c7izerimiz Olivia Sautreuil\u2019\u00fcn en b\u00fcy\u00fck tutkusu kendisine kitaplardan bir ma\u011fara kurmak. Resimlerini \u015fimdilik Br\u00fcksel\u2019deki ma\u011faray\u0131 and\u0131ran st\u00fcdyosunda yap\u0131yor. <\/p>\n","protected":false},"excerpt":{"rendered":"<p>Aristoteles ve B\u00fcy\u00fck \u0130skender, Metis K\u00fc\u00e7\u00fck Filozoflar dizisinin 31. kitab\u0131. \u0130skender \u00e7ocukken Aristoteles\u2019in \u00f6\u011frencisiydi. \u015eimdi h\u00fck\u00fcmdar olarak seferlerine ba\u015flarken sava\u015flar\u0131n\u0131 anlatacak tarih\u00e7i ise Aristoteles\u2019in ye\u011fenidir. Mektuplar<span class=\"excerpt-hellip\"> [\u2026]<\/span><\/p>\n","protected":false},"featured_media":0,"template":"","meta":{"_monsterinsights_skip_tracking":false,"_monsterinsights_sitenote_active":false,"_monsterinsights_sitenote_note":"","_monsterinsights_sitenote_category":0},"product_brand":[],"product_cat":[12274,12284],"product_tag":[],"class_list":{"0":"post-769109","1":"product","2":"type-product","3":"status-publish","5":"product_cat-cocuk-ve-genclik-kitaplari","6":"product_cat-hikayeler","7":"pa_cilt-ciltsiz","8":"pa_tur-kitap","9":"pa_yayinevi-metis-yayinlari","10":"pa_yazar-yan-marchand","12":"first","13":"instock","14":"sale","15":"shipping-taxable","16":"purchasable","17":"product-type-simple"},"_links":{"self":[{"href":"https:\/\/roveyayinevi.com.tr\/index.php\/wp-json\/wp\/v2\/product\/769109","targetHints":{"allow":["GET"]}}],"collection":[{"href":"https:\/\/roveyayinevi.com.tr\/index.php\/wp-json\/wp\/v2\/product"}],"about":[{"href":"https:\/\/roveyayinevi.com.tr\/index.php\/wp-json\/wp\/v2\/types\/product"}],"wp:attachment":[{"href":"https:\/\/roveyayinevi.com.tr\/index.php\/wp-json\/wp\/v2\/media?parent=769109"}],"wp:term":[{"taxonomy":"product_brand","embeddable":true,"href":"https:\/\/roveyayinevi.com.tr\/index.php\/wp-json\/wp\/v2\/product_brand?post=769109"},{"taxonomy":"product_cat","embeddable":true,"href":"https:\/\/roveyayinevi.com.tr\/index.php\/wp-json\/wp\/v2\/product_cat?post=769109"},{"taxonomy":"product_tag","embeddable":true,"href":"https:\/\/roveyayinevi.com.tr\/index.php\/wp-json\/wp\/v2\/product_tag?post=769109"}],"curies":[{"name":"wp","href":"https:\/\/api.w.org\/{rel}","templated":true}]}}