{"id":769105,"date":"2025-08-28T13:42:15","date_gmt":"2025-08-28T10:42:15","guid":{"rendered":"https:\/\/roveyayinevi.com.tr\/index.php\/urun\/hafiza-2\/"},"modified":"2026-04-15T03:34:59","modified_gmt":"2026-04-15T00:34:59","slug":"hafiza-2","status":"publish","type":"product","link":"https:\/\/roveyayinevi.com.tr\/index.php\/urun\/hafiza-2\/","title":{"rendered":"Haf\u0131za"},"content":{"rendered":"<p>Bizi biz yapan haf\u0131zam\u0131zd\u0131r. Do\u011fum g\u00fcnlerini, tatilleri ve birka\u00e7 saat, g\u00fcn, ay, hatta pek \u00e7ok y\u0131l \u00f6nce ger\u00e7ekle\u015fen olaylar\u0131 hat\u0131rlamam\u0131z\u0131 sa\u011flayan odur. Ancak haf\u0131za, eskiden edindi\u011fimiz bilgileri akl\u0131m\u0131za getirmekten \u00e7ok daha fazlas\u0131d\u0131r. O olmadan konu\u015famaz, okuyamaz, nesneleri tan\u0131mlayamaz, ya\u015fad\u0131\u011f\u0131m\u0131z ortamda y\u00f6n\u00fcm\u00fcz\u00fc tayin edemez, ki\u015fisel ili\u015fkilerimizi s\u00fcrd\u00fcremeyiz. Peki haf\u0131za nas\u0131l i\u015fliyor? \u0130\u015flevsel bile\u015fenleri ve s\u00fcre\u00e7leri neler? Haf\u0131zan\u0131n verimli \u00e7al\u0131\u015fmas\u0131 nas\u0131l m\u00fcmk\u00fcn oluyor? Neyi, neden ve nas\u0131l hat\u0131rl\u0131yoruz? Unutman\u0131n alt\u0131nda yatan fakt\u00f6rler nelerdir? Ger\u00e7ekten unutuyor muyuz? Beyin hasar\u0131 haf\u0131za kapasitemizi nas\u0131l etkiliyor? Haf\u0131za kapasitesinde ya\u015fa ba\u011fl\u0131 ne gibi de\u011fi\u015fiklikler ger\u00e7ekle\u015fiyor? Haf\u0131zan\u0131n verimlili\u011fini hangi tekniklerle art\u0131rabiliriz? Jonathan K. Foster, bu sorular\u0131 titizlikle incelerken g\u00fcncel bilimsel bilgileri anla\u015f\u0131labilir bir \u015fekilde bir araya getiriyor. Jonathan K. Foster, Curtin \u00dcniversitesi ve Bat\u0131 Avustralya \u00dcniversitesi\u2019nde \u00f6\u011fretim \u00fcyesidir. Bili\u015fsel n\u00f6robilim, n\u00f6ropsikoloji, \u00e7ocuklar\u0131n n\u00f6robili\u015fsel geli\u015fimi ve haf\u0131za bozukluklar\u0131 alan\u0131nda \u00e7al\u0131\u015fmalar\u0131 vard\u0131r.<\/p>\n","protected":false},"excerpt":{"rendered":"<p>Bizi biz yapan haf\u0131zam\u0131zd\u0131r. Do\u011fum g\u00fcnlerini, tatilleri ve birka\u00e7 saat, g\u00fcn, ay, hatta pek \u00e7ok y\u0131l \u00f6nce ger\u00e7ekle\u015fen olaylar\u0131 hat\u0131rlamam\u0131z\u0131 sa\u011flayan odur. Ancak haf\u0131za, eskiden edindi\u011fimiz<span class=\"excerpt-hellip\"> [\u2026]<\/span><\/p>\n","protected":false},"featured_media":0,"template":"","meta":{"_monsterinsights_skip_tracking":false,"_monsterinsights_sitenote_active":false,"_monsterinsights_sitenote_note":"","_monsterinsights_sitenote_category":0},"product_brand":[],"product_cat":[13005],"product_tag":[],"class_list":{"0":"post-769105","1":"product","2":"type-product","3":"status-publish","5":"product_cat-bilim-muhendislik","6":"pa_cilt-ciltsiz","7":"pa_tur-kitap","8":"pa_yayinevi-koc-universitesi-yayinlari","9":"pa_yazar-jonathan-k-foster","11":"first","12":"instock","13":"sale","14":"shipping-taxable","15":"purchasable","16":"product-type-simple"},"_links":{"self":[{"href":"https:\/\/roveyayinevi.com.tr\/index.php\/wp-json\/wp\/v2\/product\/769105","targetHints":{"allow":["GET"]}}],"collection":[{"href":"https:\/\/roveyayinevi.com.tr\/index.php\/wp-json\/wp\/v2\/product"}],"about":[{"href":"https:\/\/roveyayinevi.com.tr\/index.php\/wp-json\/wp\/v2\/types\/product"}],"wp:attachment":[{"href":"https:\/\/roveyayinevi.com.tr\/index.php\/wp-json\/wp\/v2\/media?parent=769105"}],"wp:term":[{"taxonomy":"product_brand","embeddable":true,"href":"https:\/\/roveyayinevi.com.tr\/index.php\/wp-json\/wp\/v2\/product_brand?post=769105"},{"taxonomy":"product_cat","embeddable":true,"href":"https:\/\/roveyayinevi.com.tr\/index.php\/wp-json\/wp\/v2\/product_cat?post=769105"},{"taxonomy":"product_tag","embeddable":true,"href":"https:\/\/roveyayinevi.com.tr\/index.php\/wp-json\/wp\/v2\/product_tag?post=769105"}],"curies":[{"name":"wp","href":"https:\/\/api.w.org\/{rel}","templated":true}]}}