{"id":769084,"date":"2025-08-28T13:41:34","date_gmt":"2025-08-28T10:41:34","guid":{"rendered":"https:\/\/roveyayinevi.com.tr\/index.php\/urun\/eyvah-kediler-dunyayi-istila-etti\/"},"modified":"2026-04-15T03:34:58","modified_gmt":"2026-04-15T00:34:58","slug":"eyvah-kediler-dunyayi-istila-etti","status":"publish","type":"product","link":"https:\/\/roveyayinevi.com.tr\/index.php\/urun\/eyvah-kediler-dunyayi-istila-etti\/","title":{"rendered":"Eyvah! Kediler D\u00fcnyay\u0131 \u0130stila Etti"},"content":{"rendered":"<p>Efe, sabah\u0131n erken saatlerinde bir garip hisle uyand\u0131. Her sabah oldu\u011fu gibi ku\u015flar\u0131n c\u0131v\u0131lt\u0131s\u0131yla de\u011fil, d\u0131\u015far\u0131dan gelen tuhaf bir u\u011fultuyla uyanm\u0131\u015ft\u0131. Bu ses, insanlar\u0131n konu\u015fmalar\u0131 gibi gelse de biraz garip bir t\u0131n\u0131s\u0131 vard\u0131. Yata\u011f\u0131ndan kalk\u0131p pencereye y\u00f6neldi. Pencereyi a\u00e7ar a\u00e7maz duydu\u011fu ses, Efe\u2019nin g\u00f6zlerini falta\u015f\u0131 gibi a\u00e7t\u0131. Sokakta kediler, b\u00fcy\u00fck bir kalabal\u0131\u011f\u0131n tam ortas\u0131ndayd\u0131. Normalde birka\u00e7 sokak kedisi gezinirken g\u00f6rmeye al\u0131\u015f\u0131k oldu\u011fu manzara, bu kez tamamen farkl\u0131yd\u0131. Kald\u0131r\u0131mlar\u0131n k\u00f6\u015felerinden gelen zarif m\u0131r\u0131lt\u0131lar sokakta yank\u0131lan\u0131yordu. Ama as\u0131l tuhaf olan, kedilerin o m\u0131r\u0131lt\u0131lar\u0131n\u0131n insanlar\u0131 susturuyor gibi g\u00f6r\u00fcnmesiydi. \u0130nsanlar, endi\u015feli ve \u015fa\u015fk\u0131n bir \u015fekilde oradan oraya ko\u015fu\u015fturuyordu, ama kediler hi\u00e7bir \u015feyden etkilenmeden kraliyet edas\u0131yla ortal\u0131kta dola\u015f\u0131yordu. <\/p>\n","protected":false},"excerpt":{"rendered":"<p>Efe, sabah\u0131n erken saatlerinde bir garip hisle uyand\u0131. Her sabah oldu\u011fu gibi ku\u015flar\u0131n c\u0131v\u0131lt\u0131s\u0131yla de\u011fil, d\u0131\u015far\u0131dan gelen tuhaf bir u\u011fultuyla uyanm\u0131\u015ft\u0131. Bu ses, insanlar\u0131n konu\u015fmalar\u0131 gibi<span class=\"excerpt-hellip\"> [\u2026]<\/span><\/p>\n","protected":false},"featured_media":0,"template":"","meta":{"_monsterinsights_skip_tracking":false,"_monsterinsights_sitenote_active":false,"_monsterinsights_sitenote_note":"","_monsterinsights_sitenote_category":0},"product_brand":[],"product_cat":[12274,12284],"product_tag":[],"class_list":{"0":"post-769084","1":"product","2":"type-product","3":"status-publish","5":"product_cat-cocuk-ve-genclik-kitaplari","6":"product_cat-hikayeler","7":"pa_cilt-ciltsiz","8":"pa_tur-kitap","9":"pa_yayinevi-ugi-cocuk","10":"pa_yazar-cem-sahin","12":"first","13":"instock","14":"sale","15":"shipping-taxable","16":"purchasable","17":"product-type-simple"},"_links":{"self":[{"href":"https:\/\/roveyayinevi.com.tr\/index.php\/wp-json\/wp\/v2\/product\/769084","targetHints":{"allow":["GET"]}}],"collection":[{"href":"https:\/\/roveyayinevi.com.tr\/index.php\/wp-json\/wp\/v2\/product"}],"about":[{"href":"https:\/\/roveyayinevi.com.tr\/index.php\/wp-json\/wp\/v2\/types\/product"}],"wp:attachment":[{"href":"https:\/\/roveyayinevi.com.tr\/index.php\/wp-json\/wp\/v2\/media?parent=769084"}],"wp:term":[{"taxonomy":"product_brand","embeddable":true,"href":"https:\/\/roveyayinevi.com.tr\/index.php\/wp-json\/wp\/v2\/product_brand?post=769084"},{"taxonomy":"product_cat","embeddable":true,"href":"https:\/\/roveyayinevi.com.tr\/index.php\/wp-json\/wp\/v2\/product_cat?post=769084"},{"taxonomy":"product_tag","embeddable":true,"href":"https:\/\/roveyayinevi.com.tr\/index.php\/wp-json\/wp\/v2\/product_tag?post=769084"}],"curies":[{"name":"wp","href":"https:\/\/api.w.org\/{rel}","templated":true}]}}