{"id":769070,"date":"2025-08-28T13:41:04","date_gmt":"2025-08-28T10:41:04","guid":{"rendered":"https:\/\/roveyayinevi.com.tr\/index.php\/urun\/aglayan-zerdali\/"},"modified":"2026-04-15T03:34:58","modified_gmt":"2026-04-15T00:34:58","slug":"aglayan-zerdali","status":"publish","type":"product","link":"https:\/\/roveyayinevi.com.tr\/index.php\/urun\/aglayan-zerdali\/","title":{"rendered":"A\u011flayan Zerdali"},"content":{"rendered":"<p>Sabah\u0131n ayaz\u0131 kadar so\u011fuk bedeni, k\u0131r\u0131lm\u0131\u015f koca bir dal gibi b\u0131rakm\u0131\u015ft\u0131 kendini kurumaya. \u00d6l\u00fcm sanki onu korkutmam\u0131\u015f, sevecen ba\u011fr\u0131na basm\u0131\u015ft\u0131. Annesine kavu\u015fmu\u015ftu Dilan. Onu koruyaca\u011f\u0131na inand\u0131\u011f\u0131 tek insana&#8230; Zerdali a\u011fac\u0131 \u00f6ne do\u011fru b\u00fck\u00fclm\u00fc\u015ft\u00fc, Dilan\u2019\u0131n a\u011f\u0131rl\u0131\u011f\u0131na dayanamam\u0131\u015f ve \u00f6ylece kalakalm\u0131\u015ft\u0131. Belki de dayanamad\u0131\u011f\u0131, onun k\u00fc\u00e7\u00fck y\u00fcre\u011findeki umutsuzluk ve h\u00fcz\u00fcnd\u00fc, \u00e7aresizlikti\u2026 En \u00e7ok ihtiyac\u0131 oldu\u011fu zaman arad\u0131\u011f\u0131 ama bulamad\u0131\u011f\u0131 anne sevgisiydi\u2026 Belki de ondand\u0131 yaralanm\u0131\u015f ve re\u00e7inesi akm\u0131\u015f zerdali a\u011fac\u0131n\u0131n, g\u00f6vdesinden a\u015fa\u011f\u0131 do\u011fru s\u00fcz\u00fclen kanl\u0131 ya\u015flar\u0131\u2026 K\u0131z\u0131n\u0131 ancak \u00f6l\u00fcmle ba\u011fr\u0131na basabilen, yapraks\u0131z, so\u011fuk ama sevgi dolu\u2026 <\/p>\n","protected":false},"excerpt":{"rendered":"<p>Sabah\u0131n ayaz\u0131 kadar so\u011fuk bedeni, k\u0131r\u0131lm\u0131\u015f koca bir dal gibi b\u0131rakm\u0131\u015ft\u0131 kendini kurumaya. \u00d6l\u00fcm sanki onu korkutmam\u0131\u015f, sevecen ba\u011fr\u0131na basm\u0131\u015ft\u0131. Annesine kavu\u015fmu\u015ftu Dilan. Onu koruyaca\u011f\u0131na inand\u0131\u011f\u0131<span class=\"excerpt-hellip\"> [\u2026]<\/span><\/p>\n","protected":false},"featured_media":0,"template":"","meta":{"_monsterinsights_skip_tracking":false,"_monsterinsights_sitenote_active":false,"_monsterinsights_sitenote_note":"","_monsterinsights_sitenote_category":0},"product_brand":[],"product_cat":[12291,18202],"product_tag":[],"class_list":{"0":"post-769070","1":"product","2":"type-product","3":"status-publish","5":"product_cat-edebiyat","6":"product_cat-hikaye","7":"pa_cilt-ciltsiz","8":"pa_tur-kitap","9":"pa_yayinevi-zet-yayinlari","10":"pa_yazar-ozgur-mercan","12":"first","13":"instock","14":"sale","15":"shipping-taxable","16":"purchasable","17":"product-type-simple"},"_links":{"self":[{"href":"https:\/\/roveyayinevi.com.tr\/index.php\/wp-json\/wp\/v2\/product\/769070","targetHints":{"allow":["GET"]}}],"collection":[{"href":"https:\/\/roveyayinevi.com.tr\/index.php\/wp-json\/wp\/v2\/product"}],"about":[{"href":"https:\/\/roveyayinevi.com.tr\/index.php\/wp-json\/wp\/v2\/types\/product"}],"wp:attachment":[{"href":"https:\/\/roveyayinevi.com.tr\/index.php\/wp-json\/wp\/v2\/media?parent=769070"}],"wp:term":[{"taxonomy":"product_brand","embeddable":true,"href":"https:\/\/roveyayinevi.com.tr\/index.php\/wp-json\/wp\/v2\/product_brand?post=769070"},{"taxonomy":"product_cat","embeddable":true,"href":"https:\/\/roveyayinevi.com.tr\/index.php\/wp-json\/wp\/v2\/product_cat?post=769070"},{"taxonomy":"product_tag","embeddable":true,"href":"https:\/\/roveyayinevi.com.tr\/index.php\/wp-json\/wp\/v2\/product_tag?post=769070"}],"curies":[{"name":"wp","href":"https:\/\/api.w.org\/{rel}","templated":true}]}}