{"id":769064,"date":"2025-08-28T13:40:51","date_gmt":"2025-08-28T10:40:51","guid":{"rendered":"https:\/\/roveyayinevi.com.tr\/index.php\/urun\/bidigago-bir-dunya-cocuk-2\/"},"modified":"2026-04-15T03:34:58","modified_gmt":"2026-04-15T00:34:58","slug":"bidigago-bir-dunya-cocuk-2","status":"publish","type":"product","link":"https:\/\/roveyayinevi.com.tr\/index.php\/urun\/bidigago-bir-dunya-cocuk-2\/","title":{"rendered":"Bidigago Bir D\u00fcnya \u00c7ocuk"},"content":{"rendered":"<p>Oyunlar biter sanma \u0130ncele, ara\u015ft\u0131r, bak etraf\u0131na kim bilir ne g\u00fczel \u015feyler gelecek akl\u0131na\u2026 Haydi bakal\u0131m d\u00fc\u015f\u00fcn iyice. Ne ipucuna ihtiyac\u0131n var. Ne de bir nesneye\u2026 Bir ak\u0131l bir fikir yeter t\u00fcm bilmeceleri \u00e7\u00f6zmeye. <\/p>\n","protected":false},"excerpt":{"rendered":"<p>Oyunlar biter sanma \u0130ncele, ara\u015ft\u0131r, bak etraf\u0131na kim bilir ne g\u00fczel \u015feyler gelecek akl\u0131na\u2026 Haydi bakal\u0131m d\u00fc\u015f\u00fcn iyice. Ne ipucuna ihtiyac\u0131n var. Ne de bir nesneye\u2026<span class=\"excerpt-hellip\"> [\u2026]<\/span><\/p>\n","protected":false},"featured_media":0,"template":"","meta":{"_monsterinsights_skip_tracking":false,"_monsterinsights_sitenote_active":false,"_monsterinsights_sitenote_note":"","_monsterinsights_sitenote_category":0},"product_brand":[],"product_cat":[12274,15842],"product_tag":[],"class_list":{"0":"post-769064","1":"product","2":"type-product","3":"status-publish","5":"product_cat-cocuk-ve-genclik-kitaplari","6":"product_cat-egitici-kitaplar","7":"pa_cilt-ciltsiz","8":"pa_tur-kitap","9":"pa_yayinevi-dogan-cocuk","10":"pa_yazar-eda-albayrak","12":"first","13":"instock","14":"sale","15":"shipping-taxable","16":"purchasable","17":"product-type-simple"},"_links":{"self":[{"href":"https:\/\/roveyayinevi.com.tr\/index.php\/wp-json\/wp\/v2\/product\/769064","targetHints":{"allow":["GET"]}}],"collection":[{"href":"https:\/\/roveyayinevi.com.tr\/index.php\/wp-json\/wp\/v2\/product"}],"about":[{"href":"https:\/\/roveyayinevi.com.tr\/index.php\/wp-json\/wp\/v2\/types\/product"}],"wp:attachment":[{"href":"https:\/\/roveyayinevi.com.tr\/index.php\/wp-json\/wp\/v2\/media?parent=769064"}],"wp:term":[{"taxonomy":"product_brand","embeddable":true,"href":"https:\/\/roveyayinevi.com.tr\/index.php\/wp-json\/wp\/v2\/product_brand?post=769064"},{"taxonomy":"product_cat","embeddable":true,"href":"https:\/\/roveyayinevi.com.tr\/index.php\/wp-json\/wp\/v2\/product_cat?post=769064"},{"taxonomy":"product_tag","embeddable":true,"href":"https:\/\/roveyayinevi.com.tr\/index.php\/wp-json\/wp\/v2\/product_tag?post=769064"}],"curies":[{"name":"wp","href":"https:\/\/api.w.org\/{rel}","templated":true}]}}