{"id":769046,"date":"2025-08-28T13:40:19","date_gmt":"2025-08-28T10:40:19","guid":{"rendered":"https:\/\/roveyayinevi.com.tr\/index.php\/urun\/tren-arasi-kehribar-solugu\/"},"modified":"2026-03-12T03:32:10","modified_gmt":"2026-03-12T00:32:10","slug":"tren-arasi-kehribar-solugu","status":"publish","type":"product","link":"https:\/\/roveyayinevi.com.tr\/index.php\/urun\/tren-arasi-kehribar-solugu\/","title":{"rendered":"Tren Aras\u0131 Kehribar Solu\u011fu"},"content":{"rendered":"<p>abdullah duy beni sana kara de\u011fil belki ama duman\u0131 \u00fcst\u00fcnde s\u0131cak bir somun ekmek gibi ye\u015fil ovalardan ve tepesi ihtiyarlam\u0131\u015f da\u011flar\u0131n kuca\u011f\u0131ndan bir tren getirdim kehribar \u00e7eki\u015flerin tutsun seni burada g\u00f6\u011fs\u00fcm\u00fcn derkenar\u0131n\u0131 i\u015fledi\u011fim o yerde s\u0131cak bir ekme\u011fi bekler gibi bekliyorum seni bu y\u00fczden b\u00fct\u00fcn sanr\u0131lar\u0131m i\u015fte bu y\u00fczden <\/p>\n","protected":false},"excerpt":{"rendered":"<p>abdullah duy beni sana kara de\u011fil belki ama duman\u0131 \u00fcst\u00fcnde s\u0131cak bir somun ekmek gibi ye\u015fil ovalardan ve tepesi ihtiyarlam\u0131\u015f da\u011flar\u0131n kuca\u011f\u0131ndan bir tren getirdim kehribar<span class=\"excerpt-hellip\"> [\u2026]<\/span><\/p>\n","protected":false},"featured_media":0,"template":"","meta":{"_monsterinsights_skip_tracking":false,"_monsterinsights_sitenote_active":false,"_monsterinsights_sitenote_note":"","_monsterinsights_sitenote_category":0},"product_brand":[],"product_cat":[12291,12509],"product_tag":[],"class_list":{"0":"post-769046","1":"product","2":"type-product","3":"status-publish","5":"product_cat-edebiyat","6":"product_cat-siir","7":"pa_cilt-ciltsiz","8":"pa_tur-kitap","9":"pa_yayinevi-kirmizi-cati-yayinlari","10":"pa_yazar-ahmet-kafkas","12":"first","13":"instock","14":"sale","15":"shipping-taxable","16":"purchasable","17":"product-type-simple"},"_links":{"self":[{"href":"https:\/\/roveyayinevi.com.tr\/index.php\/wp-json\/wp\/v2\/product\/769046","targetHints":{"allow":["GET"]}}],"collection":[{"href":"https:\/\/roveyayinevi.com.tr\/index.php\/wp-json\/wp\/v2\/product"}],"about":[{"href":"https:\/\/roveyayinevi.com.tr\/index.php\/wp-json\/wp\/v2\/types\/product"}],"wp:attachment":[{"href":"https:\/\/roveyayinevi.com.tr\/index.php\/wp-json\/wp\/v2\/media?parent=769046"}],"wp:term":[{"taxonomy":"product_brand","embeddable":true,"href":"https:\/\/roveyayinevi.com.tr\/index.php\/wp-json\/wp\/v2\/product_brand?post=769046"},{"taxonomy":"product_cat","embeddable":true,"href":"https:\/\/roveyayinevi.com.tr\/index.php\/wp-json\/wp\/v2\/product_cat?post=769046"},{"taxonomy":"product_tag","embeddable":true,"href":"https:\/\/roveyayinevi.com.tr\/index.php\/wp-json\/wp\/v2\/product_tag?post=769046"}],"curies":[{"name":"wp","href":"https:\/\/api.w.org\/{rel}","templated":true}]}}