{"id":769037,"date":"2025-08-28T13:40:01","date_gmt":"2025-08-28T10:40:01","guid":{"rendered":"https:\/\/roveyayinevi.com.tr\/index.php\/urun\/kapadokyada-cevre-koruma-politikalari-yasal-yonetsel-ve-planlama-boyutlari\/"},"modified":"2026-04-15T03:34:57","modified_gmt":"2026-04-15T00:34:57","slug":"kapadokyada-cevre-koruma-politikalari-yasal-yonetsel-ve-planlama-boyutlari","status":"publish","type":"product","link":"https:\/\/roveyayinevi.com.tr\/index.php\/urun\/kapadokyada-cevre-koruma-politikalari-yasal-yonetsel-ve-planlama-boyutlari\/","title":{"rendered":"Kapadokya\u2019da \u00c7evre Koruma Politikalar\u0131 Yasal, Y\u00f6netsel ve Planlama Boyutlar\u0131"},"content":{"rendered":"<p>&#8220;&#8230;Kapadokya\u2019n\u0131n essiz co\u011frafi yap\u0131s\u0131; peri bacalar\u0131, yer alt\u0131 \u015fehirleri, tarih\u00ee kiliseleri ve ma\u011fara evleriyle tan\u0131nmaktad\u0131r. B\u00f6lge, UNESCO D\u00fcnya Miras\u0131 Listesi\u2019nde yer almaktad\u0131r ve d\u00fcnya miras\u0131 olarak korunmaktad\u0131r.   \u2018Kapadokya\u2019da \u00c7evre Koruma Politikalar\u0131: Yasal, Y\u00f6netsel ve Planlama Boyutlar\u0131\u2019 kitab\u0131nda; UNESCO d\u00fcnya miras\u0131 kavram\u0131 ve uluslararas\u0131 s\u00f6zle\u015fmeler ile Kapadokya ili\u015fkileri, Kapadokya ve \u00dcniversitemizin bulundu\u011fu Mustafapasa (Sinasos) yerle\u015fiminde korumaya y\u00f6nelik planlama sorunlar\u0131, Kapadokya\u2019da koruma ve mimarl\u0131k, arkeoloji ve sanat tarihi sorunlar\u0131, Kapadokya\u2019da mek\u00e2nsal kimlik, \u00dcrg\u00fcp\u2019te kentsel sorunlara ili\u015fkin ak\u0131ll\u0131 \u00e7\u00f6z\u00fcmler, \u00dcrg\u00fcp\u2019e ba\u011fl\u0131 Karain k\u00f6y\u00fcnde k\u0131rsal mimari miras\u0131n korunma sorunlar\u0131, b\u00f6lgede biyolojik \u00e7e\u015fitlilik: mevcut durum, koruma politikalar\u0131 ve sorunlar, m\u00fcze-kent olarak Kapadokya\u2019n\u0131n sergilenmesi ve destinasyon y\u00f6netiminin yerel kalk\u0131nma ile sosyoekonomik etkileri y\u00f6netmedeki rol\u00fc ve ana basl\u0131klar konular\u0131n uzmanlar\u0131 taraf\u0131ndan de\u011ferlendirilmi\u015ftir.   Bu eserin olu\u015fmas\u0131nda ve edit\u00f6rl\u00fc\u011f\u00fcndeki emekleri i\u00e7in de\u011ferli hocam\u0131z Prof. Dr. Ru\u015fen KELES ve Prof. Dr. Mehmet TUN\u00c7ER\u2019 e, \u00dcniversitemizin de\u011ferli \u00f6\u011fretim elemanlar\u0131na ve katk\u0131 sa\u011flayan t\u00fcm akademisyenlere \u00e7ok te\u015fekk\u00fcr ediyorum.&#8221;   Kapadokya \u00dcniversitesi Rekt\u00f6r\u00fc   Prof. Dr. Hasan Ali KARASAR     <\/p>\n","protected":false},"excerpt":{"rendered":"<p>&#8220;&#8230;Kapadokya\u2019n\u0131n essiz co\u011frafi yap\u0131s\u0131; peri bacalar\u0131, yer alt\u0131 \u015fehirleri, tarih\u00ee kiliseleri ve ma\u011fara evleriyle tan\u0131nmaktad\u0131r. B\u00f6lge, UNESCO D\u00fcnya Miras\u0131 Listesi\u2019nde yer almaktad\u0131r ve d\u00fcnya miras\u0131 olarak<span class=\"excerpt-hellip\"> [\u2026]<\/span><\/p>\n","protected":false},"featured_media":0,"template":"","meta":{"_monsterinsights_skip_tracking":false,"_monsterinsights_sitenote_active":false,"_monsterinsights_sitenote_note":"","_monsterinsights_sitenote_category":0},"product_brand":[],"product_cat":[52477],"product_tag":[],"class_list":{"0":"post-769037","1":"product","2":"type-product","3":"status-publish","5":"product_cat-arastirma","6":"pa_cilt-ciltsiz","7":"pa_tur-kitap","8":"pa_yayinevi-kapadokya-universitesi-yayinlari","9":"pa_yazar-kolektif","11":"first","12":"instock","13":"sale","14":"shipping-taxable","15":"purchasable","16":"product-type-simple"},"_links":{"self":[{"href":"https:\/\/roveyayinevi.com.tr\/index.php\/wp-json\/wp\/v2\/product\/769037","targetHints":{"allow":["GET"]}}],"collection":[{"href":"https:\/\/roveyayinevi.com.tr\/index.php\/wp-json\/wp\/v2\/product"}],"about":[{"href":"https:\/\/roveyayinevi.com.tr\/index.php\/wp-json\/wp\/v2\/types\/product"}],"wp:attachment":[{"href":"https:\/\/roveyayinevi.com.tr\/index.php\/wp-json\/wp\/v2\/media?parent=769037"}],"wp:term":[{"taxonomy":"product_brand","embeddable":true,"href":"https:\/\/roveyayinevi.com.tr\/index.php\/wp-json\/wp\/v2\/product_brand?post=769037"},{"taxonomy":"product_cat","embeddable":true,"href":"https:\/\/roveyayinevi.com.tr\/index.php\/wp-json\/wp\/v2\/product_cat?post=769037"},{"taxonomy":"product_tag","embeddable":true,"href":"https:\/\/roveyayinevi.com.tr\/index.php\/wp-json\/wp\/v2\/product_tag?post=769037"}],"curies":[{"name":"wp","href":"https:\/\/api.w.org\/{rel}","templated":true}]}}