{"id":769034,"date":"2025-08-28T13:39:55","date_gmt":"2025-08-28T10:39:55","guid":{"rendered":"https:\/\/roveyayinevi.com.tr\/index.php\/urun\/lore-olympus-2\/"},"modified":"2026-04-15T03:34:57","modified_gmt":"2026-04-15T00:34:57","slug":"lore-olympus-2","status":"publish","type":"product","link":"https:\/\/roveyayinevi.com.tr\/index.php\/urun\/lore-olympus-2\/","title":{"rendered":"Lore Olympus 2"},"content":{"rendered":"<p>Ahlaks\u0131z dedikodular, \u00e7\u0131lg\u0131n partiler ve yasak a\u015fk&#8230; Rachel Smythe\u2019\u0131n, mitolojinin en bilindik hik\u00e2yelerinden birine getirdi\u011fi bu \u015f\u0131k ve \u00e7a\u011fda\u015f yorumunda, tanr\u0131lar\u0131n karanl\u0131k \u00e7\u00f6kt\u00fckten sonra neler yapt\u0131\u011f\u0131na tan\u0131k olun.   Persephone, Olimpos\u2019a gitmek \u00fczere \u00f6l\u00fcml\u00fcler diyar\u0131ndan ayr\u0131ld\u0131\u011f\u0131nda yeni bir hayata ba\u015flamaya haz\u0131rd\u0131r. Ancak g\u00f6z kama\u015ft\u0131r\u0131c\u0131 yeni yuvas\u0131n\u0131n karanl\u0131k y\u00fcz\u00fcn\u00fc ke\u015ffetmesi uzun s\u00fcrmez. Persephone, itibar\u0131n\u0131 sarsabilecek k\u00fc\u00e7\u00fck bir dedikodudan, kendini be\u011fenmi\u015f Apollo\u2019nun onun g\u00fcvenli\u011fini tehdit edecek davran\u0131\u015flar\u0131na uzanan tehlikelerle ba\u015fa \u00e7\u0131kmaya \u00e7al\u0131\u015f\u0131r. Tanr\u0131lar\u0131n g\u00f6rkemli ve zorlu d\u00fcnyas\u0131nda ayaklar\u0131n\u0131n \u00fcst\u00fcnde durabilmek i\u00e7in her g\u00fcn m\u00fccadele etmek zorundad\u0131r.   Bu s\u0131rada Hades de \u00e7alkant\u0131l\u0131 duygular\u0131yla ba\u015f ba\u015fad\u0131r. Bir yandan gen\u00e7 ilkbahar tanr\u0131\u00e7as\u0131 Persephone\u2019ye kar\u015f\u0131 olan duygular\u0131yla y\u00fczle\u015firken di\u011fer yandan Yeralt\u0131 D\u00fcnyas\u0131\u2019n\u0131 y\u00f6netmenin yaln\u0131zl\u0131\u011f\u0131yla bo\u011fu\u015fur. Birbirlerine iyice yak\u0131nla\u015fan Persephone ve Hades, hem yakalar\u0131n\u0131 b\u0131rakmayan ge\u00e7mi\u015flerine hem de kar\u015f\u0131lar\u0131na \u00e7\u0131kan yeni engellere g\u00f6\u011f\u00fcs germeye mecbur kal\u0131rlar.   Smythe\u2019\u0131n Eisner \u00f6d\u00fcll\u00fc zeki ve romantik web-komedisi Lore Olympus, yepyeni \u00f6yk\u00fc i\u00e7eri\u011finin yan\u0131 s\u0131ra tam renkli bask\u0131s\u0131yla da Yunan tanr\u0131lar\u0131n\u0131 modern \u00e7a\u011fa ta\u015f\u0131yor.            Bu cilt, 1 numaral\u0131 WEBTOON Lore Olympus\u2019 un     26-49. b\u00f6l\u00fcmlerini bir araya getiriyor.   BTOON Lore Olympus\u2019 un   26-49. b\u00f6l\u00fcmlerini bir araya getiriyor. <\/p>\n","protected":false},"excerpt":{"rendered":"<p>Ahlaks\u0131z dedikodular, \u00e7\u0131lg\u0131n partiler ve yasak a\u015fk&#8230; Rachel Smythe\u2019\u0131n, mitolojinin en bilindik hik\u00e2yelerinden birine getirdi\u011fi bu \u015f\u0131k ve \u00e7a\u011fda\u015f yorumunda, tanr\u0131lar\u0131n karanl\u0131k \u00e7\u00f6kt\u00fckten sonra neler yapt\u0131\u011f\u0131na<span class=\"excerpt-hellip\"> [\u2026]<\/span><\/p>\n","protected":false},"featured_media":0,"template":"","meta":{"_monsterinsights_skip_tracking":false,"_monsterinsights_sitenote_active":false,"_monsterinsights_sitenote_note":"","_monsterinsights_sitenote_category":0},"product_brand":[],"product_cat":[12416,12291],"product_tag":[],"class_list":{"0":"post-769034","1":"product","2":"type-product","3":"status-publish","5":"product_cat-cizgi-roman","6":"product_cat-edebiyat","7":"pa_cilt-ciltsiz","8":"pa_tur-kitap","9":"pa_yayinevi-athica-yayinlari","10":"pa_yazar-rachel-smythe","12":"first","13":"instock","14":"sale","15":"shipping-taxable","16":"purchasable","17":"product-type-simple"},"_links":{"self":[{"href":"https:\/\/roveyayinevi.com.tr\/index.php\/wp-json\/wp\/v2\/product\/769034","targetHints":{"allow":["GET"]}}],"collection":[{"href":"https:\/\/roveyayinevi.com.tr\/index.php\/wp-json\/wp\/v2\/product"}],"about":[{"href":"https:\/\/roveyayinevi.com.tr\/index.php\/wp-json\/wp\/v2\/types\/product"}],"wp:attachment":[{"href":"https:\/\/roveyayinevi.com.tr\/index.php\/wp-json\/wp\/v2\/media?parent=769034"}],"wp:term":[{"taxonomy":"product_brand","embeddable":true,"href":"https:\/\/roveyayinevi.com.tr\/index.php\/wp-json\/wp\/v2\/product_brand?post=769034"},{"taxonomy":"product_cat","embeddable":true,"href":"https:\/\/roveyayinevi.com.tr\/index.php\/wp-json\/wp\/v2\/product_cat?post=769034"},{"taxonomy":"product_tag","embeddable":true,"href":"https:\/\/roveyayinevi.com.tr\/index.php\/wp-json\/wp\/v2\/product_tag?post=769034"}],"curies":[{"name":"wp","href":"https:\/\/api.w.org\/{rel}","templated":true}]}}