{"id":769028,"date":"2025-08-28T13:39:38","date_gmt":"2025-08-28T10:39:38","guid":{"rendered":"https:\/\/roveyayinevi.com.tr\/index.php\/urun\/kopenhag-uclemesi-kutulu-set\/"},"modified":"2026-04-15T03:34:57","modified_gmt":"2026-04-15T00:34:57","slug":"kopenhag-uclemesi-kutulu-set","status":"publish","type":"product","link":"https:\/\/roveyayinevi.com.tr\/index.php\/urun\/kopenhag-uclemesi-kutulu-set\/","title":{"rendered":"Kopenhag \u00dc\u00e7lemesi (Kutulu Set)"},"content":{"rendered":"<p>\u00c7OCUKLUK\u201c\u00c7ocukluk tabut gibi uzun ve dar, kendi kendine i\u00e7inden \u00e7\u0131kmak m\u00fcmk\u00fcn de\u011fil.\u201d1976 y\u0131l\u0131nda, hen\u00fcz elli sekiz ya\u015f\u0131ndayken intihar eden Tove Ditlevsen i\u015f\u00e7i s\u0131n\u0131f\u0131ndan bir ailenin k\u0131z\u0131yd\u0131, d\u00f6rt defa evlendi, hayat\u0131 boyunca ba\u011f\u0131ml\u0131l\u0131k dahil bir\u00e7ok psikolojik rahats\u0131zl\u0131kla m\u00fccadele etti. Uluslararas\u0131 \u00fcne \u00f6l\u00fcm\u00fcnden sonra ula\u015fan Ditlevsen\u2019in \u00c7ocukluk, Gen\u00e7lik ve Ba\u011f\u0131ml\u0131l\u0131k kitaplar\u0131ndan olu\u015fan Kopenhag \u00dc\u00e7lemesi bir itiraflar silsilesinden \u00e7ok daha fazlas\u0131, kalabal\u0131kta yan\u0131ndan ge\u00e7ip gitmi\u015f olabilece\u011finiz ini\u015fli \u00e7\u0131k\u0131\u015fl\u0131 bir hayat\u0131n yank\u0131s\u0131.Tove, Kopenhag\u2019da dar gelirlilerin oturdu\u011fu bir semtte ya\u015f\u0131yor. Babas\u0131 sosyalist ve sendika \u00fcyesi, o y\u00fczden i\u015f bulmas\u0131 zor, annesi fazla korumac\u0131 bir kad\u0131n, sadece k\u0131z\u0131 evlenince rahatlayacak, a\u011fabeyi de \u00e7\u0131rakl\u0131k yapt\u0131\u011f\u0131 yerde soludu\u011fu cila y\u00fcz\u00fcnden \u00f6ks\u00fcr\u00fck n\u00f6betleri ge\u00e7irmekte. Tove\u2019nin i\u00e7indeyse b\u00fct\u00fcn bu karma\u015fan\u0131n ortas\u0131nda ba\u015fka bir ger\u00e7eklik filizleniyor, okumay\u0131 seven bu k\u00fc\u00e7\u00fck k\u0131z, \u015fair olma hayalleri kuruyor. Tove Ditlevsen\u2019den \u00c7ocukluk ge\u00e7im s\u0131k\u0131nt\u0131s\u0131yla, siyasi karma\u015fayla karakteri \u015fekillenen ayr\u0131ks\u0131 bir ruhun h\u00fcz\u00fcnl\u00fc ya\u015fam\u0131n\u0131n anlat\u0131s\u0131.GEN\u00c7L\u0130K\u201cKendi kendime sar\u0131l\u0131yorum, gen\u00e7 ve sa\u011fl\u0131kl\u0131 oldu\u011fuma seviniyorum. Yoksa gen\u00e7li\u011fim sadece bir yokluk, bir an evvel geride b\u0131rakmak istedi\u011fim bir engel.\u201d1976 y\u0131l\u0131nda, hen\u00fcz elli sekiz ya\u015f\u0131ndayken intihar eden Tove Ditlevsen i\u015f\u00e7i s\u0131n\u0131f\u0131ndan bir ailenin k\u0131z\u0131yd\u0131, d\u00f6rt defa evlendi, hayat\u0131 boyunca ba\u011f\u0131ml\u0131l\u0131k dahil bir\u00e7ok psikolojik rahats\u0131zl\u0131kla m\u00fccadele etti. Uluslararas\u0131 \u00fcne \u00f6l\u00fcm\u00fcnden sonra ula\u015fan Ditlevsen\u2019in \u00c7ocukluk, Gen\u00e7lik ve Ba\u011f\u0131ml\u0131l\u0131k kitaplar\u0131ndan olu\u015fan Kopenhag \u00dc\u00e7lemesi bir itiraflar silsilesinden \u00e7ok daha fazlas\u0131, kalabal\u0131kta yan\u0131ndan ge\u00e7ip gitmi\u015f olabilece\u011finiz ini\u015fli \u00e7\u0131k\u0131\u015fl\u0131 bir hayat\u0131n yank\u0131s\u0131.Avrupa sava\u015f\u0131n i\u00e7ine s\u00fcr\u00fcklenmekte, Naziler gitgide daha da g\u00fc\u00e7lenmekte. Kopenhag\u2019da \u015fairlik hayalleriyle ya\u015fayan Tove ise bu ke\u015fmeke\u015fte ba\u011f\u0131ms\u0131zl\u0131\u011f\u0131 arzuluyor, kendisine ait k\u0131labilece\u011fi bir ki\u015fisel alan\u0131\u2026 Ama \u00f6nce i\u015fe girmesi, tiyatro grubunda yerini bulmas\u0131, ev ekonomisine katk\u0131da bulunmas\u0131, tacizci adamlardan kurtulmas\u0131, y\u00f6neticilerine katlanmas\u0131 laz\u0131m. Tove Ditlevsen\u2019den Gen\u00e7lik, hassas ama yeteneklerine g\u00fcvenen bir \u015fairin hayalleri ile ger\u00e7ek hayat aras\u0131ndaki mesafeyi katedi\u015finin, yeti\u015fkinli\u011fe ad\u0131m at\u0131\u015f\u0131n\u0131n hik\u00e2yesi.BA\u011eIMLILIK\u201cKavgam\u0131zdan k\u0131sa s\u00fcre sonra bir g\u00fcn eve her zamanki saatte d\u00f6nmeyince ona ne kadar ba\u011f\u0131ml\u0131 oldu\u011fumu hissediyorum.\u201d1976 y\u0131l\u0131nda, hen\u00fcz elli sekiz ya\u015f\u0131ndayken intihar eden Tove Ditlevsen i\u015f\u00e7i s\u0131n\u0131f\u0131ndan bir ailenin k\u0131z\u0131yd\u0131, d\u00f6rt defa evlendi, hayat\u0131 boyunca ba\u011f\u0131ml\u0131l\u0131k dahil bir\u00e7ok psikolojik rahats\u0131zl\u0131kla m\u00fccadele etti. Uluslararas\u0131 \u00fcne \u00f6l\u00fcm\u00fcnden sonra ula\u015fan Ditlevsen\u2019in \u00c7ocukluk, Gen\u00e7lik ve Ba\u011f\u0131ml\u0131l\u0131k kitaplar\u0131ndan olu\u015fan Kopenhag \u00dc\u00e7lemesi bir itiraflar silsilesinden \u00e7ok daha fazlas\u0131, kalabal\u0131kta yan\u0131ndan ge\u00e7ip gitmi\u015f olabilece\u011finiz ini\u015fli \u00e7\u0131k\u0131\u015fl\u0131 bir hayat\u0131n yank\u0131s\u0131.Tove art\u0131k \u00fcnl\u00fc bir \u015fair, kendisinden ya\u015f\u00e7a epey b\u00fcy\u00fck olan edit\u00f6r e\u015finden gizleyerek bir roman yazmakta ve i\u00e7indeki huzursuzluk h\u00e2l\u00e2 yerli yerinde. Art\u0131k yeti\u015fkinli\u011fin d\u00fcnyas\u0131na ad\u0131m atm\u0131\u015f bu kad\u0131n, sanat\u00e7\u0131 ki\u015fili\u011fini kurmaya, yazd\u0131klar\u0131yla ge\u00e7inmeye ba\u015flarken, bir yandan da gizli a\u015fk ili\u015fkileriyle, istenmeyen gebeliklerle bo\u011fu\u015fmak zorunda kalacak ve en sonunda ya\u015fam\u0131n\u0131n belki en b\u00fcy\u00fck derdiyle y\u00fczle\u015fecek: Uyu\u015fturucu ba\u011f\u0131ml\u0131l\u0131\u011f\u0131. Tove Ditlevsen\u2019den Kopenhag \u00dc\u00e7lemesi\u2019nin son kitab\u0131 Ba\u011f\u0131ml\u0131l\u0131k kayg\u0131yla, tutkuyla, yaln\u0131zl\u0131k ve a\u015fkla bezeli bir hayat\u0131n kitab\u0131.<\/p>\n","protected":false},"excerpt":{"rendered":"<p>\u00c7OCUKLUK\u201c\u00c7ocukluk tabut gibi uzun ve dar, kendi kendine i\u00e7inden \u00e7\u0131kmak m\u00fcmk\u00fcn de\u011fil.\u201d1976 y\u0131l\u0131nda, hen\u00fcz elli sekiz ya\u015f\u0131ndayken intihar eden Tove Ditlevsen i\u015f\u00e7i s\u0131n\u0131f\u0131ndan bir ailenin k\u0131z\u0131yd\u0131,<span class=\"excerpt-hellip\"> [\u2026]<\/span><\/p>\n","protected":false},"featured_media":0,"template":"","meta":{"_monsterinsights_skip_tracking":false,"_monsterinsights_sitenote_active":false,"_monsterinsights_sitenote_note":"","_monsterinsights_sitenote_category":0},"product_brand":[],"product_cat":[12291,12711],"product_tag":[],"class_list":{"0":"post-769028","1":"product","2":"type-product","3":"status-publish","5":"product_cat-edebiyat","6":"product_cat-roman-oyku","7":"pa_cilt-set","8":"pa_tur-kitap","9":"pa_yayinevi-monokl","10":"pa_yazar-tove-ditlevsen","12":"first","13":"instock","14":"sale","15":"shipping-taxable","16":"purchasable","17":"product-type-simple"},"_links":{"self":[{"href":"https:\/\/roveyayinevi.com.tr\/index.php\/wp-json\/wp\/v2\/product\/769028","targetHints":{"allow":["GET"]}}],"collection":[{"href":"https:\/\/roveyayinevi.com.tr\/index.php\/wp-json\/wp\/v2\/product"}],"about":[{"href":"https:\/\/roveyayinevi.com.tr\/index.php\/wp-json\/wp\/v2\/types\/product"}],"wp:attachment":[{"href":"https:\/\/roveyayinevi.com.tr\/index.php\/wp-json\/wp\/v2\/media?parent=769028"}],"wp:term":[{"taxonomy":"product_brand","embeddable":true,"href":"https:\/\/roveyayinevi.com.tr\/index.php\/wp-json\/wp\/v2\/product_brand?post=769028"},{"taxonomy":"product_cat","embeddable":true,"href":"https:\/\/roveyayinevi.com.tr\/index.php\/wp-json\/wp\/v2\/product_cat?post=769028"},{"taxonomy":"product_tag","embeddable":true,"href":"https:\/\/roveyayinevi.com.tr\/index.php\/wp-json\/wp\/v2\/product_tag?post=769028"}],"curies":[{"name":"wp","href":"https:\/\/api.w.org\/{rel}","templated":true}]}}