{"id":769027,"date":"2025-08-28T13:39:37","date_gmt":"2025-08-28T10:39:37","guid":{"rendered":"https:\/\/roveyayinevi.com.tr\/index.php\/urun\/akil-ve-iman-allah-icin-bir-yasam\/"},"modified":"2026-04-15T03:34:57","modified_gmt":"2026-04-15T00:34:57","slug":"akil-ve-iman-allah-icin-bir-yasam","status":"publish","type":"product","link":"https:\/\/roveyayinevi.com.tr\/index.php\/urun\/akil-ve-iman-allah-icin-bir-yasam\/","title":{"rendered":"Ak\u0131l ve \u0130man Allah \u0130\u00e7in Bir Ya\u015fam"},"content":{"rendered":"<p>&#8220;Ak\u0131l ve \u0130man: Allah \u0130\u00e7in Bir Ya\u015fam&#8221; Bu eser, insan\u0131n hayat\u0131nda ak\u0131l ve iman\u0131n nas\u0131l bir arada var olabilece\u011fini, birbiriyle nas\u0131l uyum i\u00e7inde \u00e7al\u0131\u015ft\u0131\u011f\u0131n\u0131 derinlemesine ke\u015ffetmektedir. Ak\u0131l, insan\u0131n do\u011fruyu yanl\u0131\u015ftan ay\u0131rt etmesini sa\u011flarken, iman ise kalbinin huzur ve do\u011frulu\u011fa y\u00f6nelmesine rehberlik eder. Kitap, sadece inan\u00e7la de\u011fil, ayn\u0131 zamanda ak\u0131l ve mant\u0131kla Allah\u2019a yakla\u015fman\u0131n yollar\u0131n\u0131 sunar. \u0130slam\u2019\u0131n temel \u00f6\u011fretilerine \u0131\u015f\u0131k tutan bu eser, her bireyin ya\u015fam\u0131nda ak\u0131l ve iman aras\u0131nda bir denge kurarak, Allah i\u00e7in en do\u011fru ya\u015fam bi\u00e7imini benimsemesine yard\u0131mc\u0131 olmay\u0131 ama\u00e7lamaktad\u0131r. &#8220;Ak\u0131l ve \u0130man: Allah \u0130\u00e7in Bir Ya\u015fam&#8221;, akl\u0131n ve iman\u0131n\u0131n birle\u015fti\u011fi noktada insan\u0131n ger\u00e7ek huzura nas\u0131l kavu\u015fabilece\u011fini g\u00f6steren bir yol haritas\u0131d\u0131r. Hem ak\u0131l arayan hem de kalbini imanla ayd\u0131nlatmak isteyenler i\u00e7in vazge\u00e7ilmez bir ba\u015fvuru kayna\u011f\u0131d\u0131r.<\/p>\n","protected":false},"excerpt":{"rendered":"<p>&#8220;Ak\u0131l ve \u0130man: Allah \u0130\u00e7in Bir Ya\u015fam&#8221; Bu eser, insan\u0131n hayat\u0131nda ak\u0131l ve iman\u0131n nas\u0131l bir arada var olabilece\u011fini, birbiriyle nas\u0131l uyum i\u00e7inde \u00e7al\u0131\u015ft\u0131\u011f\u0131n\u0131 derinlemesine ke\u015ffetmektedir.<span class=\"excerpt-hellip\"> [\u2026]<\/span><\/p>\n","protected":false},"featured_media":0,"template":"","meta":{"_monsterinsights_skip_tracking":false,"_monsterinsights_sitenote_active":false,"_monsterinsights_sitenote_note":"","_monsterinsights_sitenote_category":0},"product_brand":[],"product_cat":[12718,12719],"product_tag":[],"class_list":{"0":"post-769027","1":"product","2":"type-product","3":"status-publish","5":"product_cat-din","6":"product_cat-islam","7":"pa_cilt-ciltsiz","8":"pa_tur-kitap","9":"pa_yayinevi-kalem-lugat-yayincilik","10":"pa_yazar-zubeyt-bozkurt","12":"first","13":"instock","14":"sale","15":"shipping-taxable","16":"purchasable","17":"product-type-simple"},"_links":{"self":[{"href":"https:\/\/roveyayinevi.com.tr\/index.php\/wp-json\/wp\/v2\/product\/769027","targetHints":{"allow":["GET"]}}],"collection":[{"href":"https:\/\/roveyayinevi.com.tr\/index.php\/wp-json\/wp\/v2\/product"}],"about":[{"href":"https:\/\/roveyayinevi.com.tr\/index.php\/wp-json\/wp\/v2\/types\/product"}],"wp:attachment":[{"href":"https:\/\/roveyayinevi.com.tr\/index.php\/wp-json\/wp\/v2\/media?parent=769027"}],"wp:term":[{"taxonomy":"product_brand","embeddable":true,"href":"https:\/\/roveyayinevi.com.tr\/index.php\/wp-json\/wp\/v2\/product_brand?post=769027"},{"taxonomy":"product_cat","embeddable":true,"href":"https:\/\/roveyayinevi.com.tr\/index.php\/wp-json\/wp\/v2\/product_cat?post=769027"},{"taxonomy":"product_tag","embeddable":true,"href":"https:\/\/roveyayinevi.com.tr\/index.php\/wp-json\/wp\/v2\/product_tag?post=769027"}],"curies":[{"name":"wp","href":"https:\/\/api.w.org\/{rel}","templated":true}]}}