{"id":769018,"date":"2025-08-28T13:39:20","date_gmt":"2025-08-28T10:39:20","guid":{"rendered":"https:\/\/roveyayinevi.com.tr\/index.php\/urun\/haclilarin-hezimeti-nigbolu-muharebesi-fransiz-kaynaklarindan-turklere-bakis\/"},"modified":"2026-04-15T03:34:57","modified_gmt":"2026-04-15T00:34:57","slug":"haclilarin-hezimeti-nigbolu-muharebesi-fransiz-kaynaklarindan-turklere-bakis","status":"publish","type":"product","link":"https:\/\/roveyayinevi.com.tr\/index.php\/urun\/haclilarin-hezimeti-nigbolu-muharebesi-fransiz-kaynaklarindan-turklere-bakis\/","title":{"rendered":"Ha\u00e7l\u0131lar\u0131n Hezimeti Ni\u011fbolu Muharebesi: Frans\u0131z Kaynaklar\u0131ndan T\u00fcrklere Bak\u0131\u015f"},"content":{"rendered":"<p>Bu kitap, Ge\u00e7 Orta \u00c7a\u011f Fransa\u2019s\u0131nda derin bir iz b\u0131rakm\u0131\u015f olan Ni\u011fbolu Muharebesi \u00fczerine on d\u00f6rd\u00fcnc\u00fc y\u00fczy\u0131l sonlar\u0131 ve on be\u015finci y\u00fczy\u0131l ba\u015flar\u0131nda kaleme al\u0131nm\u0131\u015f \u00e7e\u015fitli t\u00fcrlerdeki Frans\u0131zca eserlerden olu\u015fan bir se\u00e7kiyi bir araya getirmekte ve bu eserlerin T\u00fcrk\u00e7e terc\u00fcmelerini okurla payla\u015fmaktad\u0131r. S\u00f6z konusu eserler, olduk\u00e7a k\u0131ymetli birincil kaynaklar olarak, Ni\u011fbolu Muharebesi\u2019ne \u015f\u00f6valyelerin g\u00f6z\u00fcnden bakman\u0131n yan\u0131 s\u0131ra, d\u00f6nemin Osmanl\u0131 alg\u0131s\u0131na ve Ge\u00e7 Orta \u00c7a\u011f Fransa\u2019s\u0131n\u0131n toplumsal dinamiklerine dair de ipu\u00e7lar\u0131 sunmaktad\u0131r.   \u201cDr. Kocab\u0131y\u0131ko\u011flu \u00c7e\u00e7en, \u00fclkelerinin yenilgisi kar\u015f\u0131s\u0131nda \u015foka u\u011fram\u0131\u015f olmalar\u0131na ra\u011fmen, yeni kurulan Osmanl\u0131 Devleti&#8217;nin askeri g\u00fcc\u00fcnden derinden etkilenen Orta\u00e7a\u011f Frans\u0131z yazarlar\u0131n\u0131n g\u00f6r\u00fc\u015flerini sunarak okurlara b\u00fcy\u00fck bir hizmette bulunmaktad\u0131r.\u201d   Jonathan Harris, Royal Holloway, Londra \u00dcniversitesi <\/p>\n","protected":false},"excerpt":{"rendered":"<p>Bu kitap, Ge\u00e7 Orta \u00c7a\u011f Fransa\u2019s\u0131nda derin bir iz b\u0131rakm\u0131\u015f olan Ni\u011fbolu Muharebesi \u00fczerine on d\u00f6rd\u00fcnc\u00fc y\u00fczy\u0131l sonlar\u0131 ve on be\u015finci y\u00fczy\u0131l ba\u015flar\u0131nda kaleme al\u0131nm\u0131\u015f \u00e7e\u015fitli<span class=\"excerpt-hellip\"> [\u2026]<\/span><\/p>\n","protected":false},"featured_media":0,"template":"","meta":{"_monsterinsights_skip_tracking":false,"_monsterinsights_sitenote_active":false,"_monsterinsights_sitenote_note":"","_monsterinsights_sitenote_category":0},"product_brand":[],"product_cat":[12370,12304],"product_tag":[],"class_list":{"0":"post-769018","1":"product","2":"type-product","3":"status-publish","5":"product_cat-arastirma-inceleme","6":"product_cat-tarih","7":"pa_cilt-ciltsiz","8":"pa_tur-kitap","9":"pa_yayinevi-gordium-yayincilik","10":"pa_yazar-zeynep-kocabiyikoglu-cecen","12":"first","13":"instock","14":"sale","15":"shipping-taxable","16":"purchasable","17":"product-type-simple"},"_links":{"self":[{"href":"https:\/\/roveyayinevi.com.tr\/index.php\/wp-json\/wp\/v2\/product\/769018","targetHints":{"allow":["GET"]}}],"collection":[{"href":"https:\/\/roveyayinevi.com.tr\/index.php\/wp-json\/wp\/v2\/product"}],"about":[{"href":"https:\/\/roveyayinevi.com.tr\/index.php\/wp-json\/wp\/v2\/types\/product"}],"wp:attachment":[{"href":"https:\/\/roveyayinevi.com.tr\/index.php\/wp-json\/wp\/v2\/media?parent=769018"}],"wp:term":[{"taxonomy":"product_brand","embeddable":true,"href":"https:\/\/roveyayinevi.com.tr\/index.php\/wp-json\/wp\/v2\/product_brand?post=769018"},{"taxonomy":"product_cat","embeddable":true,"href":"https:\/\/roveyayinevi.com.tr\/index.php\/wp-json\/wp\/v2\/product_cat?post=769018"},{"taxonomy":"product_tag","embeddable":true,"href":"https:\/\/roveyayinevi.com.tr\/index.php\/wp-json\/wp\/v2\/product_tag?post=769018"}],"curies":[{"name":"wp","href":"https:\/\/api.w.org\/{rel}","templated":true}]}}