{"id":769008,"date":"2025-08-28T13:39:00","date_gmt":"2025-08-28T10:39:00","guid":{"rendered":"https:\/\/roveyayinevi.com.tr\/index.php\/urun\/surgun-notlari\/"},"modified":"2026-04-15T03:34:56","modified_gmt":"2026-04-15T00:34:56","slug":"surgun-notlari","status":"publish","type":"product","link":"https:\/\/roveyayinevi.com.tr\/index.php\/urun\/surgun-notlari\/","title":{"rendered":"S\u00fcrg\u00fcn Notlar\u0131"},"content":{"rendered":"<p>S\u00fcrg\u00fcn Notlar\u0131, Fatin Murat Seferbeyo\u011flu\u2019nun iki uzun \u015fiirinden olu\u015fan ve 2017 Hac\u0131bekta\u015f Belediyesi Sanat \u00d6d\u00fclleri\u2019nde Mansiyon alm\u0131\u015f bir kitab\u0131d\u0131r. \u201c\u201cAnlatmak\u201d de\u011fil \u201cduyurmak\u201d ve asl\u0131nda \u201chissettirmek\u201d y\u00f6n\u00fcnde g\u00fc\u00e7l\u00fc bir \u00f6r\u00fcnt\u00fc ile; her okuyanda farkl\u0131 bir etki, izlenim, \u00e7a\u011fr\u0131\u015f\u0131m yaratma potansiyeli y\u00fcksek dizeler ile; g\u00fcnl\u00fck dille anlat\u0131m\u0131 olanaks\u0131z co\u015fkular\u0131, sevin\u00e7 ve \u00fcz\u00fcnt\u00fcleri dile getiren ve insan\u0131 sar\u0131p sarmalayan b\u00f6l\u00fcmler ile bir yolculu\u011fa \u00e7\u0131kacaks\u0131n\u0131z elinizdeki kitapla ve \u00fcst\u00fcn bir g\u00fczelli\u011fi \u00f6zleyen bir \u00e7\u0131\u011fl\u0131\u011f\u0131 duyacaksan\u0131z her sayfada<\/p>\n","protected":false},"excerpt":{"rendered":"<p>S\u00fcrg\u00fcn Notlar\u0131, Fatin Murat Seferbeyo\u011flu\u2019nun iki uzun \u015fiirinden olu\u015fan ve 2017 Hac\u0131bekta\u015f Belediyesi Sanat \u00d6d\u00fclleri\u2019nde Mansiyon alm\u0131\u015f bir kitab\u0131d\u0131r. \u201c\u201cAnlatmak\u201d de\u011fil \u201cduyurmak\u201d ve asl\u0131nda \u201chissettirmek\u201d y\u00f6n\u00fcnde<span class=\"excerpt-hellip\"> [\u2026]<\/span><\/p>\n","protected":false},"featured_media":0,"template":"","meta":{"_monsterinsights_skip_tracking":false,"_monsterinsights_sitenote_active":false,"_monsterinsights_sitenote_note":"","_monsterinsights_sitenote_category":0},"product_brand":[],"product_cat":[12291,12509],"product_tag":[],"class_list":{"0":"post-769008","1":"product","2":"type-product","3":"status-publish","5":"product_cat-edebiyat","6":"product_cat-siir","7":"pa_cilt-ciltsiz","8":"pa_tur-kitap","9":"pa_yayinevi-denizkizi-yayinlari","10":"pa_yazar-fatin-murat-seferbeyoglu","12":"first","13":"instock","14":"sale","15":"shipping-taxable","16":"purchasable","17":"product-type-simple"},"_links":{"self":[{"href":"https:\/\/roveyayinevi.com.tr\/index.php\/wp-json\/wp\/v2\/product\/769008","targetHints":{"allow":["GET"]}}],"collection":[{"href":"https:\/\/roveyayinevi.com.tr\/index.php\/wp-json\/wp\/v2\/product"}],"about":[{"href":"https:\/\/roveyayinevi.com.tr\/index.php\/wp-json\/wp\/v2\/types\/product"}],"wp:attachment":[{"href":"https:\/\/roveyayinevi.com.tr\/index.php\/wp-json\/wp\/v2\/media?parent=769008"}],"wp:term":[{"taxonomy":"product_brand","embeddable":true,"href":"https:\/\/roveyayinevi.com.tr\/index.php\/wp-json\/wp\/v2\/product_brand?post=769008"},{"taxonomy":"product_cat","embeddable":true,"href":"https:\/\/roveyayinevi.com.tr\/index.php\/wp-json\/wp\/v2\/product_cat?post=769008"},{"taxonomy":"product_tag","embeddable":true,"href":"https:\/\/roveyayinevi.com.tr\/index.php\/wp-json\/wp\/v2\/product_tag?post=769008"}],"curies":[{"name":"wp","href":"https:\/\/api.w.org\/{rel}","templated":true}]}}