{"id":769003,"date":"2025-08-28T13:38:51","date_gmt":"2025-08-28T10:38:51","guid":{"rendered":"https:\/\/roveyayinevi.com.tr\/index.php\/urun\/bu-kitabi-tersten-okuyun\/"},"modified":"2026-04-15T03:34:56","modified_gmt":"2026-04-15T00:34:56","slug":"bu-kitabi-tersten-okuyun","status":"publish","type":"product","link":"https:\/\/roveyayinevi.com.tr\/index.php\/urun\/bu-kitabi-tersten-okuyun\/","title":{"rendered":"Bu Kitab\u0131 Tersten Okuyun"},"content":{"rendered":"<p>\u201cTan\u0131d\u0131klar\u0131, hatta bazen tan\u0131mad\u0131klar\u0131 insanlar\u0131n hayatlar\u0131n\u0131 g\u00fczelle\u015ftiren, ya\u015fam\u0131n ya\u015famaya de\u011fer oldu\u011funu g\u00f6steren insanlar vard\u0131r. \u0130lgin\u00e7tir ki bu ki\u015filer d\u0131\u015far\u0131dan bak\u0131ld\u0131\u011f\u0131 zaman genelde huysuz, ters ve zor karakterler olarak g\u00f6r\u00fcn\u00fcr. Ba\u015fta uzak durman\u0131z gerekti\u011fini d\u00fc\u015f\u00fcn\u00fcr ama bir kez tan\u0131y\u0131p hayat\u0131n\u0131za katt\u0131klar\u0131n\u0131 g\u00f6rd\u00fckten sonra o insandan vazge\u00e7emez hale gelirsiniz. Benim hayat\u0131mda iki, bilemediniz \u00fc\u00e7 ki\u015fi vard\u0131r b\u00f6yle ve bunlardan biri de hi\u00e7 \u015f\u00fcphesiz elinizde tuttu\u011funuz kitab\u0131n yazar\u0131 \u0130zzet \u00c7apa\u2019d\u0131r.  \u0130zzet belki hat\u0131rlar belki hat\u0131rlamaz, kendisiyle ilk kez 1980\u2019lerin ilk yar\u0131s\u0131nda, o zamanlar\u0131n en pop\u00fcler diskote\u011fi Regine\u2019de kar\u015f\u0131la\u015ft\u0131m. DJ kabininde, boyunun yetmedi\u011fi bir pikaptaki plaklarla milleti co\u015fturmakla me\u015fguld\u00fc. Bizi tan\u0131\u015ft\u0131ran da ortak arkada\u015f\u0131m\u0131z, can\u0131m\u0131n i\u00e7i Asl\u0131 Atay\u2019d\u0131. O s\u0131ralarda \u0130zzet muhtemelen orta mektep talebesiydi ama benim ondan \u00f6nce de tan\u0131d\u0131\u011f\u0131m abilerinin izinde, \u0130stanbul\u2019un e\u011flence hayat\u0131na \u015eamdan\u2019larla imza atmaya ba\u015flam\u0131\u015ft\u0131. Ya\u015fam tarzlar\u0131m\u0131z\u0131n farkl\u0131l\u0131\u011f\u0131 nedeniyle \u0130zzet\u2019le bir sonraki g\u00f6r\u00fc\u015fmemiz y\u0131llar sonra oldu. \u0130zzet art\u0131k \u0130zzet \u00c7apa olmu\u015ftu; boynuz kula\u011f\u0131, \u0130zzet abilerini ge\u00e7mi\u015fti. \u0130stanbul\u2019u e\u011flendirmek, yedirip i\u00e7irmek onun i\u015fiydi. Geceleri kar\u015f\u0131la\u015f\u0131yor, ufaktan sohbet ediyorduk ama hen\u00fcz dost de\u011fildik. Yollar\u0131m\u0131z\u0131n tam olarak kesi\u015fip k\u00fc\u00e7\u00fck sohbetlerin b\u00fcy\u00fck bir dostlu\u011fa d\u00f6n\u00fc\u015fmesinin nedeni \u0130zzet\u2019in i\u015fi de\u011fil, u\u011fra\u015f\u0131 oldu. \u0130zzet \u00c7apa bir yandan da ailesinin yap\u0131s\u0131 gere\u011fi, entelekt\u00fcel taraf\u0131n\u0131n g\u00fc\u00e7l\u00fc oldu\u011funu g\u00f6steren yaz\u0131lar yaz\u0131yor, r\u00f6portajlar yap\u0131yordu ve bu da benim ilgimi \u00e7ekiyordu. Ancak bu i\u015fler k\u0131y\u0131da k\u00f6\u015fede kal\u0131yor, ula\u015fmas\u0131 gereken geni\u015f kitlelere ula\u015fam\u0131yordu. Arad\u0131m ve \u201c\u0130zzet gel, g\u00f6r\u00fc\u015felim,\u201d dedim. Kendisini e\u011flence adam\u0131ndan m\u00fcthi\u015f bir me dya karakterine d\u00f6n\u00fc\u015ft\u00fcrmeyi ba\u015fard\u0131. Zaten ne i\u015f yaparsa yaps\u0131n en iyisini yapmaya kafa yoran, tak\u0131nt\u0131l\u0131 bir ki\u015fili\u011fi vard\u0131r. Bu tan\u0131\u015fma bizi iki \u015fahane dost yapt\u0131. Tan\u0131d\u0131\u011f\u0131m en karma\u015f\u0131k ki\u015filik olarak hayat\u0131ma girdi. Yin ve Yang\u2019\u0131 i\u00e7inde son derece uyumlu bar\u0131nd\u0131ran, dostlu\u011funa da d\u00fc\u015fmanl\u0131\u011f\u0131na da bu kadar g\u00fcvenebilece\u011finiz birini kolay kolay bulamazs\u0131n\u0131z. T\u00fcm karma\u015f\u0131kl\u0131\u011f\u0131n\u0131n i\u00e7inde onun gibi net birini hayat\u0131mda g\u00f6rmedim. \u0130nan\u0131lmaz derecede kompleks bir ki\u015fili\u011fi b\u00f6yle komplekssizce ta\u015f\u0131yan, bu kadar ak\u0131ll\u0131 bir deliye hi\u00e7 rastlamad\u0131m. Ya\u015fad\u0131\u011f\u0131 her y\u0131la birka\u00e7 on y\u0131ll\u0131k tecr\u00fcbe s\u0131k\u0131\u015ft\u0131ran, her t\u00fcrl\u00fc yenili\u011fe kollar\u0131n\u0131 a\u00e7arak korkusuzca ko\u015fan ve t\u00fcm bunlardan \u00f6\u011frendi\u011fi s\u0131n\u0131rs\u0131z tecr\u00fcbeyi sevdiklerine c\u00f6mert\u00e7e aktaran \u015fahane bir adam\u0131n hayat\u0131n\u0131 okuyunca siz de kendinizi onun d\u00fcnyas\u0131nda hissedeceksiniz. \u0130zzet kusursuz bir insan de\u011fildir benim i\u00e7in. Ama kusursuz bir dosttur. Nedeni de bu kitapta anla\u015f\u0131lacakt\u0131r.\u201dFatih Altayl\u0131<\/p>\n","protected":false},"excerpt":{"rendered":"<p>\u201cTan\u0131d\u0131klar\u0131, hatta bazen tan\u0131mad\u0131klar\u0131 insanlar\u0131n hayatlar\u0131n\u0131 g\u00fczelle\u015ftiren, ya\u015fam\u0131n ya\u015famaya de\u011fer oldu\u011funu g\u00f6steren insanlar vard\u0131r. \u0130lgin\u00e7tir ki bu ki\u015filer d\u0131\u015far\u0131dan bak\u0131ld\u0131\u011f\u0131 zaman genelde huysuz, ters ve zor<span class=\"excerpt-hellip\"> [\u2026]<\/span><\/p>\n","protected":false},"featured_media":0,"template":"","meta":{"_monsterinsights_skip_tracking":false,"_monsterinsights_sitenote_active":false,"_monsterinsights_sitenote_note":"","_monsterinsights_sitenote_category":0},"product_brand":[],"product_cat":[12291,30969],"product_tag":[],"class_list":{"0":"post-769003","1":"product","2":"type-product","3":"status-publish","5":"product_cat-edebiyat","6":"product_cat-soylesi-edebiyat","7":"pa_cilt-ciltsiz","8":"pa_tur-kitap","9":"pa_yayinevi-masa-kitap","10":"pa_yazar-izzet-capa","12":"first","13":"instock","14":"sale","15":"shipping-taxable","16":"purchasable","17":"product-type-simple"},"_links":{"self":[{"href":"https:\/\/roveyayinevi.com.tr\/index.php\/wp-json\/wp\/v2\/product\/769003","targetHints":{"allow":["GET"]}}],"collection":[{"href":"https:\/\/roveyayinevi.com.tr\/index.php\/wp-json\/wp\/v2\/product"}],"about":[{"href":"https:\/\/roveyayinevi.com.tr\/index.php\/wp-json\/wp\/v2\/types\/product"}],"wp:attachment":[{"href":"https:\/\/roveyayinevi.com.tr\/index.php\/wp-json\/wp\/v2\/media?parent=769003"}],"wp:term":[{"taxonomy":"product_brand","embeddable":true,"href":"https:\/\/roveyayinevi.com.tr\/index.php\/wp-json\/wp\/v2\/product_brand?post=769003"},{"taxonomy":"product_cat","embeddable":true,"href":"https:\/\/roveyayinevi.com.tr\/index.php\/wp-json\/wp\/v2\/product_cat?post=769003"},{"taxonomy":"product_tag","embeddable":true,"href":"https:\/\/roveyayinevi.com.tr\/index.php\/wp-json\/wp\/v2\/product_tag?post=769003"}],"curies":[{"name":"wp","href":"https:\/\/api.w.org\/{rel}","templated":true}]}}