{"id":769001,"date":"2025-08-28T13:38:47","date_gmt":"2025-08-28T10:38:47","guid":{"rendered":"https:\/\/roveyayinevi.com.tr\/index.php\/urun\/kutub\/"},"modified":"2026-04-15T03:34:56","modified_gmt":"2026-04-15T00:34:56","slug":"kutub","status":"publish","type":"product","link":"https:\/\/roveyayinevi.com.tr\/index.php\/urun\/kutub\/","title":{"rendered":"Kutub"},"content":{"rendered":"<p>Ben y\u00fcksek tahsilimi Kastamonu\u2019da yapt\u0131m. O b\u00fcy\u00fck kutub vefat etti\u011finde yine Kastamonu\u2019da stajyer \u00f6\u011fretmendim. \u00dcniversite hayat\u0131m m\u00fcddetince Zat-\u0131 alilerini defalarca kez ziyaret ettim. Cuma g\u00fcnleri de Kastamonu \u015eeyh \u015eaban-\u0131 Veli camiinde kendileri ile namaz k\u0131ld\u0131m. Evet Mehmed Feyzi Efendi Hazretleri tam m\u00fcstakim bir evliya idi. Evliyalar kutbu idi. \u0130\u015fte bu kitab\u0131mda o b\u00fcy\u00fck veliyi muhtelif y\u00f6nleriyle siz aziz kaarilere takdim ettim ki hayat\u0131n\u0131n her an\u0131n\u0131 milletine hizmeti her \u015fey sayan ahlak ve kemalat\u0131yla tebell\u00fcr eden bir kutbun ruh portresini m\u00fc\u015fahede etmenizi istedim. O kutbun kabir ta\u015f\u0131nda: \u201cH\u00fcve\u2019l-Hayy\u00fc\u2019l-Baki \/ Burada yatan \u00c2dem \/ Bir zaman Hubb\u00ee idi \/ Bir zaman C\u00fcbb\u00ee idi \/ Bir zaman S\u00fckut\u00ee idi \/ \u015eimdi de T\u00fcrab\u00ee oldu.\u201d Yaz\u0131yor ki hayat\u0131n\u0131 bize b\u00f6yle \u00f6zetlerdi. Bunu kendilerinden ka\u00e7 kez dinledim say\u0131s\u0131n\u0131 bilmiyorum. Kendilerinden hayatlar\u0131nda etti\u011fim istifade mis\u00fcll\u00fc ne zaman kabrine gidip te onu ziyaret etsem derin bir huzur hali bulurum. Rabbime etti\u011fim dualar beni s\u00fcrura gark eder. Sizler de Kastamonu\u2019da onu m\u00fcbarek kabrinde ziyaret ederseniz bu hakikata \u015fahit olursunuz. Yaln\u0131z bir \u015fey var, onu s\u00f6ylemeliyim: Bizler kabir ziyaret etmeyiz! Orada yatan zat\u0131 ziyaret ederiz. \u015eimdi sizleri kitab\u0131m ile ba\u015f ba\u015fa b\u0131rak\u0131yor ve her \u015feyi imana ve Kur\u2019an\u2019a hizmete vesile k\u0131lanlara selam olsun, diyorum. \u0130n\u015faallah necip milletimizin asil evlatlar\u0131 bu kitab\u0131mdan azami derecede istifade ederler. Zihninize, kalbinize, tefekk\u00fcr d\u00fcnyan\u0131za at\u0131fetler ve afiyetler olsun. Kemal-i H\u00fcrmetlerimle\u2026 <\/p>\n","protected":false},"excerpt":{"rendered":"<p>Ben y\u00fcksek tahsilimi Kastamonu\u2019da yapt\u0131m. O b\u00fcy\u00fck kutub vefat etti\u011finde yine Kastamonu\u2019da stajyer \u00f6\u011fretmendim. \u00dcniversite hayat\u0131m m\u00fcddetince Zat-\u0131 alilerini defalarca kez ziyaret ettim. Cuma g\u00fcnleri de<span class=\"excerpt-hellip\"> [\u2026]<\/span><\/p>\n","protected":false},"featured_media":0,"template":"","meta":{"_monsterinsights_skip_tracking":false,"_monsterinsights_sitenote_active":false,"_monsterinsights_sitenote_note":"","_monsterinsights_sitenote_category":0},"product_brand":[],"product_cat":[18094,12718,12719],"product_tag":[],"class_list":{"0":"post-769001","1":"product","2":"type-product","3":"status-publish","5":"product_cat-biyografi-otobiyografi-islam","6":"product_cat-din","7":"product_cat-islam","8":"pa_cilt-ciltsiz","9":"pa_tur-kitap","10":"pa_yayinevi-gulnar-yayinlari","11":"pa_yazar-yilmaz-yenidinc","13":"first","14":"instock","15":"sale","16":"shipping-taxable","17":"purchasable","18":"product-type-simple"},"_links":{"self":[{"href":"https:\/\/roveyayinevi.com.tr\/index.php\/wp-json\/wp\/v2\/product\/769001","targetHints":{"allow":["GET"]}}],"collection":[{"href":"https:\/\/roveyayinevi.com.tr\/index.php\/wp-json\/wp\/v2\/product"}],"about":[{"href":"https:\/\/roveyayinevi.com.tr\/index.php\/wp-json\/wp\/v2\/types\/product"}],"wp:attachment":[{"href":"https:\/\/roveyayinevi.com.tr\/index.php\/wp-json\/wp\/v2\/media?parent=769001"}],"wp:term":[{"taxonomy":"product_brand","embeddable":true,"href":"https:\/\/roveyayinevi.com.tr\/index.php\/wp-json\/wp\/v2\/product_brand?post=769001"},{"taxonomy":"product_cat","embeddable":true,"href":"https:\/\/roveyayinevi.com.tr\/index.php\/wp-json\/wp\/v2\/product_cat?post=769001"},{"taxonomy":"product_tag","embeddable":true,"href":"https:\/\/roveyayinevi.com.tr\/index.php\/wp-json\/wp\/v2\/product_tag?post=769001"}],"curies":[{"name":"wp","href":"https:\/\/api.w.org\/{rel}","templated":true}]}}