{"id":768983,"date":"2025-08-28T13:38:18","date_gmt":"2025-08-28T10:38:18","guid":{"rendered":"https:\/\/roveyayinevi.com.tr\/index.php\/urun\/islam-hukukunda-enflasyon-farki\/"},"modified":"2026-04-15T03:34:56","modified_gmt":"2026-04-15T00:34:56","slug":"islam-hukukunda-enflasyon-farki","status":"publish","type":"product","link":"https:\/\/roveyayinevi.com.tr\/index.php\/urun\/islam-hukukunda-enflasyon-farki\/","title":{"rendered":"\u0130slam Hukukunda Enflasyon Fark\u0131"},"content":{"rendered":"<p>Ortaya \u00e7\u0131k\u0131\u015f\u0131 alt\u0131n ve g\u00fcm\u00fc\u015f gibi madeni paralara g\u00f6re \u00e7ok daha yeni olan k\u00e2\u011f\u0131t paran\u0131n \u0130sl\u00e2m hukukuna g\u00f6re mahiyeti hal\u00e2 belirsizli\u011fini korumaktad\u0131r. Bununla birlikte para olay\u0131 olan enflasyon, toplumda bir canavar olarak nitelendirilmekte ve hukuki, iktisadi, siyasi ve sosyal alanlarda ciddi zararlara sebep olmaktad\u0131r. Enflasyon nedeniyle paran\u0131n de\u011fer kayb\u0131na u\u011framas\u0131nda nominal olarak e\u015fit fakat reel olarak birbirine denk olmayan banknotlarla yap\u0131lan \u00f6demeler, borcun tam anlam\u0131yla \u00f6denip \u00f6denmedi\u011fi sorusunu g\u00fcndeme getirmektedir. Bu do\u011frultuda \u201cenflasyon fark\u0131 faiz midir, enflasyon oran\u0131 alt\u0131ndaki faiz caiz midir ve k\u00e2\u011f\u0131t paran\u0131n f\u0131kh\u00ee mahiyeti nedir?\u201d gibi \u00e7a\u011f\u0131n \u00f6nemli sorular\u0131na cevap bulabilece\u011finiz bu eserde, k\u00e2\u011f\u0131t para ve enflasyonun f\u0131kh\u00ee mahiyeti analiz edilmi\u015f ve enflasyonist ekonomilerde cinsi para olan bor\u00e7lar\u0131n \u0130sl\u00e2m hukukuna uygun olarak nas\u0131l \u00f6denmesi gerekti\u011fine ili\u015fkin detayl\u0131 bir de\u011ferlendirme yap\u0131lm\u0131\u015ft\u0131r. <\/p>\n","protected":false},"excerpt":{"rendered":"<p>Ortaya \u00e7\u0131k\u0131\u015f\u0131 alt\u0131n ve g\u00fcm\u00fc\u015f gibi madeni paralara g\u00f6re \u00e7ok daha yeni olan k\u00e2\u011f\u0131t paran\u0131n \u0130sl\u00e2m hukukuna g\u00f6re mahiyeti hal\u00e2 belirsizli\u011fini korumaktad\u0131r. Bununla birlikte para olay\u0131<span class=\"excerpt-hellip\"> [\u2026]<\/span><\/p>\n","protected":false},"featured_media":0,"template":"","meta":{"_monsterinsights_skip_tracking":false,"_monsterinsights_sitenote_active":false,"_monsterinsights_sitenote_note":"","_monsterinsights_sitenote_category":0},"product_brand":[],"product_cat":[13036,12718,12719],"product_tag":[],"class_list":{"0":"post-768983","1":"product","2":"type-product","3":"status-publish","5":"product_cat-arastirma-inceleme-islam","6":"product_cat-din","7":"product_cat-islam","8":"pa_cilt-ciltsiz","9":"pa_tur-kitap","10":"pa_yayinevi-astana-yayinlari","11":"pa_yazar-oguzhan-kundak","13":"first","14":"instock","15":"sale","16":"shipping-taxable","17":"purchasable","18":"product-type-simple"},"_links":{"self":[{"href":"https:\/\/roveyayinevi.com.tr\/index.php\/wp-json\/wp\/v2\/product\/768983","targetHints":{"allow":["GET"]}}],"collection":[{"href":"https:\/\/roveyayinevi.com.tr\/index.php\/wp-json\/wp\/v2\/product"}],"about":[{"href":"https:\/\/roveyayinevi.com.tr\/index.php\/wp-json\/wp\/v2\/types\/product"}],"wp:attachment":[{"href":"https:\/\/roveyayinevi.com.tr\/index.php\/wp-json\/wp\/v2\/media?parent=768983"}],"wp:term":[{"taxonomy":"product_brand","embeddable":true,"href":"https:\/\/roveyayinevi.com.tr\/index.php\/wp-json\/wp\/v2\/product_brand?post=768983"},{"taxonomy":"product_cat","embeddable":true,"href":"https:\/\/roveyayinevi.com.tr\/index.php\/wp-json\/wp\/v2\/product_cat?post=768983"},{"taxonomy":"product_tag","embeddable":true,"href":"https:\/\/roveyayinevi.com.tr\/index.php\/wp-json\/wp\/v2\/product_tag?post=768983"}],"curies":[{"name":"wp","href":"https:\/\/api.w.org\/{rel}","templated":true}]}}