{"id":768946,"date":"2025-08-28T13:37:10","date_gmt":"2025-08-28T10:37:10","guid":{"rendered":"https:\/\/roveyayinevi.com.tr\/index.php\/urun\/saglikta-kalite-standartlari-cercevesinde-ayaktan-tedavi-hizmeti-alan-hastalarin-deneyimleri\/"},"modified":"2026-04-15T03:34:55","modified_gmt":"2026-04-15T00:34:55","slug":"saglikta-kalite-standartlari-cercevesinde-ayaktan-tedavi-hizmeti-alan-hastalarin-deneyimleri","status":"publish","type":"product","link":"https:\/\/roveyayinevi.com.tr\/index.php\/urun\/saglikta-kalite-standartlari-cercevesinde-ayaktan-tedavi-hizmeti-alan-hastalarin-deneyimleri\/","title":{"rendered":"Sa\u011fl\u0131kta Kalite Standartlar\u0131 \u00c7er\u00e7evesinde Ayaktan Tedavi Hizmeti Alan Hastalar\u0131n Deneyimleri"},"content":{"rendered":"<p>\u0130\u00e7indekiler :   B\u0130R\u0130NC\u0130 B\u00d6L\u00dcM T\u00dcRK\u0130YE\u2019DE SA\u011eLIK S\u0130STEM\u0130   \u0130K\u0130NC\u0130 B\u00d6L\u00dcM SA\u011eLIKTA KAL\u0130TE STANDARTLARI (SKS)   \u00dc\u00c7\u00dcNC\u00dc B\u00d6L\u00dcM SA\u011eLIKTA KAL\u0130TE STANDARTLARI \u00c7ER\u00c7EVES\u0130NDE AYAKTAN TEDAV\u0130 H\u0130ZMET\u0130 ALAN HASTALARA Y\u00d6NEL\u0130K B\u0130R ARA\u015eTIRMA: AYAKTAN HASTALARIN DENEY\u0130MLER\u0130 VE \u00d6ZEL HASTANE TERC\u0130HLER\u0130NE ETK\u0130S\u0130 VE YAKINLARINA TAVS\u0130YE ETME D\u00dcZEYLER\u0130 <\/p>\n","protected":false},"excerpt":{"rendered":"<p>\u0130\u00e7indekiler : B\u0130R\u0130NC\u0130 B\u00d6L\u00dcM T\u00dcRK\u0130YE\u2019DE SA\u011eLIK S\u0130STEM\u0130 \u0130K\u0130NC\u0130 B\u00d6L\u00dcM SA\u011eLIKTA KAL\u0130TE STANDARTLARI (SKS) \u00dc\u00c7\u00dcNC\u00dc B\u00d6L\u00dcM SA\u011eLIKTA KAL\u0130TE STANDARTLARI \u00c7ER\u00c7EVES\u0130NDE AYAKTAN TEDAV\u0130 H\u0130ZMET\u0130 ALAN HASTALARA Y\u00d6NEL\u0130K B\u0130R<span class=\"excerpt-hellip\"> [\u2026]<\/span><\/p>\n","protected":false},"featured_media":0,"template":"","meta":{"_monsterinsights_skip_tracking":false,"_monsterinsights_sitenote_active":false,"_monsterinsights_sitenote_note":"","_monsterinsights_sitenote_category":0},"product_brand":[],"product_cat":[13043],"product_tag":[],"class_list":{"0":"post-768946","1":"product","2":"type-product","3":"status-publish","5":"product_cat-ekonomi","6":"pa_cilt-ciltsiz","7":"pa_tur-kitap","8":"pa_yayinevi-gazi-kitabevi","9":"pa_yazar-mesut-sara","11":"first","12":"instock","13":"sale","14":"shipping-taxable","15":"purchasable","16":"product-type-simple"},"_links":{"self":[{"href":"https:\/\/roveyayinevi.com.tr\/index.php\/wp-json\/wp\/v2\/product\/768946","targetHints":{"allow":["GET"]}}],"collection":[{"href":"https:\/\/roveyayinevi.com.tr\/index.php\/wp-json\/wp\/v2\/product"}],"about":[{"href":"https:\/\/roveyayinevi.com.tr\/index.php\/wp-json\/wp\/v2\/types\/product"}],"wp:attachment":[{"href":"https:\/\/roveyayinevi.com.tr\/index.php\/wp-json\/wp\/v2\/media?parent=768946"}],"wp:term":[{"taxonomy":"product_brand","embeddable":true,"href":"https:\/\/roveyayinevi.com.tr\/index.php\/wp-json\/wp\/v2\/product_brand?post=768946"},{"taxonomy":"product_cat","embeddable":true,"href":"https:\/\/roveyayinevi.com.tr\/index.php\/wp-json\/wp\/v2\/product_cat?post=768946"},{"taxonomy":"product_tag","embeddable":true,"href":"https:\/\/roveyayinevi.com.tr\/index.php\/wp-json\/wp\/v2\/product_tag?post=768946"}],"curies":[{"name":"wp","href":"https:\/\/api.w.org\/{rel}","templated":true}]}}