{"id":768943,"date":"2025-08-28T13:37:04","date_gmt":"2025-08-28T10:37:04","guid":{"rendered":"https:\/\/roveyayinevi.com.tr\/index.php\/urun\/noromuhasebe\/"},"modified":"2026-04-15T03:34:55","modified_gmt":"2026-04-15T00:34:55","slug":"noromuhasebe","status":"publish","type":"product","link":"https:\/\/roveyayinevi.com.tr\/index.php\/urun\/noromuhasebe\/","title":{"rendered":"N\u00f6romuhasebe"},"content":{"rendered":"<p>\u0130\u00e7indekiler :   B\u0130R\u0130NC\u0130 B\u00d6L\u00dcM N\u00d6ROMUHASEBEN\u0130N KAVRAMSAL \u00c7ER\u00c7EVES\u0130   \u0130K\u0130NC\u0130 B\u00d6L\u00dcM SOSYAL B\u0130L\u0130MLER PARD\u0130GMALARI VE N\u00d6ROMUHASEBEN\u0130N TEMEL TEOR\u0130K YAPISI   \u00dc\u00c7\u00dcNC\u00dc B\u00d6L\u00dcM N\u00d6ROMUHASEBEN\u0130N ORTAYA \u00c7IKI\u015eI VE D\u0130S\u0130PL\u0130NLERARASI ETK\u0130   D\u00d6RD\u00dcNC\u00dc B\u00d6L\u00dcM N\u00d6ROMUHASEBE ARA\u015eTIRMALARINDA KULLANILAN \u00d6L\u00c7\u00dcM Y\u00d6NTEMLER\u0130 VE TEKN\u0130KLER\u0130   BE\u015e\u0130NC\u0130 B\u00d6L\u00dcM N\u00d6ROMUHASEBE VE F\u0130NANSAL KARAR VERME   ALTINCI B\u00d6L\u00dcM N\u00d6ROMUHASEBE VE Y\u00d6NET\u0130M MUHASEBES\u0130   YED\u0130NC\u0130 B\u00d6L\u00dcM N\u00d6ROMUHASEBE VE F\u0130NANSAL RAPORLAMA   SEK\u0130Z\u0130NC\u0130 B\u00d6L\u00dcM N\u00d6ROMUHASEBE VE DENET\u0130M   SEK\u0130Z\u0130NC\u0130 B\u00d6L\u00dcM N\u00d6ROMUHASEBE VE DENET\u0130M   ONUNCU B\u00d6L\u00dcM N\u00d6ROMUHASEBEDE ET\u0130K HUSUSLAR <\/p>\n","protected":false},"excerpt":{"rendered":"<p>\u0130\u00e7indekiler : B\u0130R\u0130NC\u0130 B\u00d6L\u00dcM N\u00d6ROMUHASEBEN\u0130N KAVRAMSAL \u00c7ER\u00c7EVES\u0130 \u0130K\u0130NC\u0130 B\u00d6L\u00dcM SOSYAL B\u0130L\u0130MLER PARD\u0130GMALARI VE N\u00d6ROMUHASEBEN\u0130N TEMEL TEOR\u0130K YAPISI \u00dc\u00c7\u00dcNC\u00dc B\u00d6L\u00dcM N\u00d6ROMUHASEBEN\u0130N ORTAYA \u00c7IKI\u015eI VE D\u0130S\u0130PL\u0130NLERARASI ETK\u0130 D\u00d6RD\u00dcNC\u00dc<span class=\"excerpt-hellip\"> [\u2026]<\/span><\/p>\n","protected":false},"featured_media":0,"template":"","meta":{"_monsterinsights_skip_tracking":false,"_monsterinsights_sitenote_active":false,"_monsterinsights_sitenote_note":"","_monsterinsights_sitenote_category":0},"product_brand":[],"product_cat":[13043],"product_tag":[],"class_list":{"0":"post-768943","1":"product","2":"type-product","3":"status-publish","5":"product_cat-ekonomi","6":"pa_cilt-ciltsiz","7":"pa_tur-kitap","8":"pa_yayinevi-gazi-kitabevi","9":"pa_yazar-zeliha-sunbul-kocak-hayrettin-usul","11":"first","12":"instock","13":"sale","14":"shipping-taxable","15":"purchasable","16":"product-type-simple"},"_links":{"self":[{"href":"https:\/\/roveyayinevi.com.tr\/index.php\/wp-json\/wp\/v2\/product\/768943","targetHints":{"allow":["GET"]}}],"collection":[{"href":"https:\/\/roveyayinevi.com.tr\/index.php\/wp-json\/wp\/v2\/product"}],"about":[{"href":"https:\/\/roveyayinevi.com.tr\/index.php\/wp-json\/wp\/v2\/types\/product"}],"wp:attachment":[{"href":"https:\/\/roveyayinevi.com.tr\/index.php\/wp-json\/wp\/v2\/media?parent=768943"}],"wp:term":[{"taxonomy":"product_brand","embeddable":true,"href":"https:\/\/roveyayinevi.com.tr\/index.php\/wp-json\/wp\/v2\/product_brand?post=768943"},{"taxonomy":"product_cat","embeddable":true,"href":"https:\/\/roveyayinevi.com.tr\/index.php\/wp-json\/wp\/v2\/product_cat?post=768943"},{"taxonomy":"product_tag","embeddable":true,"href":"https:\/\/roveyayinevi.com.tr\/index.php\/wp-json\/wp\/v2\/product_tag?post=768943"}],"curies":[{"name":"wp","href":"https:\/\/api.w.org\/{rel}","templated":true}]}}