{"id":768931,"date":"2025-08-28T13:36:45","date_gmt":"2025-08-28T10:36:45","guid":{"rendered":"https:\/\/roveyayinevi.com.tr\/index.php\/urun\/plasebo-sensin\/"},"modified":"2026-04-11T14:37:32","modified_gmt":"2026-04-11T11:37:32","slug":"plasebo-sensin","status":"publish","type":"product","link":"https:\/\/roveyayinevi.com.tr\/index.php\/urun\/plasebo-sensin\/","title":{"rendered":"Plasebo Sensin"},"content":{"rendered":"<p>Herhangi bir ila\u00e7 kullanmadan veya ameliyat olmadan yaln\u0131zca d\u00fc\u015f\u00fcnceyle iyile\u015fmek m\u00fcmk\u00fcn m\u00fc? Ger\u00e7ek \u015fu ki bu durum d\u00fc\u015f\u00fcnd\u00fc\u011f\u00fcm\u00fczden daha s\u0131k ger\u00e7ekle\u015fiyor. Dr. Joe Dispenza bu kitapta, plasebo etkisiyle kanseri, kalp hastal\u0131\u011f\u0131n\u0131, depresyonu, artriti ve hatta Parkinson hastal\u0131\u011f\u0131n\u0131n titremelerini iyile\u015ftiren \u00e7ok say\u0131da vaka payla\u015f\u0131yor. Dr. Dispenza, plasebo etkisinin tarihine ve fizyolojisine yer vererek \u015fu soruyu soruyor: \u201cPlasebonun ilkelerini \u00f6\u011freterek, herhangi bir d\u0131\u015f kayna\u011fa g\u00fcvenmeden bir ki\u015fi sa\u011fl\u0131\u011f\u0131nda ve nihayetinde hayat\u0131nda olumlu de\u011fi\u015fiklikler ger\u00e7ekle\u015ftirilebilir mi?\u201d   N\u00f6robilim, biyoloji, psikoloji, hipnoz, davran\u0131\u015fsal ko\u015fulland\u0131rma ve kuantum fizi\u011findeki en son ara\u015ft\u0131rmalar\u0131 bir araya getirerek plasebo etkisinin i\u015fleyi\u015fini a\u00e7\u0131klayan yazar, bizi geride tutan eski inan\u00e7 ve alg\u0131lar\u0131m\u0131z\u0131 de\u011fi\u015ftirerek hem sa\u011fl\u0131\u011f\u0131m\u0131z\u0131 hem de ya\u015fam\u0131m\u0131z\u0131 nas\u0131l \u015fifaland\u0131raca\u011f\u0131m\u0131z\u0131 ve g\u00f6r\u00fcn\u00fc\u015fte imk\u00e2ns\u0131z olan\u0131n nas\u0131l m\u00fcmk\u00fcn olabilece\u011fini g\u00f6steriyor.   D\u00fc\u015f\u00fcncelerin ve zihnin ne kadar g\u00fc\u00e7l\u00fc oldu\u011funu g\u00f6r\u00fcnce \u015fa\u015f\u0131racaks\u0131n\u0131z.   \u201cHayatlar\u0131n\u0131 zorla\u015ft\u0131ran hastal\u0131klar\u0131 olan hastalarla ya\u015fad\u0131\u011f\u0131m deneyimlerle ilgili olarak Plasebo Sensin&#8217;de payla\u015f\u0131lan ger\u00e7e\u011fi \u00f6\u011frendim. Beden, zihnin inand\u0131\u011f\u0131 \u015feyi deneyimler. Hepimizin i\u00e7inde kendi kendini iyile\u015ftirme potansiyeli var. \u00d6nemli olan, potansiyelinize nas\u0131l ula\u015faca\u011f\u0131n\u0131z\u0131 bilmek. Okuyun ve \u00f6\u011frenin.\u201d \u2014 Bernie Siegel, t\u0131p doktoru ve yazar     Dr. Joe Dispenza otuzdan fazla \u00fclkede konu\u015fma yapmak \u00fczere davet edilen uluslararas\u0131 bir konu\u015fmac\u0131, ara\u015ft\u0131rmac\u0131, kurumsal dan\u0131\u015fman, yazar ve e\u011fitmendir. Kitaplar\u0131 onlarca dilde milyonlarca okura ula\u015fm\u0131\u015ft\u0131r. Quantum \u00dcniversitesi, Omega Holistik Ara\u015ft\u0131rmalar Enstit\u00fcs\u00fc ile Kripalu Yoga ve Sa\u011fl\u0131k Merkezi \u00f6\u011fretim \u00fcyesidir.<\/p>\n","protected":false},"excerpt":{"rendered":"<p>Herhangi bir ila\u00e7 kullanmadan veya ameliyat olmadan yaln\u0131zca d\u00fc\u015f\u00fcnceyle iyile\u015fmek m\u00fcmk\u00fcn m\u00fc? Ger\u00e7ek \u015fu ki bu durum d\u00fc\u015f\u00fcnd\u00fc\u011f\u00fcm\u00fczden daha s\u0131k ger\u00e7ekle\u015fiyor. Dr. Joe Dispenza bu kitapta,<span class=\"excerpt-hellip\"> [\u2026]<\/span><\/p>\n","protected":false},"featured_media":0,"template":"","meta":{"_monsterinsights_skip_tracking":false,"_monsterinsights_sitenote_active":false,"_monsterinsights_sitenote_note":"","_monsterinsights_sitenote_category":0},"product_brand":[],"product_cat":[12364,12376],"product_tag":[],"class_list":{"0":"post-768931","1":"product","2":"type-product","3":"status-publish","5":"product_cat-genel-konular","6":"product_cat-kisisel-gelisim","7":"pa_cilt-ciltsiz","8":"pa_tur-kitap","9":"pa_yayinevi-diyojen-yayincilik","10":"pa_yazar-joe-dispenza","12":"first","13":"instock","14":"sale","15":"shipping-taxable","16":"purchasable","17":"product-type-simple"},"_links":{"self":[{"href":"https:\/\/roveyayinevi.com.tr\/index.php\/wp-json\/wp\/v2\/product\/768931","targetHints":{"allow":["GET"]}}],"collection":[{"href":"https:\/\/roveyayinevi.com.tr\/index.php\/wp-json\/wp\/v2\/product"}],"about":[{"href":"https:\/\/roveyayinevi.com.tr\/index.php\/wp-json\/wp\/v2\/types\/product"}],"wp:attachment":[{"href":"https:\/\/roveyayinevi.com.tr\/index.php\/wp-json\/wp\/v2\/media?parent=768931"}],"wp:term":[{"taxonomy":"product_brand","embeddable":true,"href":"https:\/\/roveyayinevi.com.tr\/index.php\/wp-json\/wp\/v2\/product_brand?post=768931"},{"taxonomy":"product_cat","embeddable":true,"href":"https:\/\/roveyayinevi.com.tr\/index.php\/wp-json\/wp\/v2\/product_cat?post=768931"},{"taxonomy":"product_tag","embeddable":true,"href":"https:\/\/roveyayinevi.com.tr\/index.php\/wp-json\/wp\/v2\/product_tag?post=768931"}],"curies":[{"name":"wp","href":"https:\/\/api.w.org\/{rel}","templated":true}]}}