{"id":768928,"date":"2025-08-28T13:36:42","date_gmt":"2025-08-28T10:36:42","guid":{"rendered":"https:\/\/roveyayinevi.com.tr\/index.php\/urun\/kamu-tercihi-analizi\/"},"modified":"2026-04-15T03:34:54","modified_gmt":"2026-04-15T00:34:54","slug":"kamu-tercihi-analizi","status":"publish","type":"product","link":"https:\/\/roveyayinevi.com.tr\/index.php\/urun\/kamu-tercihi-analizi\/","title":{"rendered":"Kamu Tercihi Analizi"},"content":{"rendered":"<p>\u0130\u00e7indekiler :   Birinci B\u00f6l\u00fcm Kamu Tercihi Teoremi ve Devlete Bak\u0131\u015f   \u0130kinci B\u00f6l\u00fcm Kamu Kesimi Ba\u015far\u0131s\u0131zl\u0131klar\u0131: Siyasal Arz Cephesi   \u00dc\u00e7\u00fcnc\u00fc B\u00f6l\u00fcm Kamu Kesimi Ba\u015far\u0131s\u0131zl\u0131klar\u0131: Siyasal Talep Cephesi   D\u00f6rd\u00fcnc\u00fc B\u00f6l\u00fcm Kamu Kesimi Ba\u015far\u0131s\u0131zl\u0131klar\u0131: Siyasal Arz-Talep \u0130li\u015fkisi ve Oylama S\u00fcreci   Be\u015finci B\u00f6l\u00fcm Kamu Kesimi Ba\u015far\u0131s\u0131zl\u0131klar\u0131: Kamu Kesiminin \u0130\u015fleyi\u015f Aksakl\u0131klar\u0131   Alt\u0131nc\u0131 B\u00f6l\u00fcm Kamu Kesimi Hacmi, Y\u00f6netimi ve Performans\u0131na \u0130li\u015fkin \u00c7e\u015fitli G\u00f6stergeler       Yedinci B\u00f6l\u00fcm Kamusal Ba\u015far\u0131s\u0131zl\u0131klara \u00c7\u00f6z\u00fcm \u00d6nerileri <\/p>\n","protected":false},"excerpt":{"rendered":"<p>\u0130\u00e7indekiler : Birinci B\u00f6l\u00fcm Kamu Tercihi Teoremi ve Devlete Bak\u0131\u015f \u0130kinci B\u00f6l\u00fcm Kamu Kesimi Ba\u015far\u0131s\u0131zl\u0131klar\u0131: Siyasal Arz Cephesi \u00dc\u00e7\u00fcnc\u00fc B\u00f6l\u00fcm Kamu Kesimi Ba\u015far\u0131s\u0131zl\u0131klar\u0131: Siyasal Talep Cephesi<span class=\"excerpt-hellip\"> [\u2026]<\/span><\/p>\n","protected":false},"featured_media":0,"template":"","meta":{"_monsterinsights_skip_tracking":false,"_monsterinsights_sitenote_active":false,"_monsterinsights_sitenote_note":"","_monsterinsights_sitenote_category":0},"product_brand":[],"product_cat":[13043],"product_tag":[],"class_list":{"0":"post-768928","1":"product","2":"type-product","3":"status-publish","5":"product_cat-ekonomi","6":"pa_cilt-ciltsiz","7":"pa_tur-kitap","8":"pa_yayinevi-gazi-kitabevi","9":"pa_yazar-ersin-yavuz-sevinc-yarasir-tulumce","11":"first","12":"instock","13":"sale","14":"shipping-taxable","15":"purchasable","16":"product-type-simple"},"_links":{"self":[{"href":"https:\/\/roveyayinevi.com.tr\/index.php\/wp-json\/wp\/v2\/product\/768928","targetHints":{"allow":["GET"]}}],"collection":[{"href":"https:\/\/roveyayinevi.com.tr\/index.php\/wp-json\/wp\/v2\/product"}],"about":[{"href":"https:\/\/roveyayinevi.com.tr\/index.php\/wp-json\/wp\/v2\/types\/product"}],"wp:attachment":[{"href":"https:\/\/roveyayinevi.com.tr\/index.php\/wp-json\/wp\/v2\/media?parent=768928"}],"wp:term":[{"taxonomy":"product_brand","embeddable":true,"href":"https:\/\/roveyayinevi.com.tr\/index.php\/wp-json\/wp\/v2\/product_brand?post=768928"},{"taxonomy":"product_cat","embeddable":true,"href":"https:\/\/roveyayinevi.com.tr\/index.php\/wp-json\/wp\/v2\/product_cat?post=768928"},{"taxonomy":"product_tag","embeddable":true,"href":"https:\/\/roveyayinevi.com.tr\/index.php\/wp-json\/wp\/v2\/product_tag?post=768928"}],"curies":[{"name":"wp","href":"https:\/\/api.w.org\/{rel}","templated":true}]}}