{"id":768923,"date":"2025-08-28T13:36:32","date_gmt":"2025-08-28T10:36:32","guid":{"rendered":"https:\/\/roveyayinevi.com.tr\/index.php\/urun\/istanbulin-2\/"},"modified":"2026-04-15T03:34:54","modified_gmt":"2026-04-15T00:34:54","slug":"istanbulin-2","status":"publish","type":"product","link":"https:\/\/roveyayinevi.com.tr\/index.php\/urun\/istanbulin-2\/","title":{"rendered":"\u0130stanbulin"},"content":{"rendered":"<p>\u0130stanbul\u2019un hem co\u011frafyas\u0131n\u0131n, hem tarihinin i\u00e7inden dikkatli bir hayalet gibi ge\u00e7en bu modern Evliya \u00c7elebi\u2019nin s\u0131rr\u0131 nedir? Antik\u00e7a\u011f kentlerinden bilim-kurgu \u00fclkelerine uzanan \u00f6zel opti\u011fiyle hik\u00e2yelerinden tan\u0131d\u0131\u011f\u0131m\u0131z Orhan Duru bize yepyeni bir \u0130stanbul haritas\u0131 \u00e7iziyor.<\/p>\n","protected":false},"excerpt":{"rendered":"<p>\u0130stanbul\u2019un hem co\u011frafyas\u0131n\u0131n, hem tarihinin i\u00e7inden dikkatli bir hayalet gibi ge\u00e7en bu modern Evliya \u00c7elebi\u2019nin s\u0131rr\u0131 nedir? Antik\u00e7a\u011f kentlerinden bilim-kurgu \u00fclkelerine uzanan \u00f6zel opti\u011fiyle hik\u00e2yelerinden tan\u0131d\u0131\u011f\u0131m\u0131z<span class=\"excerpt-hellip\"> [\u2026]<\/span><\/p>\n","protected":false},"featured_media":0,"template":"","meta":{"_monsterinsights_skip_tracking":false,"_monsterinsights_sitenote_active":false,"_monsterinsights_sitenote_note":"","_monsterinsights_sitenote_category":0},"product_brand":[],"product_cat":[12777,12291],"product_tag":[],"class_list":{"0":"post-768923","1":"product","2":"type-product","3":"status-publish","5":"product_cat-deneme","6":"product_cat-edebiyat","7":"pa_cilt-ciltsiz","8":"pa_tur-kitap","9":"pa_yayinevi-yapi-kredi-yayinlari","10":"pa_yazar-orhan-duru","12":"first","13":"instock","14":"sale","15":"shipping-taxable","16":"purchasable","17":"product-type-simple"},"_links":{"self":[{"href":"https:\/\/roveyayinevi.com.tr\/index.php\/wp-json\/wp\/v2\/product\/768923","targetHints":{"allow":["GET"]}}],"collection":[{"href":"https:\/\/roveyayinevi.com.tr\/index.php\/wp-json\/wp\/v2\/product"}],"about":[{"href":"https:\/\/roveyayinevi.com.tr\/index.php\/wp-json\/wp\/v2\/types\/product"}],"wp:attachment":[{"href":"https:\/\/roveyayinevi.com.tr\/index.php\/wp-json\/wp\/v2\/media?parent=768923"}],"wp:term":[{"taxonomy":"product_brand","embeddable":true,"href":"https:\/\/roveyayinevi.com.tr\/index.php\/wp-json\/wp\/v2\/product_brand?post=768923"},{"taxonomy":"product_cat","embeddable":true,"href":"https:\/\/roveyayinevi.com.tr\/index.php\/wp-json\/wp\/v2\/product_cat?post=768923"},{"taxonomy":"product_tag","embeddable":true,"href":"https:\/\/roveyayinevi.com.tr\/index.php\/wp-json\/wp\/v2\/product_tag?post=768923"}],"curies":[{"name":"wp","href":"https:\/\/api.w.org\/{rel}","templated":true}]}}